{"id":23779,"date":"2025-10-21T15:35:25","date_gmt":"2025-10-21T13:35:25","guid":{"rendered":"https:\/\/serveiseducatius.xtec.cat\/vallesoriental4\/?page_id=23779"},"modified":"2025-11-06T12:12:54","modified_gmt":"2025-11-06T11:12:54","slug":"metodologies-actives","status":"publish","type":"page","link":"https:\/\/serveiseducatius.xtec.cat\/vallesoriental4\/metodologies-actives\/","title":{"rendered":"Metodologies actives"},"content":{"rendered":"\n<p>En aquest apartat trobareu material relacionat amb l&#8217;\u00e0mbit de Metodologies actives:<\/p>\n\n\n\n<p class=\"has-ast-global-color-1-color has-text-color has-link-color wp-elements-f4c7caa476604aaea8f23d0745afa9b5\"><a href=\"https:\/\/docs.google.com\/spreadsheets\/d\/1x3fg49uDZmDIVh6q2OhwU3bCuMXm4zruPNv3o5fZfsk\/edit?gid=413705089#gid=413705089\" target=\"_blank\" rel=\"noreferrer noopener\">Enlla\u00e7 directe al servei de pr\u00e9stec<\/a><\/p>\n\n\n\n<ul class=\"wp-block-list\">\n<li class=\"has-black-color has-text-color has-link-color wp-elements-efe74b0e65e977172c62937a53c5bed4\"><\/li>\n\n\n\n<li class=\"has-black-color has-text-color has-link-color wp-elements-19cc78b78358915ce987f435d305aee6\"><a href=\"https:\/\/projectes.xtec.cat\/secrp\/portada\/maleta-pedagogica-expressart\/\" target=\"_blank\" rel=\"noreferrer noopener\">Maleta EXPRESSART<\/a><\/li>\n\n\n\n<li class=\"has-black-color has-text-color has-link-color wp-elements-6459fd190dee637fbed92978ddcdae10\"><a href=\"https:\/\/heartandart.ca\/breakout-edu\/\" target=\"_blank\" rel=\"noreferrer noopener\">Breakout<\/a> (Caixa blava)<\/li>\n\n\n\n<li class=\"has-black-color has-text-color has-link-color wp-elements-30331422db21afd2773636e36356c29e\"><a href=\"https:\/\/heartandart.ca\/breakout-edu\/\" target=\"_blank\" rel=\"noreferrer noopener\">Breakout <\/a>(Caixa negra)<\/li>\n\n\n\n<li class=\"has-black-color has-text-color has-link-color wp-elements-0f6f433348c032a7f62010db3b3945e7\"><a href=\"https:\/\/cayro.es\/producto\/mikado-gigante\/\" target=\"_blank\" rel=\"noreferrer noopener\">Mikado gegant<\/a><\/li>\n\n\n\n<li class=\"has-black-color has-text-color has-link-color wp-elements-b859f1d8d7e307b647565173700f708c\"><a href=\"http:\/\/www.xtec.cat\/se-baixllobregat4\/zonatic\/parac1.htm\" target=\"_blank\" rel=\"noreferrer noopener\">Paracaigudes gegant <\/a><\/li>\n<\/ul>\n\n\n\n<figure class=\"wp-block-table alignwide is-style-stripes\"><table><thead><tr><th class=\"has-text-align-center\" data-align=\"center\">Imatge<\/th><th>Descripci\u00f3 del recurs<\/th><\/tr><\/thead><tbody><tr><td class=\"has-text-align-center\" data-align=\"center\"><img loading=\"lazy\" decoding=\"async\" width=\"200\" height=\"139\" class=\"wp-image-23907\" style=\"width: 200px;\" src=\"https:\/\/serveiseducatius.xtec.cat\/vallesoriental4\/wp-content\/uploads\/usu1133\/2025\/11\/Captura-1.jpg\" alt=\"\"><\/td><td><a href=\"https:\/\/harmony-games.com\/gots-musicals-uns-gots-amb-molt-de-ritme\/\" target=\"_blank\" rel=\"noreferrer noopener\">Gots musicals<\/a> (18 unitats)<\/td><\/tr><tr><td class=\"has-text-align-center\" data-align=\"center\"><\/td><td><\/td><\/tr><tr><td class=\"has-text-align-center\" data-align=\"center\"><\/td><td><\/td><\/tr><tr><td class=\"has-text-align-center\" data-align=\"center\"><\/td><td><\/td><\/tr><tr><td class=\"has-text-align-center\" data-align=\"center\"><\/td><td><\/td><\/tr><tr><td class=\"has-text-align-center\" data-align=\"center\"><\/td><td><\/td><\/tr><tr><td class=\"has-text-align-center\" data-align=\"center\"><\/td><td><\/td><\/tr><tr><td class=\"has-text-align-center\" data-align=\"center\"><\/td><td><\/td><\/tr><tr><td class=\"has-text-align-center\" data-align=\"center\"><\/td><td><\/td><\/tr><tr><td class=\"has-text-align-center\" data-align=\"center\"><\/td><td><\/td><\/tr><tr><td class=\"has-text-align-center\" data-align=\"center\"><\/td><td><\/td><\/tr><\/tbody><\/table><\/figure>\n\n\n\n<p><\/p>\n","protected":false},"excerpt":{"rendered":"<p>En aquest apartat trobareu material relacionat amb l&#8217;\u00e0mbit de Metodologies actives: Enlla\u00e7 directe al servei de pr\u00e9stec Imatge Descripci\u00f3 del recurs Gots musicals (18 unitats)<\/p>\n","protected":false},"author":1,"featured_media":0,"parent":0,"menu_order":0,"comment_status":"closed","ping_status":"close","template":"","meta":{"_bbp_topic_count":0,"_bbp_reply_count":0,"_bbp_total_topic_count":0,"_bbp_total_reply_count":0,"_bbp_voice_count":0,"_bbp_anonymous_reply_count":0,"_bbp_topic_count_hidden":0,"_bbp_reply_count_hidden":0,"_bbp_forum_subforum_count":0,"site-sidebar-layout":"default","site-content-layout":"","ast-site-content-layout":"default","site-content-style":"default","site-sidebar-style":"default","ast-global-header-display":"","ast-banner-title-visibility":"","ast-main-header-display":"","ast-hfb-above-header-display":"","ast-hfb-below-header-display":"","ast-hfb-mobile-header-display":"","site-post-title":"","ast-breadcrumbs-content":"","ast-featured-img":"","footer-sml-layout":"","theme-transparent-header-meta":"","adv-header-id-meta":"","stick-header-meta":"","header-above-stick-meta":"","header-main-stick-meta":"","header-below-stick-meta":"","astra-migrate-meta-layouts":"set","ast-page-background-enabled":"default","ast-page-background-meta":{"desktop":{"background-color":"var(--ast-global-color-4)","background-image":"","background-repeat":"repeat","background-position":"center center","background-size":"auto","background-attachment":"scroll","background-type":"","background-media":"","overlay-type":"","overlay-color":"","overlay-opacity":"","overlay-gradient":""},"tablet":{"background-color":"","background-image":"","background-repeat":"repeat","background-position":"center center","background-size":"auto","background-attachment":"scroll","background-type":"","background-media":"","overlay-type":"","overlay-color":"","overlay-opacity":"","overlay-gradient":""},"mobile":{"background-color":"","background-image":"","background-repeat":"repeat","background-position":"center center","background-size":"auto","background-attachment":"scroll","background-type":"","background-media":"","overlay-type":"","overlay-color":"","overlay-opacity":"","overlay-gradient":""}},"ast-content-background-meta":{"desktop":{"background-color":"var(--ast-global-color-5)","background-image":"","background-repeat":"repeat","background-position":"center center","background-size":"auto","background-attachment":"scroll","background-type":"","background-media":"","overlay-type":"","overlay-color":"","overlay-opacity":"","overlay-gradient":""},"tablet":{"background-color":"var(--ast-global-color-5)","background-image":"","background-repeat":"repeat","background-position":"center center","background-size":"auto","background-attachment":"scroll","background-type":"","background-media":"","overlay-type":"","overlay-color":"","overlay-opacity":"","overlay-gradient":""},"mobile":{"background-color":"var(--ast-global-color-5)","background-image":"","background-repeat":"repeat","background-position":"center center","background-size":"auto","background-attachment":"scroll","background-type":"","background-media":"","overlay-type":"","overlay-color":"","overlay-opacity":"","overlay-gradient":""}},"footnotes":""},"class_list":["post-23779","page","type-page","status-publish","hentry"],"post_mailing_queue_ids":[],"_links":{"self":[{"href":"https:\/\/serveiseducatius.xtec.cat\/vallesoriental4\/wp-json\/wp\/v2\/pages\/23779","targetHints":{"allow":["GET"]}}],"collection":[{"href":"https:\/\/serveiseducatius.xtec.cat\/vallesoriental4\/wp-json\/wp\/v2\/pages"}],"about":[{"href":"https:\/\/serveiseducatius.xtec.cat\/vallesoriental4\/wp-json\/wp\/v2\/types\/page"}],"author":[{"embeddable":true,"href":"https:\/\/serveiseducatius.xtec.cat\/vallesoriental4\/wp-json\/wp\/v2\/users\/1"}],"replies":[{"embeddable":true,"href":"https:\/\/serveiseducatius.xtec.cat\/vallesoriental4\/wp-json\/wp\/v2\/comments?post=23779"}],"version-history":[{"count":6,"href":"https:\/\/serveiseducatius.xtec.cat\/vallesoriental4\/wp-json\/wp\/v2\/pages\/23779\/revisions"}],"predecessor-version":[{"id":23989,"href":"https:\/\/serveiseducatius.xtec.cat\/vallesoriental4\/wp-json\/wp\/v2\/pages\/23779\/revisions\/23989"}],"wp:attachment":[{"href":"https:\/\/serveiseducatius.xtec.cat\/vallesoriental4\/wp-json\/wp\/v2\/media?parent=23779"}],"curies":[{"name":"wp","href":"https:\/\/api.w.org\/{rel}","templated":true}]}}