{"id":19704,"date":"2023-06-20T12:23:08","date_gmt":"2023-06-20T10:23:08","guid":{"rendered":"https:\/\/serveiseducatius.xtec.cat\/vallesoriental4\/?page_id=19704"},"modified":"2025-10-06T12:05:01","modified_gmt":"2025-10-06T10:05:01","slug":"escoles-bressol","status":"publish","type":"page","link":"https:\/\/serveiseducatius.xtec.cat\/vallesoriental4\/comunitat\/centres-educatius\/escoles-bressol\/","title":{"rendered":"Escoles Bressol"},"content":{"rendered":"<p>&nbsp;<\/p>\n<table class=\" aligncenter\" style=\"width: 83.7767%; border-collapse: collapse; height: 608px;\">\n<tbody>\n<tr style=\"height: 176px;\">\n<td style=\"width: 14.0471%; text-align: center; vertical-align: middle; height: 176px;\">&nbsp;<\/p>\n<p><strong>EL FIGAR\u00d3<\/strong><\/p>\n<p><a href=\"https:\/\/www.figaro-montmany.cat\/municipi\/35-equipaments\/escola-bressol-municipal-el-fanalet.html\">EBM EL FANALET<\/a> <a href=\"https:\/\/www.instagram.com\/ebm.fanalet\/\">(Instagram)<\/a><\/p>\n<p>&nbsp;<\/td>\n<td style=\"width: 16.8401%; text-align: center; vertical-align: middle; height: 176px;\">&nbsp;<\/p>\n<p><strong>BIGUES I RIELLS DEL FAI<\/strong><\/p>\n<p><a href=\"https:\/\/www.biguesiriells.cat\/ca\/viure-bir-5\/educacio-2\/escola-bressol-puput-33.htm\" target=\"_blank\" rel=\"noopener\">EBM LA PUPUT<\/a><\/p>\n<p>&nbsp;<\/td>\n<td style=\"width: 14.1125%; text-align: center; vertical-align: middle; height: 176px;\">&nbsp;<\/p>\n<p><strong>LLI\u00c7\u00c0 DE VALL<\/strong><\/p>\n<p><a href=\"http:\/\/elsninots.llissadevall.cat\" target=\"_blank\" rel=\"noopener\">EBM ELS NINOTS<\/a><\/p>\n<p>&nbsp;<\/td>\n<\/tr>\n<tr style=\"height: 216px;\">\n<td style=\"width: 14.0471%; text-align: center; vertical-align: middle; height: 216px;\">&nbsp;<\/p>\n<p><strong>LA GARRIGA<\/strong><\/p>\n<p><a href=\"http:\/\/lescaliues.lagarriga.cat\/\">EBM LES CALIUES<\/a> <a href=\"https:\/\/www.instagram.com\/eblescaliues\/\" target=\"_blank\" rel=\"noopener\">(Instagram)<\/a><\/p>\n<p><a href=\"https:\/\/www.escolasantlluis.cat\/\" target=\"_blank\" rel=\"noopener\">LLA SANT LLU\u00cdS GON\u00c7AGA<\/a><\/p>\n<p>&nbsp;<\/td>\n<td style=\"width: 16.8401%; text-align: center; vertical-align: middle; height: 216px;\">\n<p style=\"font-family: 'Helvetica Neue', Helvetica, Helvetica, Arial, sans-serif; font-size: 14px;\"><strong>CALDES DE MONTBUI<\/strong><\/p>\n<p style=\"font-family: 'Helvetica Neue', Helvetica, Helvetica, Arial, sans-serif; font-size: 14px;\"><a href=\"https:\/\/sites.google.com\/xtec.cat\/ebmlalluna\/p\u00e0gina-principal\" target=\"_blank\" rel=\"noopener\">EBM LA LLUNA<\/a><\/p>\n<p style=\"font-family: 'Helvetica Neue', Helvetica, Helvetica, Arial, sans-serif; font-size: 14px;\"><a href=\"https:\/\/agora.xtec.cat\/ebmgegantdelpi-caldes\/\" target=\"_blank\" rel=\"noopener\">EBM EL GEGANT DEL PI<\/a><\/p>\n<p style=\"font-family: 'Helvetica Neue', Helvetica, Helvetica, Arial, sans-serif; font-size: 14px;\"><a href=\"https:\/\/www.instagram.com\/ampa_peixets\/\" target=\"_blank\" rel=\"noopener\">LLA ELS PEIXETS<\/a><\/p>\n<\/td>\n<td style=\"width: 14.1125%; text-align: center; vertical-align: middle; height: 216px;\"><strong>L&#8217;AMETLLA DEL VALL\u00c8S<\/strong><\/p>\n<p><a href=\"https:\/\/www.ametlla.cat\/el-municipi\/guia-del-municipi\/equipaments\/escola-bressol-municipal-lametller.html\">EBM L&#8217;AMETLLER<\/a><\/p>\n<p><a href=\"https:\/\/www.elcarrilet-escolabressol.cat\/qui-som\" target=\"_blank\" rel=\"noopener\">LLA EL CARRILET<\/a><\/td>\n<\/tr>\n<tr style=\"height: 216px;\">\n<td style=\"width: 14.0471%; text-align: center; vertical-align: middle; height: 216px;\">&nbsp;<\/p>\n<p style=\"font-family: 'Helvetica Neue', Helvetica, Helvetica, Arial, sans-serif; font-size: 14px;\"><strong>LLI\u00c7\u00c0 D&#8217;AMUNT<\/strong><\/p>\n<p style=\"font-family: 'Helvetica Neue', Helvetica, Helvetica, Arial, sans-serif; font-size: 14px;\"><a href=\"https:\/\/www.llicamunt.cat\/equipaments\/escola-bressol-municipal-nova-espurna\" target=\"_blank\" rel=\"noopener\">EBM NOVA ESPURNA<\/a><\/p>\n<p style=\"font-family: 'Helvetica Neue', Helvetica, Helvetica, Arial, sans-serif; font-size: 14px;\"><a href=\"https:\/\/www.llicamunt.cat\/equipaments\/escola-bressol-municipal-palaudaries\">EBM PALAUD\u00c0RIES<\/a><\/p>\n<p>&nbsp;<\/td>\n<td style=\"width: 16.8401%; text-align: center; vertical-align: middle; height: 216px;\"><strong>SANT FELIU DE CODINES<\/strong><\/p>\n<p>&nbsp;<\/p>\n<p><a href=\"https:\/\/www.santfeliudecodines.cat\/sant-feliu-un-poble-viu\/centres-educatius\/escola-bressol-municipal-mestre-jane.html\" target=\"_blank\" rel=\"noopener\">EBM MESTRE JAN\u00c9<\/a><\/td>\n<td style=\"width: 14.1125%; text-align: center; vertical-align: middle; height: 216px;\"><strong>SANTA EUL\u00c0LIA DE RON\u00c7ANA<\/strong><\/p>\n<p><a href=\"https:\/\/www.ser.cat\/santa-eulalia-de-roncana\/equipaments\/escola-bressol-municipal-l-alzina\" target=\"_blank\" rel=\"noopener\">EBM L&#8217;ALZINA<\/a><\/td>\n<\/tr>\n<\/tbody>\n<\/table>\n<p>&nbsp;<\/p>\n<p>&nbsp;<\/p>\n","protected":false},"excerpt":{"rendered":"<p>&nbsp; &nbsp; EL FIGAR\u00d3 EBM EL FANALET (Instagram) &nbsp; &nbsp; BIGUES I RIELLS DEL FAI EBM LA PUPUT &nbsp; &nbsp; LLI\u00c7\u00c0 DE VALL EBM ELS NINOTS &nbsp; &nbsp; LA GARRIGA EBM LES CALIUES (Instagram) LLA SANT LLU\u00cdS GON\u00c7AGA &nbsp; CALDES DE MONTBUI EBM LA LLUNA EBM EL GEGANT DEL PI LLA ELS PEIXETS L&#8217;AMETLLA DEL [&hellip;]<\/p>\n","protected":false},"author":1,"featured_media":0,"parent":338,"menu_order":0,"comment_status":"closed","ping_status":"closed","template":"page-templates\/side-menu.php","meta":{"_bbp_topic_count":0,"_bbp_reply_count":0,"_bbp_total_topic_count":0,"_bbp_total_reply_count":0,"_bbp_voice_count":0,"_bbp_anonymous_reply_count":0,"_bbp_topic_count_hidden":0,"_bbp_reply_count_hidden":0,"_bbp_forum_subforum_count":0,"site-sidebar-layout":"default","site-content-layout":"","ast-site-content-layout":"","site-content-style":"default","site-sidebar-style":"default","ast-global-header-display":"","ast-banner-title-visibility":"","ast-main-header-display":"","ast-hfb-above-header-display":"","ast-hfb-below-header-display":"","ast-hfb-mobile-header-display":"","site-post-title":"","ast-breadcrumbs-content":"","ast-featured-img":"","footer-sml-layout":"","theme-transparent-header-meta":"","adv-header-id-meta":"","stick-header-meta":"","header-above-stick-meta":"","header-main-stick-meta":"","header-below-stick-meta":"","astra-migrate-meta-layouts":"default","ast-page-background-enabled":"default","ast-page-background-meta":{"desktop":{"background-color":"var(--ast-global-color-4)","background-image":"","background-repeat":"repeat","background-position":"center center","background-size":"auto","background-attachment":"scroll","background-type":"","background-media":"","overlay-type":"","overlay-color":"","overlay-opacity":"","overlay-gradient":""},"tablet":{"background-color":"","background-image":"","background-repeat":"repeat","background-position":"center center","background-size":"auto","background-attachment":"scroll","background-type":"","background-media":"","overlay-type":"","overlay-color":"","overlay-opacity":"","overlay-gradient":""},"mobile":{"background-color":"","background-image":"","background-repeat":"repeat","background-position":"center center","background-size":"auto","background-attachment":"scroll","background-type":"","background-media":"","overlay-type":"","overlay-color":"","overlay-opacity":"","overlay-gradient":""}},"ast-content-background-meta":{"desktop":{"background-color":"var(--ast-global-color-5)","background-image":"","background-repeat":"repeat","background-position":"center center","background-size":"auto","background-attachment":"scroll","background-type":"","background-media":"","overlay-type":"","overlay-color":"","overlay-opacity":"","overlay-gradient":""},"tablet":{"background-color":"var(--ast-global-color-5)","background-image":"","background-repeat":"repeat","background-position":"center center","background-size":"auto","background-attachment":"scroll","background-type":"","background-media":"","overlay-type":"","overlay-color":"","overlay-opacity":"","overlay-gradient":""},"mobile":{"background-color":"var(--ast-global-color-5)","background-image":"","background-repeat":"repeat","background-position":"center center","background-size":"auto","background-attachment":"scroll","background-type":"","background-media":"","overlay-type":"","overlay-color":"","overlay-opacity":"","overlay-gradient":""}},"footnotes":""},"class_list":["post-19704","page","type-page","status-publish","hentry"],"post_mailing_queue_ids":[],"_links":{"self":[{"href":"https:\/\/serveiseducatius.xtec.cat\/vallesoriental4\/wp-json\/wp\/v2\/pages\/19704","targetHints":{"allow":["GET"]}}],"collection":[{"href":"https:\/\/serveiseducatius.xtec.cat\/vallesoriental4\/wp-json\/wp\/v2\/pages"}],"about":[{"href":"https:\/\/serveiseducatius.xtec.cat\/vallesoriental4\/wp-json\/wp\/v2\/types\/page"}],"author":[{"embeddable":true,"href":"https:\/\/serveiseducatius.xtec.cat\/vallesoriental4\/wp-json\/wp\/v2\/users\/1"}],"replies":[{"embeddable":true,"href":"https:\/\/serveiseducatius.xtec.cat\/vallesoriental4\/wp-json\/wp\/v2\/comments?post=19704"}],"version-history":[{"count":5,"href":"https:\/\/serveiseducatius.xtec.cat\/vallesoriental4\/wp-json\/wp\/v2\/pages\/19704\/revisions"}],"predecessor-version":[{"id":23678,"href":"https:\/\/serveiseducatius.xtec.cat\/vallesoriental4\/wp-json\/wp\/v2\/pages\/19704\/revisions\/23678"}],"up":[{"embeddable":true,"href":"https:\/\/serveiseducatius.xtec.cat\/vallesoriental4\/wp-json\/wp\/v2\/pages\/338"}],"wp:attachment":[{"href":"https:\/\/serveiseducatius.xtec.cat\/vallesoriental4\/wp-json\/wp\/v2\/media?parent=19704"}],"curies":[{"name":"wp","href":"https:\/\/api.w.org\/{rel}","templated":true}]}}