{"id":18914,"date":"2023-03-30T11:26:19","date_gmt":"2023-03-30T09:26:19","guid":{"rendered":"https:\/\/serveiseducatius.xtec.cat\/vallesoriental4\/?page_id=18914"},"modified":"2024-07-01T08:39:39","modified_gmt":"2024-07-01T06:39:39","slug":"ginys-expressio-oral","status":"publish","type":"page","link":"https:\/\/serveiseducatius.xtec.cat\/vallesoriental4\/recursos\/servei-de-prestec\/ginys-expressio-oral\/","title":{"rendered":"Ginys expressi\u00f3 oral"},"content":{"rendered":"<h4 style=\"text-align: center;\"><strong>\u27a1 <a href=\"https:\/\/docs.google.com\/spreadsheets\/d\/1DFQu_flzXFE8L6zQRQl1l9bApHhr76k5S0kQRCWHukw\/edit?usp=drive_link\" target=\"_blank\" rel=\"noopener\">RESERVES &#8211; Curs 2024-25<\/a>\u00a0\u27a1<\/strong><\/h4>\n<p>&nbsp;<\/p>\n<table style=\"height: 501px; width: 100%; border-collapse: collapse;\">\n<thead>\n<tr style=\"height: 46px; border-style: solid;\">\n<td style=\"width: 19.151%; text-align: center; height: 46px; background-color: #f0f0f0;\">\n<h6><strong>MATERIAL<\/strong><\/h6>\n<\/td>\n<td style=\"width: 28.9851%; text-align: center; height: 46px; background-color: #f0f0f0;\">\n<h6><strong>DESCRIPCI\u00d3<\/strong><\/h6>\n<\/td>\n<td style=\"width: 2.80666%; text-align: center; background-color: #f0f0f0; height: 46px;\">\n<h6><strong>\u00a0<\/strong><\/h6>\n<\/td>\n<td style=\"width: 17.768%; text-align: center; height: 46px; background-color: #f0f0f0;\">\n<h6><strong>MATERIAL<\/strong><\/h6>\n<\/td>\n<td style=\"width: 31.2893%; text-align: center; height: 46px; background-color: #f0f0f0;\">\n<h6><strong>DESCRIPCI\u00d3<\/strong><\/h6>\n<\/td>\n<\/tr>\n<\/thead>\n<tbody>\n<tr style=\"height: 246px;\">\n<td style=\"width: 19.151%; text-align: center; height: 327px;\">&nbsp;<\/p>\n<p><a href=\"https:\/\/serveiseducatius.xtec.cat\/vallesoriental4\/wp-content\/uploads\/usu1133\/2023\/03\/TALKING.jpg\"><img loading=\"lazy\" decoding=\"async\" class=\"wp-image-18944 aligncenter\" src=\"https:\/\/serveiseducatius.xtec.cat\/vallesoriental4\/wp-content\/uploads\/usu1133\/2023\/03\/TALKING.jpg\" alt=\"\" width=\"255\" height=\"134\" srcset=\"https:\/\/serveiseducatius.xtec.cat\/vallesoriental4\/wp-content\/uploads\/usu1133\/2023\/03\/TALKING.jpg 896w, https:\/\/serveiseducatius.xtec.cat\/vallesoriental4\/wp-content\/uploads\/usu1133\/2023\/03\/TALKING-300x157.jpg 300w, https:\/\/serveiseducatius.xtec.cat\/vallesoriental4\/wp-content\/uploads\/usu1133\/2023\/03\/TALKING-768x403.jpg 768w\" sizes=\"auto, (max-width: 255px) 100vw, 255px\" \/><\/a><\/td>\n<td style=\"width: 28.9851%; height: 327px;\">\n<p style=\"text-align: center;\"><strong style=\"text-align: center;\">TALKING BOXES<\/strong><\/p>\n<p style=\"text-align: justify;\">Permeten gravar i reproduir missatges fins a 10 segons. A m\u00e9s, es poden guardar objectes dins la caixa i un cop s\u2019obre, es reprodueix la gravaci\u00f3 pr\u00e8viament realitzada.<\/p>\n<ul>\n<li style=\"text-align: justify;\">6 unitats<\/li>\n<li style=\"text-align: justify;\"><a href=\"https:\/\/drive.google.com\/file\/d\/1PxLWJq4_ngpq8gojq8a2dZdn77rfLbtY\/view?usp=sharing\">Talking boxes example<\/a><\/li>\n<\/ul>\n<\/td>\n<td style=\"width: 2.80666%; height: 327px; background-color: #f0f0f0;\">\n<p style=\"text-align: justify;\">\n<\/td>\n<td style=\"width: 17.768%; text-align: center; height: 327px;\">&nbsp;<\/p>\n<p><a href=\"https:\/\/serveiseducatius.xtec.cat\/vallesoriental4\/wp-content\/uploads\/usu1133\/2023\/03\/Talking-buttons.jpg\"><img loading=\"lazy\" decoding=\"async\" class=\"wp-image-18946 aligncenter\" src=\"https:\/\/serveiseducatius.xtec.cat\/vallesoriental4\/wp-content\/uploads\/usu1133\/2023\/03\/Talking-buttons.jpg\" alt=\"\" width=\"172\" height=\"172\" srcset=\"https:\/\/serveiseducatius.xtec.cat\/vallesoriental4\/wp-content\/uploads\/usu1133\/2023\/03\/Talking-buttons.jpg 900w, https:\/\/serveiseducatius.xtec.cat\/vallesoriental4\/wp-content\/uploads\/usu1133\/2023\/03\/Talking-buttons-300x300.jpg 300w, https:\/\/serveiseducatius.xtec.cat\/vallesoriental4\/wp-content\/uploads\/usu1133\/2023\/03\/Talking-buttons-150x150.jpg 150w, https:\/\/serveiseducatius.xtec.cat\/vallesoriental4\/wp-content\/uploads\/usu1133\/2023\/03\/Talking-buttons-768x768.jpg 768w\" sizes=\"auto, (max-width: 172px) 100vw, 172px\" \/><\/a><\/td>\n<td style=\"width: 31.2893%; height: 327px;\">\n<p style=\"text-align: center;\"><strong style=\"text-align: center;\">TALKING BUTTONS<\/strong><\/p>\n<p style=\"text-align: justify;\">Permeten gravar missatges, fins a un m\u00e0xim de 30 segons, i reproduir-los. \u00c9s un recurs f\u00e0cil de programar i de fer servir.<\/p>\n<ul>\n<li style=\"text-align: justify;\">5 unitats<\/li>\n<li style=\"text-align: justify;\"><a href=\"https:\/\/drive.google.com\/file\/d\/18JupOSFDDYB_eGZV679HQsv2amyV16w6\/view?usp=drive_link\">Talking buttons example<\/a><\/li>\n<\/ul>\n<\/td>\n<\/tr>\n<tr style=\"height: 32px;\">\n<td style=\"width: 100%; text-align: center; height: 32px; background-color: #f0f0f0;\" colspan=\"5\"><\/td>\n<\/tr>\n<tr style=\"height: 32px;\">\n<td style=\"width: 19.151%; text-align: center; height: 32px;\"><a href=\"https:\/\/serveiseducatius.xtec.cat\/vallesoriental4\/wp-content\/uploads\/usu1133\/2023\/03\/Pinces-gravadores.png\"><img loading=\"lazy\" decoding=\"async\" class=\"wp-image-18954 aligncenter\" src=\"https:\/\/serveiseducatius.xtec.cat\/vallesoriental4\/wp-content\/uploads\/usu1133\/2023\/03\/Pinces-gravadores.png\" alt=\"\" width=\"212\" height=\"154\" srcset=\"https:\/\/serveiseducatius.xtec.cat\/vallesoriental4\/wp-content\/uploads\/usu1133\/2023\/03\/Pinces-gravadores.png 577w, https:\/\/serveiseducatius.xtec.cat\/vallesoriental4\/wp-content\/uploads\/usu1133\/2023\/03\/Pinces-gravadores-300x218.png 300w\" sizes=\"auto, (max-width: 212px) 100vw, 212px\" \/><\/a><\/td>\n<td style=\"width: 28.9851%; height: 32px;\">\n<p style=\"text-align: center;\"><strong>PINCES GRAVADORES<\/strong><\/p>\n<p style=\"text-align: justify;\">Permeten gravar missatges fins a un m\u00e0xim de 30 segons, i reproduir-los. \u00c9s un recurs f\u00e0cil de manipular i de fer servir. A m\u00e9s, es poden penjar fulls, objectes, etc.<\/p>\n<ul style=\"text-align: justify;\">\n<li>6 unitats<\/li>\n<\/ul>\n<\/td>\n<td style=\"width: 2.80666%; height: 32px; background-color: #f0f0f0;\">\n<p style=\"text-align: justify;\">\n<\/td>\n<td style=\"width: 17.768%; text-align: center; height: 32px;\">&nbsp;<\/p>\n<p><img loading=\"lazy\" decoding=\"async\" class=\"alignnone wp-image-18957 \" src=\"https:\/\/serveiseducatius.xtec.cat\/vallesoriental4\/wp-content\/uploads\/usu1133\/2023\/03\/poster-e1699866022568-300x300.jpg\" alt=\"\" width=\"246\" height=\"246\" srcset=\"https:\/\/serveiseducatius.xtec.cat\/vallesoriental4\/wp-content\/uploads\/usu1133\/2023\/03\/poster-e1699866022568-300x300.jpg 300w, https:\/\/serveiseducatius.xtec.cat\/vallesoriental4\/wp-content\/uploads\/usu1133\/2023\/03\/poster-e1699866022568-150x150.jpg 150w, https:\/\/serveiseducatius.xtec.cat\/vallesoriental4\/wp-content\/uploads\/usu1133\/2023\/03\/poster-e1699866022568-768x768.jpg 768w, https:\/\/serveiseducatius.xtec.cat\/vallesoriental4\/wp-content\/uploads\/usu1133\/2023\/03\/poster-e1699866022568.jpg 900w\" sizes=\"auto, (max-width: 246px) 100vw, 246px\" \/><\/td>\n<td style=\"width: 31.2893%; height: 32px;\">\n<p style=\"text-align: center;\"><strong>P\u00d2STER GRAVADOR<\/strong><\/p>\n<p style=\"text-align: justify;\">Mural de 30 butxaques, amb gravaci\u00f3 de 10 segons cadascuna. A la butxaca es poden ficar targetes, objectes o dibuixos.<\/p>\n<ul>\n<li style=\"text-align: justify;\">Propostes: matem\u00e0tiques, idiomes, narracions, horaris, descripcions, etc.<\/li>\n<\/ul>\n<\/td>\n<\/tr>\n<tr style=\"height: 32px;\">\n<td style=\"width: 100%; height: 32px; background-color: #f0f0f0; text-align: center;\" colspan=\"5\"><\/td>\n<\/tr>\n<tr style=\"height: 32px;\">\n<td style=\"width: 19.151%; text-align: center; height: 32px;\">&nbsp;<\/p>\n<p><strong><a href=\"https:\/\/serveiseducatius.xtec.cat\/vallesoriental4\/wp-content\/uploads\/usu1133\/2023\/03\/llibre.jpg\"><img loading=\"lazy\" decoding=\"async\" class=\"wp-image-18956 aligncenter\" src=\"https:\/\/serveiseducatius.xtec.cat\/vallesoriental4\/wp-content\/uploads\/usu1133\/2023\/03\/llibre.jpg\" alt=\"\" width=\"202\" height=\"202\" srcset=\"https:\/\/serveiseducatius.xtec.cat\/vallesoriental4\/wp-content\/uploads\/usu1133\/2023\/03\/llibre.jpg 900w, https:\/\/serveiseducatius.xtec.cat\/vallesoriental4\/wp-content\/uploads\/usu1133\/2023\/03\/llibre-300x300.jpg 300w, https:\/\/serveiseducatius.xtec.cat\/vallesoriental4\/wp-content\/uploads\/usu1133\/2023\/03\/llibre-150x150.jpg 150w, https:\/\/serveiseducatius.xtec.cat\/vallesoriental4\/wp-content\/uploads\/usu1133\/2023\/03\/llibre-768x768.jpg 768w\" sizes=\"auto, (max-width: 202px) 100vw, 202px\" \/><\/a><\/strong><\/td>\n<td style=\"width: 80.849%; height: 32px;\" colspan=\"4\">\n<p style=\"text-align: center;\"><strong>LLIBRE GRAVADOR<\/strong><\/p>\n<p style=\"text-align: justify;\">Permet gravar per p\u00e0gines una narraci\u00f3 que despr\u00e9s es pot anar escoltant mentre es veuen les imatges.<\/p>\n<ul>\n<li style=\"text-align: justify;\">Nombre de p\u00e0gines: 20<\/li>\n<li style=\"text-align: justify;\">Temps total de gravaci\u00f3: 200 minuts (10 minuts per p\u00e0gina).<\/li>\n<li>Elements a cada p\u00e0gina:\n<ul>\n<li>Compartiment transparent per ficar-hi una foto, dibuix, etc.<\/li>\n<li>Bot\u00f3 individual de reproducci\u00f3\/pausa<\/li>\n<\/ul>\n<\/li>\n<\/ul>\n<\/td>\n<\/tr>\n<\/tbody>\n<\/table>\n<p>&nbsp;<\/p>\n","protected":false},"excerpt":{"rendered":"<p>\u27a1 RESERVES &#8211; Curs 2024-25\u00a0\u27a1 &nbsp; MATERIAL DESCRIPCI\u00d3 \u00a0 MATERIAL DESCRIPCI\u00d3 &nbsp; TALKING BOXES Permeten gravar i reproduir missatges fins a 10 segons. A m\u00e9s, es poden guardar objectes dins la caixa i un cop s\u2019obre, es reprodueix la gravaci\u00f3 pr\u00e8viament realitzada. 6 unitats Talking boxes example &nbsp; TALKING BUTTONS Permeten gravar missatges, fins a [&hellip;]<\/p>\n","protected":false},"author":1,"featured_media":0,"parent":20503,"menu_order":0,"comment_status":"closed","ping_status":"closed","template":"page-templates\/side-menu.php","meta":{"_bbp_topic_count":0,"_bbp_reply_count":0,"_bbp_total_topic_count":0,"_bbp_total_reply_count":0,"_bbp_voice_count":0,"_bbp_anonymous_reply_count":0,"_bbp_topic_count_hidden":0,"_bbp_reply_count_hidden":0,"_bbp_forum_subforum_count":0,"site-sidebar-layout":"default","site-content-layout":"","ast-site-content-layout":"","site-content-style":"default","site-sidebar-style":"default","ast-global-header-display":"","ast-banner-title-visibility":"","ast-main-header-display":"","ast-hfb-above-header-display":"","ast-hfb-below-header-display":"","ast-hfb-mobile-header-display":"","site-post-title":"","ast-breadcrumbs-content":"","ast-featured-img":"","footer-sml-layout":"","theme-transparent-header-meta":"","adv-header-id-meta":"","stick-header-meta":"","header-above-stick-meta":"","header-main-stick-meta":"","header-below-stick-meta":"","astra-migrate-meta-layouts":"default","ast-page-background-enabled":"default","ast-page-background-meta":{"desktop":{"background-color":"var(--ast-global-color-4)","background-image":"","background-repeat":"repeat","background-position":"center center","background-size":"auto","background-attachment":"scroll","background-type":"","background-media":"","overlay-type":"","overlay-color":"","overlay-opacity":"","overlay-gradient":""},"tablet":{"background-color":"","background-image":"","background-repeat":"repeat","background-position":"center center","background-size":"auto","background-attachment":"scroll","background-type":"","background-media":"","overlay-type":"","overlay-color":"","overlay-opacity":"","overlay-gradient":""},"mobile":{"background-color":"","background-image":"","background-repeat":"repeat","background-position":"center center","background-size":"auto","background-attachment":"scroll","background-type":"","background-media":"","overlay-type":"","overlay-color":"","overlay-opacity":"","overlay-gradient":""}},"ast-content-background-meta":{"desktop":{"background-color":"var(--ast-global-color-5)","background-image":"","background-repeat":"repeat","background-position":"center center","background-size":"auto","background-attachment":"scroll","background-type":"","background-media":"","overlay-type":"","overlay-color":"","overlay-opacity":"","overlay-gradient":""},"tablet":{"background-color":"var(--ast-global-color-5)","background-image":"","background-repeat":"repeat","background-position":"center center","background-size":"auto","background-attachment":"scroll","background-type":"","background-media":"","overlay-type":"","overlay-color":"","overlay-opacity":"","overlay-gradient":""},"mobile":{"background-color":"var(--ast-global-color-5)","background-image":"","background-repeat":"repeat","background-position":"center center","background-size":"auto","background-attachment":"scroll","background-type":"","background-media":"","overlay-type":"","overlay-color":"","overlay-opacity":"","overlay-gradient":""}},"footnotes":""},"class_list":["post-18914","page","type-page","status-publish","hentry"],"post_mailing_queue_ids":[],"_links":{"self":[{"href":"https:\/\/serveiseducatius.xtec.cat\/vallesoriental4\/wp-json\/wp\/v2\/pages\/18914","targetHints":{"allow":["GET"]}}],"collection":[{"href":"https:\/\/serveiseducatius.xtec.cat\/vallesoriental4\/wp-json\/wp\/v2\/pages"}],"about":[{"href":"https:\/\/serveiseducatius.xtec.cat\/vallesoriental4\/wp-json\/wp\/v2\/types\/page"}],"author":[{"embeddable":true,"href":"https:\/\/serveiseducatius.xtec.cat\/vallesoriental4\/wp-json\/wp\/v2\/users\/1"}],"replies":[{"embeddable":true,"href":"https:\/\/serveiseducatius.xtec.cat\/vallesoriental4\/wp-json\/wp\/v2\/comments?post=18914"}],"version-history":[{"count":6,"href":"https:\/\/serveiseducatius.xtec.cat\/vallesoriental4\/wp-json\/wp\/v2\/pages\/18914\/revisions"}],"predecessor-version":[{"id":22465,"href":"https:\/\/serveiseducatius.xtec.cat\/vallesoriental4\/wp-json\/wp\/v2\/pages\/18914\/revisions\/22465"}],"up":[{"embeddable":true,"href":"https:\/\/serveiseducatius.xtec.cat\/vallesoriental4\/wp-json\/wp\/v2\/pages\/20503"}],"wp:attachment":[{"href":"https:\/\/serveiseducatius.xtec.cat\/vallesoriental4\/wp-json\/wp\/v2\/media?parent=18914"}],"curies":[{"name":"wp","href":"https:\/\/api.w.org\/{rel}","templated":true}]}}