{"id":15487,"date":"2020-12-04T08:58:05","date_gmt":"2020-12-04T07:58:05","guid":{"rendered":"http:\/\/serveiseducatius.xtec.cat\/vallesoriental4\/?page_id=15487"},"modified":"2023-11-06T17:34:57","modified_gmt":"2023-11-06T16:34:57","slug":"biblioteques-de-la-zona","status":"publish","type":"page","link":"https:\/\/serveiseducatius.xtec.cat\/vallesoriental4\/comunitat\/entitats-de-la-zona\/biblioteques-de-la-zona\/","title":{"rendered":"Biblioteques municipals"},"content":{"rendered":"<ul>\n<li><a href=\"https:\/\/bibliotecavirtual.diba.cat\/aiguafreda-biblioteca-lluis-millet-i-pages\">Biblioteca Llu\u00eds Millet i Pag\u00e8s d\u2019Aiguafreda<\/a><\/li>\n<li><a href=\"http:\/\/bibliotecalagarriga.blogspot.com\/\">Biblioteca N\u00faria Alb\u00f3 de la Garriga<\/a><\/li>\n<li><a href=\"http:\/\/www.biblioametlla.cat\/\">Biblioteca Josep Badia i Moret de l\u2019Ametlla del Vall\u00e8s<\/a><\/li>\n<li><a href=\"https:\/\/www.biguesiriells.cat\/ca\/viure-bigues-riells-5\/biblioteca-municipal-3.htm\">Biblioteca de Bigues i Riells<\/a><\/li>\n<li><a href=\"https:\/\/bibliotecavirtual.diba.cat\/santa-eulalia-de-roncana-biblioteca-casa-de-cultura-joan-ruiz-i-calonja\">Biblioteca de Santa Eul\u00e0lia de Ron\u00e7ana. Casa de Cultura Joan Ruiz i Calonja<\/a><\/li>\n<li><a href=\"https:\/\/bibliotecavirtual.diba.cat\/llica-d-amunt-biblioteca-ca-l-oliveres\">Biblioteca Ca l&#8217;Oliveres de Lli\u00e7\u00e0 d\u2019Amunt<\/a><\/li>\n<li><a href=\"http:\/\/serveisoberts.gencat.cat\/equipaments\/371401\">Biblioteca de Lli\u00e7\u00e0 de Vall<\/a><\/li>\n<li><a href=\"https:\/\/www.caldesdemontbui.cat\/municipi\/equipaments\/biblioteca-municipal-de-caldes-de-montbui.html\">Biblioteca de Caldes de Montbui<\/a><\/li>\n<li><a href=\"https:\/\/bibliotecavirtual.diba.cat\/sant-feliu-de-codines-biblioteca-joan-petit-i-aguilar\">Biblioteca Joan Petit i Aguilar de Sant Feliu de Codines<\/a><\/li>\n<li><a href=\"https:\/\/ajuntament.barcelona.cat\/biblioteques\/bibjaumefuster\/ca\/detail\/ajuntament-de-figaro-montmany_92086035604\">Biblioteca Jaume Fuster de Figar\u00f3-Montmany<\/a><\/li>\n<\/ul>\n<p><img loading=\"lazy\" decoding=\"async\" class=\"aligncenter\" src=\"https:\/\/cdn-icons-png.flaticon.com\/512\/4277\/4277047.png\" alt=\"Biblioteca - Iconos gratis de educaci\u00f3n\" width=\"181\" height=\"181\" \/><\/p>\n","protected":false},"excerpt":{"rendered":"<p>Biblioteca Llu\u00eds Millet i Pag\u00e8s d\u2019Aiguafreda Biblioteca N\u00faria Alb\u00f3 de la Garriga Biblioteca Josep Badia i Moret de l\u2019Ametlla del Vall\u00e8s Biblioteca de Bigues i Riells Biblioteca de Santa Eul\u00e0lia de Ron\u00e7ana. Casa de Cultura Joan Ruiz i Calonja Biblioteca Ca l&#8217;Oliveres de Lli\u00e7\u00e0 d\u2019Amunt Biblioteca de Lli\u00e7\u00e0 de Vall Biblioteca de Caldes de Montbui [&hellip;]<\/p>\n","protected":false},"author":1,"featured_media":0,"parent":20565,"menu_order":1,"comment_status":"closed","ping_status":"closed","template":"page-templates\/side-menu.php","meta":{"_bbp_topic_count":0,"_bbp_reply_count":0,"_bbp_total_topic_count":0,"_bbp_total_reply_count":0,"_bbp_voice_count":0,"_bbp_anonymous_reply_count":0,"_bbp_topic_count_hidden":0,"_bbp_reply_count_hidden":0,"_bbp_forum_subforum_count":0,"site-sidebar-layout":"default","site-content-layout":"","ast-site-content-layout":"","site-content-style":"default","site-sidebar-style":"default","ast-global-header-display":"","ast-banner-title-visibility":"","ast-main-header-display":"","ast-hfb-above-header-display":"","ast-hfb-below-header-display":"","ast-hfb-mobile-header-display":"","site-post-title":"","ast-breadcrumbs-content":"","ast-featured-img":"","footer-sml-layout":"","theme-transparent-header-meta":"","adv-header-id-meta":"","stick-header-meta":"","header-above-stick-meta":"","header-main-stick-meta":"","header-below-stick-meta":"","astra-migrate-meta-layouts":"default","ast-page-background-enabled":"default","ast-page-background-meta":{"desktop":{"background-color":"var(--ast-global-color-4)","background-image":"","background-repeat":"repeat","background-position":"center center","background-size":"auto","background-attachment":"scroll","background-type":"","background-media":"","overlay-type":"","overlay-color":"","overlay-opacity":"","overlay-gradient":""},"tablet":{"background-color":"","background-image":"","background-repeat":"repeat","background-position":"center center","background-size":"auto","background-attachment":"scroll","background-type":"","background-media":"","overlay-type":"","overlay-color":"","overlay-opacity":"","overlay-gradient":""},"mobile":{"background-color":"","background-image":"","background-repeat":"repeat","background-position":"center center","background-size":"auto","background-attachment":"scroll","background-type":"","background-media":"","overlay-type":"","overlay-color":"","overlay-opacity":"","overlay-gradient":""}},"ast-content-background-meta":{"desktop":{"background-color":"var(--ast-global-color-5)","background-image":"","background-repeat":"repeat","background-position":"center center","background-size":"auto","background-attachment":"scroll","background-type":"","background-media":"","overlay-type":"","overlay-color":"","overlay-opacity":"","overlay-gradient":""},"tablet":{"background-color":"var(--ast-global-color-5)","background-image":"","background-repeat":"repeat","background-position":"center center","background-size":"auto","background-attachment":"scroll","background-type":"","background-media":"","overlay-type":"","overlay-color":"","overlay-opacity":"","overlay-gradient":""},"mobile":{"background-color":"var(--ast-global-color-5)","background-image":"","background-repeat":"repeat","background-position":"center center","background-size":"auto","background-attachment":"scroll","background-type":"","background-media":"","overlay-type":"","overlay-color":"","overlay-opacity":"","overlay-gradient":""}},"footnotes":""},"class_list":["post-15487","page","type-page","status-publish","hentry"],"post_mailing_queue_ids":[],"_links":{"self":[{"href":"https:\/\/serveiseducatius.xtec.cat\/vallesoriental4\/wp-json\/wp\/v2\/pages\/15487","targetHints":{"allow":["GET"]}}],"collection":[{"href":"https:\/\/serveiseducatius.xtec.cat\/vallesoriental4\/wp-json\/wp\/v2\/pages"}],"about":[{"href":"https:\/\/serveiseducatius.xtec.cat\/vallesoriental4\/wp-json\/wp\/v2\/types\/page"}],"author":[{"embeddable":true,"href":"https:\/\/serveiseducatius.xtec.cat\/vallesoriental4\/wp-json\/wp\/v2\/users\/1"}],"replies":[{"embeddable":true,"href":"https:\/\/serveiseducatius.xtec.cat\/vallesoriental4\/wp-json\/wp\/v2\/comments?post=15487"}],"version-history":[{"count":6,"href":"https:\/\/serveiseducatius.xtec.cat\/vallesoriental4\/wp-json\/wp\/v2\/pages\/15487\/revisions"}],"predecessor-version":[{"id":20574,"href":"https:\/\/serveiseducatius.xtec.cat\/vallesoriental4\/wp-json\/wp\/v2\/pages\/15487\/revisions\/20574"}],"up":[{"embeddable":true,"href":"https:\/\/serveiseducatius.xtec.cat\/vallesoriental4\/wp-json\/wp\/v2\/pages\/20565"}],"wp:attachment":[{"href":"https:\/\/serveiseducatius.xtec.cat\/vallesoriental4\/wp-json\/wp\/v2\/media?parent=15487"}],"curies":[{"name":"wp","href":"https:\/\/api.w.org\/{rel}","templated":true}]}}