{"id":12499,"date":"2018-07-24T19:39:36","date_gmt":"2018-07-24T17:39:36","guid":{"rendered":"http:\/\/serveiseducatius.xtec.cat\/vallesoriental4\/?page_id=12499"},"modified":"2026-02-10T15:35:31","modified_gmt":"2026-02-10T14:35:31","slug":"eap","status":"publish","type":"page","link":"https:\/\/serveiseducatius.xtec.cat\/vallesoriental4\/el-servei-educatiu\/equip\/eap\/","title":{"rendered":"EAP"},"content":{"rendered":"<p>El nostre equip del curs 2025\/26 est\u00e0 format per 12 professionals de diferents disciplines, que treballa de forma coordinada per tal de dur a terme de la manera m\u00e9s efica\u00e7 possible les funcions i tasques que per normativa ens s\u00f3n assignades.<\/p>\n<table style=\"height: 358px; width: 34.457%;\">\n<tbody>\n<tr>\n<td style=\"width: 100%;\">Marta &#8211; Psicopedagoga i Directora de l\u2019EAP<\/td>\n<\/tr>\n<tr>\n<td style=\"width: 100%;\">Carol &#8211; Psicopedagoga<\/td>\n<\/tr>\n<tr>\n<td style=\"width: 100%;\">Carme &#8211; Psicopedagoga<\/td>\n<\/tr>\n<tr>\n<td style=\"width: 100%;\">Roser &#8211; Psicopedagoga<\/td>\n<\/tr>\n<tr>\n<td style=\"width: 100%;\"><\/td>\n<\/tr>\n<tr>\n<td style=\"width: 100%;\">Anna &#8211; Psicopedagoga<\/td>\n<\/tr>\n<tr>\n<td style=\"width: 100%;\">Monica &#8211; Psicopedagoga<\/td>\n<\/tr>\n<tr>\n<td style=\"width: 100%;\">Gisela &#8211; Psicopedagoga<\/td>\n<\/tr>\n<tr>\n<td style=\"width: 100%;\">Herena &#8211; Psicopedagoga<\/td>\n<\/tr>\n<tr>\n<td style=\"width: 100%;\">Josep &#8211; Treballador social<\/td>\n<\/tr>\n<tr>\n<td style=\"width: 100%;\">Agn\u00e8s &#8211; Fisioterapeuta<\/td>\n<\/tr>\n<tr>\n<td style=\"width: 100%;\">Elisenda &#8211; Fisioterapeuta<\/td>\n<\/tr>\n<tr>\n<td style=\"width: 100%;\">Anna &#8211; Treballadora social<\/td>\n<\/tr>\n<\/tbody>\n<\/table>\n<table style=\"width: 34.1324%; height: 37px;\">\n<tbody>\n<tr style=\"height: 37px;\">\n<td style=\"width: 100%; height: 37px;\"><span style=\"font-size: 1em;\">Teresa &#8211; <\/span><span style=\"font-size: 1em;\">Auxiliar administrativa<\/span><\/td>\n<\/tr>\n<\/tbody>\n<\/table>\n<h6><\/h6>\n<h6><span style=\"color: #11b8b8;\"><strong style=\"font-size: 0.944444rem; background-color: rgba(0, 0, 0, 0);\">\u00c0MBITS D&#8217;INTERVENCI\u00d3<\/strong><\/span><\/h6>\n<p><span style=\"color: #11b8b8;\"><strong>Zona, centres i professors<\/strong><\/span><\/p>\n<p><strong><em>Suport, assessorament i orientaci\u00f3 en<\/em><\/strong><\/p>\n<ul>\n<li style=\"list-style-type: none;\">\n<ul style=\"list-style-type: disc;\">\n<li>Processos d\u2019ensenyament i aprenentatge, de gesti\u00f3 d\u2019aula i d\u2019aplicaci\u00f3 de metodologies flexibles que afavoreixin la participaci\u00f3 i aprenentatge de tots els alumnes.<\/li>\n<li>Avaluaci\u00f3 psicopedag\u00f2gica i\/ o social de les necessitats educatives especials segons demanda.<\/li>\n<li>Proc\u00e9s de transici\u00f3 de les diferents etapes educatives.<\/li>\n<li>Corresponsabilitat fam\u00edlia escola.<\/li>\n<li>Identificaci\u00f3 de pr\u00e0ctiques educatives de refer\u00e8ncia.<\/li>\n<\/ul>\n<\/li>\n<\/ul>\n<p><strong><em>Col\u00b7laboraci\u00f3 i impuls en activitats i dinamitzaci\u00f3 de la zona<\/em><\/strong><\/p>\n<ul>\n<li style=\"list-style-type: none;\">\n<ul style=\"list-style-type: disc;\">\n<li>Formaci\u00f3 permanent dels professors.<\/li>\n<li>Suports a les xarxes de centres.<\/li>\n<li>Orientaci\u00f3 educativa i acci\u00f3 tutorial.<\/li>\n<li>Treball en xarxa amb altres serveis educatius, institucions i entitats.<\/li>\n<\/ul>\n<\/li>\n<\/ul>\n<p><span style=\"color: #11b8b8;\"><strong>Alumnes i fam\u00edlies<\/strong><\/span><\/p>\n<ul>\n<li style=\"list-style-type: none;\">\n<ul style=\"list-style-type: disc;\">\n<li>Avaluaci\u00f3 psicopedag\u00f2gica i\/o social de les necessitats educatives especials de les necessitats educatives dels alumnes.<\/li>\n<li>Seguiment i acompanyament en les transicions educatives.<\/li>\n<li>Informaci\u00f3 i assessorament a les fam\u00edlies sobre recursos que poden afavorir el desenvolupament integral dels alumnes, en especial aquells publicats\u00a0 pel Departament d\u2019Ensenyament.<\/li>\n<\/ul>\n<\/li>\n<\/ul>\n<h6><span style=\"color: #11b8b8;\"><strong>Horari d\u2019atenci\u00f3 al p\u00fablic<\/strong><\/span><\/h6>\n<ul style=\"list-style-type: circle;\">\n<li>Matins: atenci\u00f3 directa a centres<\/li>\n<li>Tardes: dijous de 15:00\u202fh a 18:00 h (visites amb cita concertada)<\/li>\n<\/ul>\n<h6><span style=\"color: #11b8b8;\"><a style=\"color: #11b8b8;\" href=\"https:\/\/xtec.gencat.cat\/ca\/serveis\/sez\/eap\/\" target=\"_blank\" rel=\"noopener\"><strong>Per saber-ne m\u00e9s<\/strong><\/a><\/span><\/h6>\n","protected":false},"excerpt":{"rendered":"<p>El nostre equip del curs 2025\/26 est\u00e0 format per 12 professionals de diferents disciplines, que treballa de forma coordinada per tal de dur a terme de la manera m\u00e9s efica\u00e7 possible les funcions i tasques que per normativa ens s\u00f3n assignades. Marta &#8211; Psicopedagoga i Directora de l\u2019EAP Carol &#8211; Psicopedagoga Carme &#8211; Psicopedagoga Roser [&hellip;]<\/p>\n","protected":false},"author":1,"featured_media":0,"parent":306,"menu_order":1,"comment_status":"closed","ping_status":"closed","template":"","meta":{"_bbp_topic_count":0,"_bbp_reply_count":0,"_bbp_total_topic_count":0,"_bbp_total_reply_count":0,"_bbp_voice_count":0,"_bbp_anonymous_reply_count":0,"_bbp_topic_count_hidden":0,"_bbp_reply_count_hidden":0,"_bbp_forum_subforum_count":0,"site-sidebar-layout":"default","site-content-layout":"","ast-site-content-layout":"default","site-content-style":"default","site-sidebar-style":"default","ast-global-header-display":"","ast-banner-title-visibility":"","ast-main-header-display":"","ast-hfb-above-header-display":"","ast-hfb-below-header-display":"","ast-hfb-mobile-header-display":"","site-post-title":"","ast-breadcrumbs-content":"","ast-featured-img":"","footer-sml-layout":"","theme-transparent-header-meta":"","adv-header-id-meta":"","stick-header-meta":"","header-above-stick-meta":"","header-main-stick-meta":"","header-below-stick-meta":"","astra-migrate-meta-layouts":"set","ast-page-background-enabled":"default","ast-page-background-meta":{"desktop":{"background-color":"var(--ast-global-color-4)","background-image":"","background-repeat":"repeat","background-position":"center center","background-size":"auto","background-attachment":"scroll","background-type":"","background-media":"","overlay-type":"","overlay-color":"","overlay-opacity":"","overlay-gradient":""},"tablet":{"background-color":"","background-image":"","background-repeat":"repeat","background-position":"center center","background-size":"auto","background-attachment":"scroll","background-type":"","background-media":"","overlay-type":"","overlay-color":"","overlay-opacity":"","overlay-gradient":""},"mobile":{"background-color":"","background-image":"","background-repeat":"repeat","background-position":"center center","background-size":"auto","background-attachment":"scroll","background-type":"","background-media":"","overlay-type":"","overlay-color":"","overlay-opacity":"","overlay-gradient":""}},"ast-content-background-meta":{"desktop":{"background-color":"var(--ast-global-color-5)","background-image":"","background-repeat":"repeat","background-position":"center center","background-size":"auto","background-attachment":"scroll","background-type":"","background-media":"","overlay-type":"","overlay-color":"","overlay-opacity":"","overlay-gradient":""},"tablet":{"background-color":"var(--ast-global-color-5)","background-image":"","background-repeat":"repeat","background-position":"center center","background-size":"auto","background-attachment":"scroll","background-type":"","background-media":"","overlay-type":"","overlay-color":"","overlay-opacity":"","overlay-gradient":""},"mobile":{"background-color":"var(--ast-global-color-5)","background-image":"","background-repeat":"repeat","background-position":"center center","background-size":"auto","background-attachment":"scroll","background-type":"","background-media":"","overlay-type":"","overlay-color":"","overlay-opacity":"","overlay-gradient":""}},"footnotes":""},"class_list":["post-12499","page","type-page","status-publish","hentry"],"post_mailing_queue_ids":[],"_links":{"self":[{"href":"https:\/\/serveiseducatius.xtec.cat\/vallesoriental4\/wp-json\/wp\/v2\/pages\/12499","targetHints":{"allow":["GET"]}}],"collection":[{"href":"https:\/\/serveiseducatius.xtec.cat\/vallesoriental4\/wp-json\/wp\/v2\/pages"}],"about":[{"href":"https:\/\/serveiseducatius.xtec.cat\/vallesoriental4\/wp-json\/wp\/v2\/types\/page"}],"author":[{"embeddable":true,"href":"https:\/\/serveiseducatius.xtec.cat\/vallesoriental4\/wp-json\/wp\/v2\/users\/1"}],"replies":[{"embeddable":true,"href":"https:\/\/serveiseducatius.xtec.cat\/vallesoriental4\/wp-json\/wp\/v2\/comments?post=12499"}],"version-history":[{"count":6,"href":"https:\/\/serveiseducatius.xtec.cat\/vallesoriental4\/wp-json\/wp\/v2\/pages\/12499\/revisions"}],"predecessor-version":[{"id":24259,"href":"https:\/\/serveiseducatius.xtec.cat\/vallesoriental4\/wp-json\/wp\/v2\/pages\/12499\/revisions\/24259"}],"up":[{"embeddable":true,"href":"https:\/\/serveiseducatius.xtec.cat\/vallesoriental4\/wp-json\/wp\/v2\/pages\/306"}],"wp:attachment":[{"href":"https:\/\/serveiseducatius.xtec.cat\/vallesoriental4\/wp-json\/wp\/v2\/media?parent=12499"}],"curies":[{"name":"wp","href":"https:\/\/api.w.org\/{rel}","templated":true}]}}