{"id":12497,"date":"2018-07-24T19:38:27","date_gmt":"2018-07-24T17:38:27","guid":{"rendered":"http:\/\/serveiseducatius.xtec.cat\/vallesoriental4\/?page_id=12497"},"modified":"2026-03-17T09:53:27","modified_gmt":"2026-03-17T08:53:27","slug":"crp","status":"publish","type":"page","link":"https:\/\/serveiseducatius.xtec.cat\/vallesoriental4\/el-servei-educatiu\/equip\/crp\/","title":{"rendered":"CRP"},"content":{"rendered":"<div class=\"entry-content\">\n<p style=\"text-align: center;\">El Centre de Recursos Pedag\u00f2gics del Vall\u00e8s Oriental IV d\u00f3na suport a l\u2019activitat pedag\u00f2gica dels centres i a la tasca docent especialment en temes de formaci\u00f3 permanent, de recursos pedag\u00f2gics i de dinamitzaci\u00f3 de projectes de centre i de la comarca.<\/p>\n<h6><strong><span style=\"color: #11b8b8;\">EL NOSTRE EQUIP<\/span><br \/><\/strong><\/h6>\n<p>Est\u00e0 format per dues t\u00e8cniques docents:<\/p>\n<ul>\n<li><strong>Mireia N,<\/strong> docent de secund\u00e0ria, especialista en lleng\u00fces. Assessora docent i referent de lleng\u00fces al CRP.<\/li>\n<\/ul>\n<p><strong>\u00c0mbits:<\/strong> Xarxa de Compet\u00e8ncies, Seminaris secretaris, Seminari cap d&#8217;estudis, Seminari d&#8217;Escoles Bressol, Biblioteques, CLVA, Jocs Florals, Seminaris angl\u00e8s i English Day, Seminari de m\u00fasica, Servei de pr\u00e9stec, Seminaris prim\u00e0ria-secund\u00e0ria, proves d&#8217;avaluaci\u00f3 4t ESO, entre d&#8217;altres.<\/p>\n<ul>\n<li><strong>Sandra G,<\/strong> docent de prim\u00e0ria, especialista d&#8217;Educaci\u00f3 F\u00edsica. Assessora docent i referent digital al CRP (Directora CRP i Coordinadora Servei Educatiu).<\/li>\n<\/ul>\n<p><strong>\u00c0mbits:<\/strong> Xarxa Transformaci\u00f3 Educativa, Seminari directors\/es prim\u00e0ria i secund\u00e0ria, Subxarxa Coordinaci\u00f3 Digital, coordinaci\u00f3 amb mentores digitals, Programa Faig, Fira de mostres de rob\u00f2tica, Fem Dansa, Seminaris prim\u00e0ria-secund\u00e0ria, Seminari especialistes EF, proves avaluaci\u00f3 6\u00e8, entre d&#8217;altres.<\/p>\n<\/div>\n<ul style=\"list-style-type: disc;\">\n<li><b>Marta S.<\/b><span class=\"gmail_default\"><b> <\/b>Educadora social projecte Reconnect-ES<\/span><\/li>\n<\/ul>\n<p><span class=\"gmail_default\"><b>\u00c0mbit:<\/b> abordatge de l&#8217;Abandonament Escolar Prematur. Seguiment i orientaci\u00f3 de les joves d&#8217;entre 16-24 anys que han assolit com a m\u00e0xim la primera etapa de l&#8217;escolaritzaci\u00f3 secund\u00e0ria. \u00c9s a dir, que no ha completat l&#8217;ESO o que, havent-la finalitzat, no ha acabat la segona etapa d&#8217;educaci\u00f3 secund\u00e0ria (postobligat\u00f2ria) i no segueix cap mena d&#8217;educaci\u00f3 o formaci\u00f3.<\/span><\/p>\n<div class=\"entry-content\">\n<p><strong><span style=\"color: #11b8b8;\">CENTRES EDUCATIUS<\/span><\/strong><\/p>\n<p>La zona de <strong>Vall\u00e8s Oriental IV<\/strong> la formen un total de 49<strong>\u00a0centres educatius<\/strong> distribu\u00efts en 9<strong>\u00a0municipis<\/strong> (Bigues i Riells del Fai, Caldes de Montbui, El Figar\u00f3-Monmany, La Garriga, L&#8217;Ametlla del Vall\u00e8s, Lli\u00e7\u00e0 d&#8217;Amunt, Lli\u00e7\u00e0 de Vall, Sant Feliu de Codines i Sta Eul\u00e0lia de Ron\u00e7ana):<\/p>\n<ul>\n<li>15 llars d&#8217;infants 0-3<\/li>\n<li>18 centres p\u00fablics d&#8217;infantil i prim\u00e0ria<\/li>\n<li>2 institut-escola<\/li>\n<li>9 centres p\u00fablics de secund\u00e0ria<\/li>\n<li>3 centres concertats<\/li>\n<li>1 centre privat<\/li>\n<\/ul>\n<p><strong><span style=\"color: #11b8b8;\">LES NOSTRES TASQUES<\/span><br \/><\/strong><\/p>\n<ul>\n<li>Suport i assessorament en projectes de centre<\/li>\n<li>Disseny i organitzaci\u00f3 d\u2019activitats de dinamitzaci\u00f3 de la zona per projectar la figura de l\u2019alumne com a protagonista del seu aprenentatge (Certamen de Lectura en Veu Alta, Apadrinem el Patrimoni, Servei Comunitari, etc)<\/li>\n<li>Treball en xarxa entre els centres i amb les institucions i serveis de la zona.<\/li>\n<li>Coordinaci\u00f3 i organitzaci\u00f3 de les activitats del Pla de Formaci\u00f3 de Zona (PFZ), incloent la gesti\u00f3 d\u2019activitats de coordinaci\u00f3 de grups de docents i la informaci\u00f3 i assessorament als centres en l\u2019avaluaci\u00f3 del seu aprofitament i de la transfer\u00e8ncia a l\u2019aula.<\/li>\n<li>Disseny, elaboraci\u00f3 i pr\u00e9stec de materials, recursos did\u00e0ctics i maletes pedag\u00f2giques.<\/li>\n<li>Acompanyament als centres per la innovaci\u00f3 metodol\u00f2gica i la inclusi\u00f3 de noves tecnologies i recursos digitals a l\u2019aula.<\/li>\n<\/ul>\n<p>L\u2019acc\u00e9s al servei \u00e9s a partir de demandes dels centres educatius, d\u2019equips docents, de grups de professorat o en la coordinaci\u00f3 amb altres serveis i agents educatius que actuen a la zona.<\/p>\n<h6><span style=\"color: #11b8b8;\"><a style=\"color: #11b8b8;\" href=\"http:\/\/xtec.gencat.cat\/ca\/serveis\/sez\/crp\/\" target=\"_blank\" rel=\"noopener noreferrer\"><strong>Per saber-ne m\u00e9s<\/strong><\/a><\/span><\/h6>\n<\/div>\n\n\n<p><\/p>\n","protected":false},"excerpt":{"rendered":"<p>El Centre de Recursos Pedag\u00f2gics del Vall\u00e8s Oriental IV d\u00f3na suport a l\u2019activitat pedag\u00f2gica dels centres i a la tasca docent especialment en temes de formaci\u00f3 permanent, de recursos pedag\u00f2gics i de dinamitzaci\u00f3 de projectes de centre i de la comarca. EL NOSTRE EQUIP Est\u00e0 format per dues t\u00e8cniques docents: Mireia N, docent de secund\u00e0ria, [&hellip;]<\/p>\n","protected":false},"author":1,"featured_media":0,"parent":306,"menu_order":0,"comment_status":"closed","ping_status":"closed","template":"","meta":{"_bbp_topic_count":0,"_bbp_reply_count":0,"_bbp_total_topic_count":0,"_bbp_total_reply_count":0,"_bbp_voice_count":0,"_bbp_anonymous_reply_count":0,"_bbp_topic_count_hidden":0,"_bbp_reply_count_hidden":0,"_bbp_forum_subforum_count":0,"site-sidebar-layout":"default","site-content-layout":"","ast-site-content-layout":"default","site-content-style":"default","site-sidebar-style":"default","ast-global-header-display":"","ast-banner-title-visibility":"","ast-main-header-display":"","ast-hfb-above-header-display":"","ast-hfb-below-header-display":"","ast-hfb-mobile-header-display":"","site-post-title":"","ast-breadcrumbs-content":"","ast-featured-img":"","footer-sml-layout":"","theme-transparent-header-meta":"","adv-header-id-meta":"","stick-header-meta":"","header-above-stick-meta":"","header-main-stick-meta":"","header-below-stick-meta":"","astra-migrate-meta-layouts":"set","ast-page-background-enabled":"default","ast-page-background-meta":{"desktop":{"background-color":"var(--ast-global-color-4)","background-image":"","background-repeat":"repeat","background-position":"center center","background-size":"auto","background-attachment":"scroll","background-type":"","background-media":"","overlay-type":"","overlay-color":"","overlay-opacity":"","overlay-gradient":""},"tablet":{"background-color":"","background-image":"","background-repeat":"repeat","background-position":"center center","background-size":"auto","background-attachment":"scroll","background-type":"","background-media":"","overlay-type":"","overlay-color":"","overlay-opacity":"","overlay-gradient":""},"mobile":{"background-color":"","background-image":"","background-repeat":"repeat","background-position":"center center","background-size":"auto","background-attachment":"scroll","background-type":"","background-media":"","overlay-type":"","overlay-color":"","overlay-opacity":"","overlay-gradient":""}},"ast-content-background-meta":{"desktop":{"background-color":"var(--ast-global-color-5)","background-image":"","background-repeat":"repeat","background-position":"center center","background-size":"auto","background-attachment":"scroll","background-type":"","background-media":"","overlay-type":"","overlay-color":"","overlay-opacity":"","overlay-gradient":""},"tablet":{"background-color":"var(--ast-global-color-5)","background-image":"","background-repeat":"repeat","background-position":"center center","background-size":"auto","background-attachment":"scroll","background-type":"","background-media":"","overlay-type":"","overlay-color":"","overlay-opacity":"","overlay-gradient":""},"mobile":{"background-color":"var(--ast-global-color-5)","background-image":"","background-repeat":"repeat","background-position":"center center","background-size":"auto","background-attachment":"scroll","background-type":"","background-media":"","overlay-type":"","overlay-color":"","overlay-opacity":"","overlay-gradient":""}},"footnotes":""},"class_list":["post-12497","page","type-page","status-publish","hentry"],"post_mailing_queue_ids":[],"_links":{"self":[{"href":"https:\/\/serveiseducatius.xtec.cat\/vallesoriental4\/wp-json\/wp\/v2\/pages\/12497","targetHints":{"allow":["GET"]}}],"collection":[{"href":"https:\/\/serveiseducatius.xtec.cat\/vallesoriental4\/wp-json\/wp\/v2\/pages"}],"about":[{"href":"https:\/\/serveiseducatius.xtec.cat\/vallesoriental4\/wp-json\/wp\/v2\/types\/page"}],"author":[{"embeddable":true,"href":"https:\/\/serveiseducatius.xtec.cat\/vallesoriental4\/wp-json\/wp\/v2\/users\/1"}],"replies":[{"embeddable":true,"href":"https:\/\/serveiseducatius.xtec.cat\/vallesoriental4\/wp-json\/wp\/v2\/comments?post=12497"}],"version-history":[{"count":6,"href":"https:\/\/serveiseducatius.xtec.cat\/vallesoriental4\/wp-json\/wp\/v2\/pages\/12497\/revisions"}],"predecessor-version":[{"id":24382,"href":"https:\/\/serveiseducatius.xtec.cat\/vallesoriental4\/wp-json\/wp\/v2\/pages\/12497\/revisions\/24382"}],"up":[{"embeddable":true,"href":"https:\/\/serveiseducatius.xtec.cat\/vallesoriental4\/wp-json\/wp\/v2\/pages\/306"}],"wp:attachment":[{"href":"https:\/\/serveiseducatius.xtec.cat\/vallesoriental4\/wp-json\/wp\/v2\/media?parent=12497"}],"curies":[{"name":"wp","href":"https:\/\/api.w.org\/{rel}","templated":true}]}}