{"id":23146,"date":"2025-03-27T09:47:34","date_gmt":"2025-03-27T08:47:34","guid":{"rendered":"https:\/\/serveiseducatius.xtec.cat\/vallesoriental3\/?page_id=23146"},"modified":"2026-01-26T15:47:29","modified_gmt":"2026-01-26T14:47:29","slug":"violencies","status":"publish","type":"page","link":"https:\/\/serveiseducatius.xtec.cat\/vallesoriental3\/convivencia\/violencies\/","title":{"rendered":"Viol\u00e8ncies."},"content":{"rendered":"\n<div class=\"wp-block-columns is-layout-flex wp-container-core-columns-is-layout-1 wp-block-columns-is-layout-flex\" style=\"margin-top:0;margin-bottom:0;padding-top:var(--wp--preset--spacing--20);padding-right:var(--wp--preset--spacing--30);padding-bottom:var(--wp--preset--spacing--20);padding-left:var(--wp--preset--spacing--30)\">\n<div class=\"wp-block-column is-layout-flow wp-container-core-column-is-layout-1 wp-block-column-is-layout-flow\" style=\"padding-top:0;padding-right:0;padding-bottom:0;padding-left:0;flex-basis:33.33%\">\n<figure class=\"wp-block-image size-full\"><img loading=\"lazy\" decoding=\"async\" width=\"993\" height=\"752\" src=\"https:\/\/serveiseducatius.xtec.cat\/vallesoriental3\/wp-content\/uploads\/usu768\/2025\/03\/violencias.webp\" alt=\"\" class=\"wp-image-23154\" srcset=\"https:\/\/serveiseducatius.xtec.cat\/vallesoriental3\/wp-content\/uploads\/usu768\/2025\/03\/violencias.webp 993w, https:\/\/serveiseducatius.xtec.cat\/vallesoriental3\/wp-content\/uploads\/usu768\/2025\/03\/violencias-210x159.webp 210w, https:\/\/serveiseducatius.xtec.cat\/vallesoriental3\/wp-content\/uploads\/usu768\/2025\/03\/violencias-768x582.webp 768w\" sizes=\"auto, (max-width: 993px) 100vw, 993px\" \/><\/figure>\n<\/div>\n\n\n\n<div class=\"wp-block-column is-layout-flow wp-block-column-is-layout-flow\" style=\"flex-basis:66.66%\">\n<p>En aquest espai recollim recursos per a la <strong>prevenci\u00f3, detecci\u00f3 i abordatge de les viol\u00e8ncies<\/strong> als centres educatius. L\u2019objectiu \u00e9s oferir eines que ajudin a garantir entorns escolars segurs, respectuosos i protectors per a tot l\u2019alumnat, tot promovent una conviv\u00e8ncia positiva basada en el respecte i la igualtat.<\/p>\n<\/div>\n<\/div>\n\n\n\n<p>Hi trobar\u00e0s <strong>programes espec\u00edfics<\/strong> com el <em>#aquiproubullying<\/em>, el <em>Pla Les Escoles Lliures de Viol\u00e8ncies (LELV)<\/em> o les unitats de suport USAV i USCE, aix\u00ed com materials, formacions i protocols per actuar davant situacions de viol\u00e8ncia masclista, assetjament o altres formes de viol\u00e8ncia en l\u2019\u00e0mbit educatiu. S\u00f3n recursos pensats per a equips directius, docents i serveis d\u2019orientaci\u00f3 que lideren accions per fer de l\u2019escola un espai lliure de viol\u00e8ncies.<\/p>\n\n\n\n<h2 class=\"wp-block-heading has-ast-global-color-1-color has-text-color has-background has-link-color has-large-font-size wp-elements-1e20d0eea05f7883556982bddd3d2d5a\" style=\"background-color:#d3d3d3;padding-top:0;padding-right:0;padding-bottom:0;padding-left:0\">Viol\u00e8ncia masclista<\/h2>\n\n\n\n<ul class=\"wp-block-list\">\n<li>Programa formatiu de prevenci\u00f3 de la viol\u00e8ncia masclista XTEC &#8211; <a href=\"https:\/\/xtec.gencat.cat\/ca\/centres\/projeducatiu\/convivencia\/prog-form-prev-violencia-masclista\/\" target=\"_blank\" rel=\"noreferrer noopener\">https:\/\/xtec.gencat.cat\/ca\/centres\/projeducatiu\/convivencia\/prog-form-prev-violencia-masclista\/<\/a>\n<ul class=\"wp-block-list\">\n<li><strong>Dossier amb activitats per l\u2019alumnat i Guia Docent<\/strong> per a les activitats per prim\u00e0ria, secund\u00e0ria i fam\u00edlies en:\n<ul class=\"wp-block-list\">\n<li>Aproximaci\u00f3 a la coeducaci\u00f3 i l\u2019equitat de g\u00e8nere<\/li>\n\n\n\n<li>Construcci\u00f3 de models alternatius de masculinitat i feminitat<\/li>\n\n\n\n<li>Relacions afectives i sexuals saludables<\/li>\n\n\n\n<li>Toler\u00e0ncia zero a la viol\u00e8ncia masclista i relacions abusives<\/li>\n<\/ul>\n<\/li>\n<\/ul>\n<\/li>\n<\/ul>\n\n\n\n<ul class=\"wp-block-list\">\n<li>Guia docent identificaci\u00f3 de les viol\u00e8ncies masclistes:\n<ul class=\"wp-block-list\">\n<li><a href=\"https:\/\/xtec.gencat.cat\/web\/.content\/alumnat\/violencies\/materials-i-recursos\/recursos\/01_identificacio_vm_primaria_docent_okfinal.pdf\" target=\"_blank\" rel=\"noreferrer noopener\">https:\/\/xtec.gencat.cat\/web\/.content\/alumnat\/violencies\/materials-i-recursos\/recursos\/01_identificacio_vm_primaria_docent_okfinal.pdf<\/a><\/li>\n<\/ul>\n<\/li>\n<\/ul>\n\n\n\n<ul class=\"wp-block-list\">\n<li>Guia: <strong>Estimar no fa mal:<\/strong><a href=\"https:\/\/salutsexual.sidastudi.org\/resources\/inmagic-img\/DD24865.pdf\" target=\"_blank\" rel=\"noreferrer noopener\">DD24865.pdf (sidastudi.org)<\/a><\/li>\n<\/ul>\n\n\n\n<ul class=\"wp-block-list\">\n<li>Guia per treballar les viol\u00e8ncies masclistes en entorns digitals (fitxa d\u2019activitats per treballar les situacions de viol\u00e8ncia masclista a trav\u00e9s de les xarxes)\n<ul class=\"wp-block-list\">\n<li><a href=\"https:\/\/cnjc.cat\/ca\/projecte\/unfollow-a-les-violencies-masclistes\" target=\"_blank\" rel=\"noreferrer noopener\">https:\/\/cnjc.cat\/ca\/projecte\/unfollow-a-les-violencies-masclistes<\/a><\/li>\n<\/ul>\n<\/li>\n<\/ul>\n\n\n\n<h2 class=\"wp-block-heading has-ast-global-color-1-color has-text-color has-background has-link-color has-large-font-size wp-elements-2590579d28b705b012ca25b641864346\" style=\"background-color:#d3d3d3;padding-top:0;padding-right:0;padding-bottom:0;padding-left:0\">Viol\u00e8ncia sexuals<\/h2>\n\n\n\n<p><a rel=\"noreferrer noopener\" href=\"https:\/\/repositori.educacio.gencat.cat\/bitstream\/handle\/20.500.12694\/3227\/guia_acompanyament_bon_tracte_alumnat_verbalitza_situacions_violencies_sexulas_2022.pdf?sequence=1\" target=\"_blank\">Guia d&#8217;acompanyament i bon tracte a l&#8217;alumnat que verbalitza situacions de viol\u00e8ncies sexuals (gencat.cat)<\/a><\/p>\n\n\n\n<p><a href=\"https:\/\/xtec.gencat.cat\/web\/.content\/alumnat\/violencies\/materials-i-recursos\/recursos\/Guia-dorientacio_vio_sex_tutoria_accessible_bona.pdf\">https:\/\/xtec.gencat.cat\/web\/.content\/alumnat\/violencies\/materials-i-recursos\/recursos\/Guia-dorientacio_vio_sex_tutoria_accessible_bona.pdf<\/a><\/p>\n\n\n\n<p><a href=\"https:\/\/www.tarragona.cat\/serveis-a-la-persona\/fitxers\/altres\/dones\/guia-jove-sobre-consentiment-a-14-b-web.pdf\">https:\/\/www.tarragona.cat\/serveis-a-la-persona\/fitxers\/altres\/dones\/guia-jove-sobre-consentiment-a-14-b-web.pdf<\/a><\/p>\n\n\n\n<p><strong>La Bici de la Lola<\/strong><\/p>\n\n\n\n<p><a href=\"https:\/\/la-bici-de-la-lola.mailchimpsites.com\/\">P\u00e0gina del conte &#8221; La Bici de la Lola&#8221;<\/a><\/p>\n\n\n\n<p><a href=\"https:\/\/xtec.gencat.cat\/web\/.content\/alumnat\/violencies\/materials-i-recursos\/recursos\/Guia-La-bici-de-la-Lola.pdf\">Guia de suport per a la lectura &#8220;La Bici de la Lola&#8221;<\/a><\/p>\n\n\n\n<h2 class=\"wp-block-heading has-ast-global-color-1-color has-text-color has-background has-link-color has-large-font-size wp-elements-55729eeea0e6bc6d894e0d1ea39bcc9f\" style=\"background-color:#d3d3d3;padding-top:0;padding-right:0;padding-bottom:0;padding-left:0\">Assetjament<\/h2>\n\n\n\n<p><a href=\"https:\/\/educacio.gencat.cat\/ca\/arees-actuacio\/alumnat\/assetjament-escolar\/index.html\">https:\/\/educacio.gencat.cat\/ca\/arees-actuacio\/alumnat\/assetjament-escolar\/index.html<\/a><\/p>\n\n\n\n<h4 class=\"wp-block-heading\"><strong>Prim\u00e0ria:<\/strong><\/h4>\n\n\n\n<p><a href=\"https:\/\/xtec.gencat.cat\/ca\/centres\/projeducatiu\/convivencia\/aquiproubullying\/moduls-formatius\/una-ma-de-contes\">https:\/\/xtec.gencat.cat\/ca\/centres\/projeducatiu\/convivencia\/aquiproubullying\/moduls-formatius\/una-ma-de-contes<\/a><\/p>\n\n\n\n<p>Els contes els pots trobar a&nbsp;<a href=\"https:\/\/www.ccma.cat\/tv3\/sx3\/una-ma-de-contes\/\" target=\"_blank\" rel=\"noreferrer noopener\">https:\/\/www.ccma.cat\/tv3\/sx3\/una-ma-de-contes\/<\/a><\/p>\n\n\n\n<p><a href=\"https:\/\/www.ccma.cat\/tv3\/sx3\/documentacio-per-treballar-lassetjament-a-laula\/noticia\/2936893\/\" target=\"_blank\" rel=\"noreferrer noopener\">https:\/\/www.ccma.cat\/tv3\/sx3\/documentacio-per-treballar-lassetjament-a-laula\/noticia\/2936893\/<\/a><\/p>\n\n\n\n<p><a href=\"https:\/\/www.siguestu.cat\/ca\/recursos2\/l\/1406-what-would-christmas-be-without-love--assetja.html\" target=\"_blank\" rel=\"noreferrer noopener\">https:\/\/www.siguestu.cat\/ca\/recursos2\/l\/1406-what-would-christmas-be-without-love&#8211;assetja.html<\/a><\/p>\n\n\n\n<h4 class=\"wp-block-heading\"><strong>Prim\u00e0ria\/Secund\u00e0ria:<\/strong><\/h4>\n\n\n\n<p>InfoK \u2013 Programa No Callis contra el bullying i Programa Assetjament Escolar<\/p>\n\n\n\n<ul class=\"wp-block-list\">\n<li><a href=\"https:\/\/www.ccma.cat\/tv3\/sx3\/no-callis-contra-el-bullying\/video\/6217905\/\" target=\"_blank\" rel=\"noreferrer noopener\">No callis! Contra el bullying &#8211; No informat &#8211; SX3 (ccma.cat)<\/a><\/li>\n\n\n\n<li><a href=\"https:\/\/www.ccma.cat\/tv3\/sx3\/infok-03052021\/video\/6098622\/\" target=\"_blank\" rel=\"noreferrer noopener\">03\/05\/2021 &#8211; InfoK &#8211; SX3 (ccma.cat)<\/a><\/li>\n<\/ul>\n\n\n\n<h4 class=\"wp-block-heading\">Secund\u00e0ria\/batxi\/post:<\/h4>\n\n\n\n<p><a href=\"https:\/\/www.ccma.cat\/tv3\/sx3\/infok-02052016-especial-bullying\/video\/5598844\">https:\/\/www.ccma.cat\/tv3\/sx3\/infok-02052016-especial-bullying\/video\/5598844<\/a><\/p>\n\n\n\n<ul class=\"wp-block-list\">\n<li>Aqu\u00ed prou bullying:\n<ul class=\"wp-block-list\">\n<li><a href=\"https:\/\/xtec.gencat.cat\/ca\/centres\/projeducatiu\/convivencia\/aquiproubullying\/\" target=\"_blank\" rel=\"noreferrer noopener\">https:\/\/xtec.gencat.cat\/ca\/centres\/projeducatiu\/convivencia\/aquiproubullying\/<\/a>\n<ul class=\"wp-block-list\">\n<li>M\u00f2duls formatius prim\u00e0ria\/secund\u00e0ria\/fam\u00edlia<\/li>\n<\/ul>\n<\/li>\n<\/ul>\n<\/li>\n<\/ul>\n\n\n\n<h2 class=\"wp-block-heading has-ast-global-color-1-color has-text-color has-background has-link-color has-large-font-size wp-elements-1c93e8c5ae20887a58dbd7c4e030445a\" style=\"background-color:#d3d3d3;padding-top:0;padding-right:0;padding-bottom:0;padding-left:0\">Ciberassetjament<\/h2>\n\n\n\n<p><strong>Siguestu.cat. <\/strong><br>Recursos per a docents (v\u00eddeos per treballar el ciberassetjament, exposici\u00f3 a les xarxes, l\u2019\u00fas de pantalles.<\/p>\n\n\n\n<ul class=\"wp-block-list\">\n<li><a href=\"https:\/\/www.siguestu.cat\/ca\/recursos2\/l\/4156-tu-pots-parar-ho--ciberassetjament.html\" target=\"_blank\" rel=\"noreferrer noopener\">Tu pots parar-ho! &#8211; Ciberassetjament | Sigues TU<\/a><\/li>\n<\/ul>\n\n\n\n<p><strong>Grooming \u2013 Di no a la violencia online que sufre violencia. Save the children:<\/strong><\/p>\n\n\n\n<ul class=\"wp-block-list\">\n<li><a href=\"https:\/\/www.youtube.com\/watch?v=_6iUbXdwgio\" target=\"_blank\" rel=\"noreferrer noopener\">https:\/\/www.youtube.com\/watch?v=_6iUbXdwgio<\/a><\/li>\n<\/ul>\n\n\n\n<ul class=\"wp-block-list\">\n<li><\/li>\n<\/ul>\n\n\n\n<h2 class=\"wp-block-heading has-ast-global-color-1-color has-text-color has-background has-link-color has-large-font-size wp-elements-219dc18ee54a5019fd145e8369db7970\" style=\"background-color:#d3d3d3;padding-top:0;padding-right:0;padding-bottom:0;padding-left:0\">Interseccionalitat<\/h2>\n\n\n\n<div class=\"wp-block-columns is-layout-flex wp-container-core-columns-is-layout-2 wp-block-columns-is-layout-flex\" style=\"padding-top:0;padding-right:var(--wp--preset--spacing--20);padding-bottom:0;padding-left:var(--wp--preset--spacing--20)\">\n<div class=\"wp-block-column is-layout-flow wp-block-column-is-layout-flow\" style=\"flex-basis:33.33%\">\n<figure class=\"wp-block-embed is-type-video is-provider-youtube wp-block-embed-youtube wp-embed-aspect-16-9 wp-has-aspect-ratio\"><div class=\"wp-block-embed__wrapper\">\n<div class=\"ast-oembed-container \" style=\"height: 100%;\"><iframe loading=\"lazy\" title=\"\u00bfQu\u00e9 es &quot;interseccionalidad&quot;? Subtitulada en espa\u00f1ol\" width=\"500\" height=\"281\" src=\"https:\/\/www.youtube.com\/embed\/hBaIhlmM3ow?feature=oembed\" frameborder=\"0\" allow=\"accelerometer; autoplay; clipboard-write; encrypted-media; gyroscope; picture-in-picture; web-share\" referrerpolicy=\"strict-origin-when-cross-origin\" allowfullscreen><\/iframe><\/div>\n<\/div><\/figure>\n<\/div>\n\n\n\n<div class=\"wp-block-column is-layout-flow wp-block-column-is-layout-flow\" style=\"flex-basis:66.66%\">\n<p><strong>Interseccionalitat<\/strong> \u00e9s un concepte que s\u2019utilitza per entendre <strong>com diferents formes de discriminaci\u00f3 o opressi\u00f3 (com ara el g\u00e8nere, l\u2019origen, la classe social, la discapacitat, l\u2019orientaci\u00f3 sexual, etc.) poden interactuar i combinar-se en una mateixa persona<\/strong>.<\/p>\n\n\n\n<p>Per exemple, <strong>no \u00e9s el mateix ser una dona<\/strong>, que <strong>ser una dona migrada<\/strong>, o <strong>una dona migrada amb discapacitat<\/strong>. Cadascuna d\u2019aquestes caracter\u00edstiques pot sumar obstacles espec\u00edfics, i la interseccionalitat ens ajuda a entendre aquesta complexitat per no fer lectures simplistes de les desigualtats.<\/p>\n\n\n\n<p>En l\u2019\u00e0mbit educatiu, aplicar una mirada interseccional vol dir <strong>tenir en compte totes aquestes variables<\/strong> quan analitzem situacions de desigualtat, discriminaci\u00f3 o viol\u00e8ncia, i actuar amb m\u00e9s sensibilitat i just\u00edcia social.<\/p>\n<\/div>\n<\/div>\n\n\n\n<ul class=\"wp-block-list\">\n<li>Guia &#8220;Joves i mirades diverses. Guia per a una educaci\u00f3 afectivosexual amb mirada interseccional&#8221;:<br><a href=\"https:\/\/ejoventut.gencat.cat\/web\/.content\/e-joventut\/recursos\/tipus_de_recurs\/documentacio\/fitxes_exteses\/FE-Guia-Joves-Mirades-Diverses\/arxius\/Joves_Mirades_Diverses_color.pdf\">https:\/\/ejoventut.gencat.cat\/web\/.content\/e-joventut\/recursos\/tipus_de_recurs\/documentacio\/fitxes_exteses\/FE-Guia-Joves-Mirades-Diverses\/arxius\/Joves_Mirades_Diverses_color.pdf<\/a><\/li>\n\n\n\n<li>Guia pedag\u00f2gica: El club de la lluiuta per la igualtat:<br><a href=\"https:\/\/igualtat.gencat.cat\/ca\/actualitat\/campanyes\/el-club-de-la-lluita-per-la-igualtat\">https:\/\/igualtat.gencat.cat\/ca\/actualitat\/campanyes\/el-club-de-la-lluita-per-la-igualtat<\/a><a href=\"https:\/\/igualtat.gencat.cat\/web\/.content\/Actualitat\/campanyes\/club-igualtat\/Guia_Pedagogica-El-club-de-la-lluita-per-la-igualtat.pdf\">https:\/\/igualtat.gencat.cat\/web\/.content\/Actualitat\/campanyes\/club-igualtat\/Guia_Pedagogica-El-club-de-la-lluita-per-la-igualtat.pdf<\/a><\/li>\n<\/ul>\n","protected":false},"excerpt":{"rendered":"<p>En aquest espai recollim recursos per a la prevenci\u00f3, detecci\u00f3 i abordatge de les viol\u00e8ncies als centres educatius. L\u2019objectiu \u00e9s [&hellip;]<\/p>\n","protected":false},"author":1,"featured_media":0,"parent":21354,"menu_order":0,"comment_status":"closed","ping_status":"close","template":"","meta":{"_bbp_topic_count":0,"_bbp_reply_count":0,"_bbp_total_topic_count":0,"_bbp_total_reply_count":0,"_bbp_voice_count":0,"_bbp_anonymous_reply_count":0,"_bbp_topic_count_hidden":0,"_bbp_reply_count_hidden":0,"_bbp_forum_subforum_count":0,"site-sidebar-layout":"default","site-content-layout":"","ast-site-content-layout":"default","site-content-style":"default","site-sidebar-style":"default","ast-global-header-display":"","ast-banner-title-visibility":"","ast-main-header-display":"","ast-hfb-above-header-display":"","ast-hfb-below-header-display":"","ast-hfb-mobile-header-display":"","site-post-title":"","ast-breadcrumbs-content":"","ast-featured-img":"","footer-sml-layout":"","theme-transparent-header-meta":"","adv-header-id-meta":"","stick-header-meta":"","header-above-stick-meta":"","header-main-stick-meta":"","header-below-stick-meta":"","astra-migrate-meta-layouts":"set","ast-page-background-enabled":"default","ast-page-background-meta":{"desktop":{"background-color":"var(--ast-global-color-4)","background-image":"","background-repeat":"repeat","background-position":"center center","background-size":"auto","background-attachment":"scroll","background-type":"","background-media":"","overlay-type":"","overlay-color":"","overlay-opacity":"","overlay-gradient":""},"tablet":{"background-color":"","background-image":"","background-repeat":"repeat","background-position":"center center","background-size":"auto","background-attachment":"scroll","background-type":"","background-media":"","overlay-type":"","overlay-color":"","overlay-opacity":"","overlay-gradient":""},"mobile":{"background-color":"","background-image":"","background-repeat":"repeat","background-position":"center center","background-size":"auto","background-attachment":"scroll","background-type":"","background-media":"","overlay-type":"","overlay-color":"","overlay-opacity":"","overlay-gradient":""}},"ast-content-background-meta":{"desktop":{"background-color":"var(--ast-global-color-5)","background-image":"","background-repeat":"repeat","background-position":"center center","background-size":"auto","background-attachment":"scroll","background-type":"","background-media":"","overlay-type":"","overlay-color":"","overlay-opacity":"","overlay-gradient":""},"tablet":{"background-color":"var(--ast-global-color-5)","background-image":"","background-repeat":"repeat","background-position":"center center","background-size":"auto","background-attachment":"scroll","background-type":"","background-media":"","overlay-type":"","overlay-color":"","overlay-opacity":"","overlay-gradient":""},"mobile":{"background-color":"var(--ast-global-color-5)","background-image":"","background-repeat":"repeat","background-position":"center center","background-size":"auto","background-attachment":"scroll","background-type":"","background-media":"","overlay-type":"","overlay-color":"","overlay-opacity":"","overlay-gradient":""}},"footnotes":""},"class_list":["post-23146","page","type-page","status-publish","hentry"],"post_mailing_queue_ids":[],"_links":{"self":[{"href":"https:\/\/serveiseducatius.xtec.cat\/vallesoriental3\/wp-json\/wp\/v2\/pages\/23146","targetHints":{"allow":["GET"]}}],"collection":[{"href":"https:\/\/serveiseducatius.xtec.cat\/vallesoriental3\/wp-json\/wp\/v2\/pages"}],"about":[{"href":"https:\/\/serveiseducatius.xtec.cat\/vallesoriental3\/wp-json\/wp\/v2\/types\/page"}],"author":[{"embeddable":true,"href":"https:\/\/serveiseducatius.xtec.cat\/vallesoriental3\/wp-json\/wp\/v2\/users\/1"}],"replies":[{"embeddable":true,"href":"https:\/\/serveiseducatius.xtec.cat\/vallesoriental3\/wp-json\/wp\/v2\/comments?post=23146"}],"version-history":[{"count":6,"href":"https:\/\/serveiseducatius.xtec.cat\/vallesoriental3\/wp-json\/wp\/v2\/pages\/23146\/revisions"}],"predecessor-version":[{"id":24171,"href":"https:\/\/serveiseducatius.xtec.cat\/vallesoriental3\/wp-json\/wp\/v2\/pages\/23146\/revisions\/24171"}],"up":[{"embeddable":true,"href":"https:\/\/serveiseducatius.xtec.cat\/vallesoriental3\/wp-json\/wp\/v2\/pages\/21354"}],"wp:attachment":[{"href":"https:\/\/serveiseducatius.xtec.cat\/vallesoriental3\/wp-json\/wp\/v2\/media?parent=23146"}],"curies":[{"name":"wp","href":"https:\/\/api.w.org\/{rel}","templated":true}]}}