{"id":22977,"date":"2025-03-21T07:31:15","date_gmt":"2025-03-21T06:31:15","guid":{"rendered":"https:\/\/serveiseducatius.xtec.cat\/vallesoriental3\/?page_id=22977"},"modified":"2025-03-21T12:47:30","modified_gmt":"2025-03-21T11:47:30","slug":"usos-linguistics","status":"publish","type":"page","link":"https:\/\/serveiseducatius.xtec.cat\/vallesoriental3\/llengua\/usos-linguistics\/","title":{"rendered":"Usos Ling\u00fc\u00edstics"},"content":{"rendered":"\n<h2 class=\"wp-block-heading has-ast-global-color-1-color has-text-color has-background has-link-color has-large-font-size wp-elements-8df0b0e0928c987c39a20a821522abc5\" style=\"background-color:#d3d3d3;padding-top:0;padding-right:0;padding-bottom:0;padding-left:0\">Usos Ling\u00fc\u00edstics<\/h2>\n\n\n\n<p>Les sigles <strong>ULAE<\/strong> fan refer\u00e8ncia als <strong>Usos Ling\u00fc\u00edstics en l\u2019\u00c0mbit Educatiu<\/strong>. Aquest programa t\u00e9 com a objectiu proporcionar eines per millorar la gesti\u00f3 de la diversitat ling\u00fc\u00edstica als centres educatius i incentivar l\u2019aprenentatge i l\u2019\u00fas del catal\u00e0 com a valor d\u2019enriquiment compartit.\u00a0<\/p>\n\n\n\n<div class=\"wp-block-columns is-layout-flex wp-container-core-columns-is-layout-1 wp-block-columns-is-layout-flex\">\n<div class=\"wp-block-column is-layout-flow wp-block-column-is-layout-flow\" style=\"flex-basis:65%\">\n<p>El programa s\u2019estructura en tallers de sensibilitzaci\u00f3 que promouen la reflexi\u00f3 sobre l\u2019\u00fas del catal\u00e0 als centres educatius, compartint metodologies d\u2019ensenyament i aprenentatge, especialment en contextos on el catal\u00e0 no \u00e9s la primera llengua de l\u2019alumnat. Aquests tallers tamb\u00e9 aborden la import\u00e0ncia del docent com a model ling\u00fc\u00edstic i la comunicaci\u00f3 amb les fam\u00edlies i l\u2019entorn educatiu.&nbsp;<\/p>\n<\/div>\n\n\n\n<div class=\"wp-block-column is-layout-flow wp-block-column-is-layout-flow\" style=\"flex-basis:35%\">\n<figure class=\"wp-block-image alignwide size-full\"><img loading=\"lazy\" decoding=\"async\" width=\"450\" height=\"450\" src=\"https:\/\/serveiseducatius.xtec.cat\/vallesoriental3\/wp-content\/uploads\/usu768\/2025\/03\/LOGOS-WEB-450-x-450-px.png\" alt=\"\" class=\"wp-image-22979\" srcset=\"https:\/\/serveiseducatius.xtec.cat\/vallesoriental3\/wp-content\/uploads\/usu768\/2025\/03\/LOGOS-WEB-450-x-450-px.png 450w, https:\/\/serveiseducatius.xtec.cat\/vallesoriental3\/wp-content\/uploads\/usu768\/2025\/03\/LOGOS-WEB-450-x-450-px-210x210.png 210w, https:\/\/serveiseducatius.xtec.cat\/vallesoriental3\/wp-content\/uploads\/usu768\/2025\/03\/LOGOS-WEB-450-x-450-px-150x150.png 150w\" sizes=\"auto, (max-width: 450px) 100vw, 450px\" \/><\/figure>\n\n\n\n<p class=\"has-text-align-center\">Aqu\u00ed trobeu una recopil\u00b7laci\u00f3 de recursos per a desplegar els ULAEs als centres.<\/p>\n<\/div>\n<\/div>\n\n\n\n<p>A m\u00e9s, s\u2019han creat xarxes formatives ULAE on es comparteixen metodologies, estrat\u00e8gies i bones pr\u00e0ctiques per millorar la compet\u00e8ncia ling\u00fc\u00edstica de l\u2019alumnat i potenciar l\u2019\u00fas del catal\u00e0 com a llengua vehicular i de cohesi\u00f3 social.&nbsp;<\/p>\n\n\n\n<p>En resum, el programa ULAE busca fomentar l\u2019\u00fas del catal\u00e0 en l\u2019\u00e0mbit educatiu, assegurant que tot l\u2019alumnat assoleixi una s\u00f2lida compet\u00e8ncia comunicativa en catal\u00e0, castell\u00e0 i almenys una llengua estrangera, i que la llengua catalana esdevingui l\u2019eix vertebrador d\u2019una escola diversa i pluriling\u00fce.&nbsp;<\/p>\n\n\n\n<p><\/p>\n\n\n\n<div class=\"wp-block-columns has-small-font-size is-layout-flex wp-container-core-columns-is-layout-2 wp-block-columns-is-layout-flex\" style=\"margin-top:0;margin-bottom:0;padding-right:var(--wp--preset--spacing--20);padding-left:var(--wp--preset--spacing--20)\">\n<div class=\"wp-block-column has-ast-global-color-1-color has-text-color has-background has-link-color wp-elements-0a188a2b98ade88752e7edf77b53813c is-layout-flow wp-block-column-is-layout-flow\" style=\"background-color:#d3d3d3\">\n<h2 class=\"wp-block-heading has-large-font-size\" style=\"padding-top:0;padding-right:0;padding-bottom:0;padding-left:0\">Articles recents<\/h2>\n<\/div>\n<\/div>\n\n\n<ul class=\"wp-block-latest-posts__list is-grid columns-4 wp-block-latest-posts\"><li><div class=\"wp-block-latest-posts__featured-image\"><img loading=\"lazy\" decoding=\"async\" width=\"210\" height=\"162\" src=\"https:\/\/serveiseducatius.xtec.cat\/vallesoriental3\/wp-content\/uploads\/usu768\/2023\/11\/conversa-210x162.jpeg\" class=\"attachment-medium size-medium wp-post-image\" alt=\"\" style=\"\" srcset=\"https:\/\/serveiseducatius.xtec.cat\/vallesoriental3\/wp-content\/uploads\/usu768\/2023\/11\/conversa-210x162.jpeg 210w, https:\/\/serveiseducatius.xtec.cat\/vallesoriental3\/wp-content\/uploads\/usu768\/2023\/11\/conversa.jpeg 256w\" sizes=\"auto, (max-width: 210px) 100vw, 210px\" \/><\/div><a class=\"wp-block-latest-posts__post-title\" href=\"https:\/\/serveiseducatius.xtec.cat\/vallesoriental3\/portada\/proves-de-comunicacio-oral-descripcio-i-recursos\/\">Proves de comunicaci\u00f3 oral: descripci\u00f3 i recursos<\/a><div class=\"wp-block-latest-posts__post-excerpt\">Des de l&#8217;equip LIC del Servei Educatiu, us presentem aquestes c\u00e0psules descriptives de les proves orals de Prim\u00e0ria i ESO, l&#8217;an\u00e0lisi dels resultats de 2023 i una \u00faltima c\u00e0psula enfocada\u2026 <a class=\"wp-block-latest-posts__read-more\" href=\"https:\/\/serveiseducatius.xtec.cat\/vallesoriental3\/portada\/proves-de-comunicacio-oral-descripcio-i-recursos\/\" rel=\"noopener noreferrer\">M\u00e9s informaci\u00f3<span class=\"screen-reader-text\">: Proves de comunicaci\u00f3 oral: descripci\u00f3 i recursos<\/span><\/a><\/div><\/li>\n<li><div class=\"wp-block-latest-posts__featured-image\"><img loading=\"lazy\" decoding=\"async\" width=\"210\" height=\"152\" src=\"https:\/\/serveiseducatius.xtec.cat\/vallesoriental3\/wp-content\/uploads\/usu768\/2023\/03\/Pagina-web-CRP-IMATGES-1-1-210x152.png\" class=\"attachment-medium size-medium wp-post-image\" alt=\"\" style=\"\" srcset=\"https:\/\/serveiseducatius.xtec.cat\/vallesoriental3\/wp-content\/uploads\/usu768\/2023\/03\/Pagina-web-CRP-IMATGES-1-1-210x152.png 210w, https:\/\/serveiseducatius.xtec.cat\/vallesoriental3\/wp-content\/uploads\/usu768\/2023\/03\/Pagina-web-CRP-IMATGES-1-1-768x555.png 768w, https:\/\/serveiseducatius.xtec.cat\/vallesoriental3\/wp-content\/uploads\/usu768\/2023\/03\/Pagina-web-CRP-IMATGES-1-1.png 900w\" sizes=\"auto, (max-width: 210px) 100vw, 210px\" \/><\/div><a class=\"wp-block-latest-posts__post-title\" href=\"https:\/\/serveiseducatius.xtec.cat\/vallesoriental3\/general\/recursos-per-incentivar-el-catala-als-centres\/\">Recursos per incentivar el catal\u00e0 als centres<\/a><div class=\"wp-block-latest-posts__post-excerpt\">Descobreix tot el que pots fer pel catal\u00e0! Aquesta Guia t&#8217;ofereix eines de m\u00faltiples organitzacions perqu\u00e8 tothom es pugui fer cr\u00e9ixer l&#8217;\u00fas social del catal\u00e0.<\/div><\/li>\n<li><div class=\"wp-block-latest-posts__featured-image\"><img loading=\"lazy\" decoding=\"async\" width=\"210\" height=\"49\" src=\"https:\/\/serveiseducatius.xtec.cat\/vallesoriental3\/wp-content\/uploads\/usu768\/2023\/01\/cropped-clap-clap-logo-2-210x49.png\" class=\"attachment-medium size-medium wp-post-image\" alt=\"\" style=\"\" srcset=\"https:\/\/serveiseducatius.xtec.cat\/vallesoriental3\/wp-content\/uploads\/usu768\/2023\/01\/cropped-clap-clap-logo-2-210x49.png 210w, https:\/\/serveiseducatius.xtec.cat\/vallesoriental3\/wp-content\/uploads\/usu768\/2023\/01\/cropped-clap-clap-logo-2-1024x240.png 1024w, https:\/\/serveiseducatius.xtec.cat\/vallesoriental3\/wp-content\/uploads\/usu768\/2023\/01\/cropped-clap-clap-logo-2-768x180.png 768w, https:\/\/serveiseducatius.xtec.cat\/vallesoriental3\/wp-content\/uploads\/usu768\/2023\/01\/cropped-clap-clap-logo-2-1536x360.png 1536w, https:\/\/serveiseducatius.xtec.cat\/vallesoriental3\/wp-content\/uploads\/usu768\/2023\/01\/cropped-clap-clap-logo-2.png 1712w\" sizes=\"auto, (max-width: 210px) 100vw, 210px\" \/><\/div><a class=\"wp-block-latest-posts__post-title\" href=\"https:\/\/serveiseducatius.xtec.cat\/vallesoriental3\/portada\/cercador-clap-clap-contingut-educatiu-a-les-xarxes-en-catala\/\">Cercador CLAP CLAP: contingut educatiu a les xarxes en catal\u00e0<\/a><div class=\"wp-block-latest-posts__post-excerpt\">La plataforma CLAP CLAP permet trobar contingut educatiu a les xarxes en catal\u00e0. Per exemple, tutorials de programes inform\u00e0tics. Aquest recurs pot ser interessant per incentivar els usos ling\u00fc\u00edstics al\u2026 <a class=\"wp-block-latest-posts__read-more\" href=\"https:\/\/serveiseducatius.xtec.cat\/vallesoriental3\/portada\/cercador-clap-clap-contingut-educatiu-a-les-xarxes-en-catala\/\" rel=\"noopener noreferrer\">M\u00e9s informaci\u00f3<span class=\"screen-reader-text\">: Cercador CLAP CLAP: contingut educatiu a les xarxes en catal\u00e0<\/span><\/a><\/div><\/li>\n<li><div class=\"wp-block-latest-posts__featured-image\"><img loading=\"lazy\" decoding=\"async\" width=\"210\" height=\"102\" src=\"https:\/\/serveiseducatius.xtec.cat\/vallesoriental3\/wp-content\/uploads\/usu768\/2022\/12\/usos_linguistics_2-210x102.jpg\" class=\"attachment-medium size-medium wp-post-image\" alt=\"\" style=\"\" srcset=\"https:\/\/serveiseducatius.xtec.cat\/vallesoriental3\/wp-content\/uploads\/usu768\/2022\/12\/usos_linguistics_2-210x102.jpg 210w, https:\/\/serveiseducatius.xtec.cat\/vallesoriental3\/wp-content\/uploads\/usu768\/2022\/12\/usos_linguistics_2-1024x498.jpg 1024w, https:\/\/serveiseducatius.xtec.cat\/vallesoriental3\/wp-content\/uploads\/usu768\/2022\/12\/usos_linguistics_2-768x374.jpg 768w, https:\/\/serveiseducatius.xtec.cat\/vallesoriental3\/wp-content\/uploads\/usu768\/2022\/12\/usos_linguistics_2.jpg 1042w\" sizes=\"auto, (max-width: 210px) 100vw, 210px\" \/><\/div><a class=\"wp-block-latest-posts__post-title\" href=\"https:\/\/serveiseducatius.xtec.cat\/vallesoriental3\/llengua\/recursos-usos-linguistics\/\">Recursos Usos Ling\u00fc\u00edstics<\/a><div class=\"wp-block-latest-posts__post-excerpt\">DEPARTAMENT D&#8217;EDUCACI\u00d3: Departament d&#8217;Educaci\u00f3: p\u00e0gina web de refer\u00e8ncia Usos Ling\u00fc\u00edstics, on s&#8217;hi van publicant diferents recursos (bones pr\u00e0ctiques i articles). Bona pr\u00e0ctica No em treguis la llengua ZER Pont Trencat\u2026 <a class=\"wp-block-latest-posts__read-more\" href=\"https:\/\/serveiseducatius.xtec.cat\/vallesoriental3\/llengua\/recursos-usos-linguistics\/\" rel=\"noopener noreferrer\">M\u00e9s informaci\u00f3<span class=\"screen-reader-text\">: Recursos Usos Ling\u00fc\u00edstics<\/span><\/a><\/div><\/li>\n<\/ul>","protected":false},"excerpt":{"rendered":"<p>Usos Ling\u00fc\u00edstics Les sigles ULAE fan refer\u00e8ncia als Usos Ling\u00fc\u00edstics en l\u2019\u00c0mbit Educatiu. Aquest programa t\u00e9 com a objectiu proporcionar [&hellip;]<\/p>\n","protected":false},"author":1,"featured_media":0,"parent":21438,"menu_order":0,"comment_status":"closed","ping_status":"close","template":"","meta":{"_bbp_topic_count":0,"_bbp_reply_count":0,"_bbp_total_topic_count":0,"_bbp_total_reply_count":0,"_bbp_voice_count":0,"_bbp_anonymous_reply_count":0,"_bbp_topic_count_hidden":0,"_bbp_reply_count_hidden":0,"_bbp_forum_subforum_count":0,"site-sidebar-layout":"default","site-content-layout":"","ast-site-content-layout":"default","site-content-style":"default","site-sidebar-style":"default","ast-global-header-display":"","ast-banner-title-visibility":"","ast-main-header-display":"","ast-hfb-above-header-display":"","ast-hfb-below-header-display":"","ast-hfb-mobile-header-display":"","site-post-title":"disabled","ast-breadcrumbs-content":"","ast-featured-img":"","footer-sml-layout":"","theme-transparent-header-meta":"","adv-header-id-meta":"","stick-header-meta":"","header-above-stick-meta":"","header-main-stick-meta":"","header-below-stick-meta":"","astra-migrate-meta-layouts":"set","ast-page-background-enabled":"default","ast-page-background-meta":{"desktop":{"background-color":"var(--ast-global-color-4)","background-image":"","background-repeat":"repeat","background-position":"center center","background-size":"auto","background-attachment":"scroll","background-type":"","background-media":"","overlay-type":"","overlay-color":"","overlay-opacity":"","overlay-gradient":""},"tablet":{"background-color":"","background-image":"","background-repeat":"repeat","background-position":"center center","background-size":"auto","background-attachment":"scroll","background-type":"","background-media":"","overlay-type":"","overlay-color":"","overlay-opacity":"","overlay-gradient":""},"mobile":{"background-color":"","background-image":"","background-repeat":"repeat","background-position":"center center","background-size":"auto","background-attachment":"scroll","background-type":"","background-media":"","overlay-type":"","overlay-color":"","overlay-opacity":"","overlay-gradient":""}},"ast-content-background-meta":{"desktop":{"background-color":"var(--ast-global-color-5)","background-image":"","background-repeat":"repeat","background-position":"center center","background-size":"auto","background-attachment":"scroll","background-type":"","background-media":"","overlay-type":"","overlay-color":"","overlay-opacity":"","overlay-gradient":""},"tablet":{"background-color":"var(--ast-global-color-5)","background-image":"","background-repeat":"repeat","background-position":"center center","background-size":"auto","background-attachment":"scroll","background-type":"","background-media":"","overlay-type":"","overlay-color":"","overlay-opacity":"","overlay-gradient":""},"mobile":{"background-color":"var(--ast-global-color-5)","background-image":"","background-repeat":"repeat","background-position":"center center","background-size":"auto","background-attachment":"scroll","background-type":"","background-media":"","overlay-type":"","overlay-color":"","overlay-opacity":"","overlay-gradient":""}},"footnotes":""},"class_list":["post-22977","page","type-page","status-publish","hentry"],"post_mailing_queue_ids":[],"_links":{"self":[{"href":"https:\/\/serveiseducatius.xtec.cat\/vallesoriental3\/wp-json\/wp\/v2\/pages\/22977","targetHints":{"allow":["GET"]}}],"collection":[{"href":"https:\/\/serveiseducatius.xtec.cat\/vallesoriental3\/wp-json\/wp\/v2\/pages"}],"about":[{"href":"https:\/\/serveiseducatius.xtec.cat\/vallesoriental3\/wp-json\/wp\/v2\/types\/page"}],"author":[{"embeddable":true,"href":"https:\/\/serveiseducatius.xtec.cat\/vallesoriental3\/wp-json\/wp\/v2\/users\/1"}],"replies":[{"embeddable":true,"href":"https:\/\/serveiseducatius.xtec.cat\/vallesoriental3\/wp-json\/wp\/v2\/comments?post=22977"}],"version-history":[{"count":1,"href":"https:\/\/serveiseducatius.xtec.cat\/vallesoriental3\/wp-json\/wp\/v2\/pages\/22977\/revisions"}],"predecessor-version":[{"id":22980,"href":"https:\/\/serveiseducatius.xtec.cat\/vallesoriental3\/wp-json\/wp\/v2\/pages\/22977\/revisions\/22980"}],"up":[{"embeddable":true,"href":"https:\/\/serveiseducatius.xtec.cat\/vallesoriental3\/wp-json\/wp\/v2\/pages\/21438"}],"wp:attachment":[{"href":"https:\/\/serveiseducatius.xtec.cat\/vallesoriental3\/wp-json\/wp\/v2\/media?parent=22977"}],"curies":[{"name":"wp","href":"https:\/\/api.w.org\/{rel}","templated":true}]}}