{"id":22974,"date":"2025-03-20T22:47:02","date_gmt":"2025-03-20T21:47:02","guid":{"rendered":"https:\/\/serveiseducatius.xtec.cat\/vallesoriental3\/?page_id=22974"},"modified":"2025-03-24T13:24:30","modified_gmt":"2025-03-24T12:24:30","slug":"llengua-oral","status":"publish","type":"page","link":"https:\/\/serveiseducatius.xtec.cat\/vallesoriental3\/llengua\/llengua-oral\/","title":{"rendered":"Llengua oral"},"content":{"rendered":"\n<h2 class=\"wp-block-heading has-ast-global-color-1-color has-text-color has-background has-link-color has-large-font-size wp-elements-6d8deda74041176a8c9d7a00272eb614\" style=\"background-color:#d3d3d3;padding-top:0;padding-right:0;padding-bottom:0;padding-left:0\">Compet\u00e8ncia oral<\/h2>\n\n\n\n<p>A l\u2019apartat de <strong>Llengua oral<\/strong>, hi trobareu un conjunt de <strong>recursos, estrat\u00e8gies i activitats<\/strong> per treballar la comprensi\u00f3 i l\u2019expressi\u00f3 oral a l\u2019aula. Aquest espai est\u00e0 pensat per donar suport als docents en el desenvolupament de la compet\u00e8ncia comunicativa dels alumnes, des del modelatge docent fins a l&#8217;autonomia, passant per l&#8217;aprenentatge entre iguals en contextos formals i informals.<\/p>\n\n\n\n<p>Continguts:<\/p>\n\n\n\n<ul class=\"wp-block-list\">\n<li><strong>Orientacions metodol\u00f2giques per treballar la pron\u00fancia, la flu\u00efdesa i la pros\u00f2dia<\/strong> amb l&#8217;objectiu de millorar l&#8217;expressi\u00f3 i la comprensi\u00f3 dels textos orals.<\/li>\n\n\n\n<li><strong>Estrat\u00e8gies per fomentar la conversa explorat\u00f2ria per generar coneixement<\/strong>.<\/li>\n\n\n\n<li>Treball de les <strong>accions de conversa<\/strong> per millorar la interacci\u00f3 oral, per incentivar la<strong> participaci\u00f3 de tothom<\/strong> i  l\u2019<strong>escolta activa<\/strong>.<\/li>\n\n\n\n<li>Propostes de situacions i activitats comunicatives de <strong>diferents g\u00e8neres orals<\/strong>: el debat, les exposicions orals, entrevistes, <em>p\u00f2dcasts <\/em> de r\u00e0dio, etc.<\/li>\n\n\n\n<li><strong>Experi\u00e8ncies d\u2019aula<\/strong> i pr\u00e0ctiques de refer\u00e8ncia per adaptar a diferents nivells i contextos.<\/li>\n<\/ul>\n\n\n\n<p><\/p>\n\n\n\n<div class=\"wp-block-columns has-small-font-size is-layout-flex wp-container-core-columns-is-layout-1 wp-block-columns-is-layout-flex\" style=\"margin-top:0;margin-bottom:0;padding-right:var(--wp--preset--spacing--20);padding-left:var(--wp--preset--spacing--20)\">\n<div class=\"wp-block-column has-ast-global-color-1-color has-text-color has-background has-link-color wp-elements-0a188a2b98ade88752e7edf77b53813c is-layout-flow wp-block-column-is-layout-flow\" style=\"background-color:#d3d3d3\">\n<h2 class=\"wp-block-heading has-large-font-size\" style=\"padding-top:0;padding-right:0;padding-bottom:0;padding-left:0\">Articles recents<\/h2>\n<\/div>\n<\/div>\n\n\n<ul class=\"wp-block-latest-posts__list is-grid columns-4 wp-block-latest-posts\"><li><div class=\"wp-block-latest-posts__featured-image\"><img loading=\"lazy\" decoding=\"async\" width=\"210\" height=\"118\" src=\"https:\/\/serveiseducatius.xtec.cat\/vallesoriental3\/wp-content\/uploads\/usu768\/2026\/03\/11-marc-2026-1000h-210x118.png\" class=\"attachment-medium size-medium wp-post-image\" alt=\"\" style=\"\" srcset=\"https:\/\/serveiseducatius.xtec.cat\/vallesoriental3\/wp-content\/uploads\/usu768\/2026\/03\/11-marc-2026-1000h-210x118.png 210w, https:\/\/serveiseducatius.xtec.cat\/vallesoriental3\/wp-content\/uploads\/usu768\/2026\/03\/11-marc-2026-1000h-1024x576.png 1024w, https:\/\/serveiseducatius.xtec.cat\/vallesoriental3\/wp-content\/uploads\/usu768\/2026\/03\/11-marc-2026-1000h-768x432.png 768w, https:\/\/serveiseducatius.xtec.cat\/vallesoriental3\/wp-content\/uploads\/usu768\/2026\/03\/11-marc-2026-1000h-1536x864.png 1536w, https:\/\/serveiseducatius.xtec.cat\/vallesoriental3\/wp-content\/uploads\/usu768\/2026\/03\/11-marc-2026-1000h.png 1920w\" sizes=\"auto, (max-width: 210px) 100vw, 210px\" \/><\/div><a class=\"wp-block-latest-posts__post-title\" href=\"https:\/\/serveiseducatius.xtec.cat\/vallesoriental3\/portada\/retransmisio-clva-2026-servei-educatiu-valles-oriental-iii\/\">Retransmisi\u00f3 CLVA 2026\u2013 Servei Educatiu Vall\u00e8s Oriental III<\/a><div class=\"wp-block-latest-posts__post-excerpt\">En aquest enlla\u00e7 del youtube podreu seguir la retransmissi\u00f3 en directe del Certamen de Lectura en Veu Alta d&#8217;aquest curs. https:\/\/www.youtube.com\/watch?v=6NuBhSiK-kA<\/div><\/li>\n<li><div class=\"wp-block-latest-posts__featured-image\"><img loading=\"lazy\" decoding=\"async\" width=\"210\" height=\"210\" src=\"https:\/\/serveiseducatius.xtec.cat\/vallesoriental3\/wp-content\/uploads\/usu768\/2025\/06\/decaleg-consciencia-fonologica-210x210.png\" class=\"attachment-medium size-medium wp-post-image\" alt=\"\" style=\"\" srcset=\"https:\/\/serveiseducatius.xtec.cat\/vallesoriental3\/wp-content\/uploads\/usu768\/2025\/06\/decaleg-consciencia-fonologica-210x210.png 210w, https:\/\/serveiseducatius.xtec.cat\/vallesoriental3\/wp-content\/uploads\/usu768\/2025\/06\/decaleg-consciencia-fonologica-150x150.png 150w, https:\/\/serveiseducatius.xtec.cat\/vallesoriental3\/wp-content\/uploads\/usu768\/2025\/06\/decaleg-consciencia-fonologica-768x768.png 768w, https:\/\/serveiseducatius.xtec.cat\/vallesoriental3\/wp-content\/uploads\/usu768\/2025\/06\/decaleg-consciencia-fonologica.png 1024w\" sizes=\"auto, (max-width: 210px) 100vw, 210px\" \/><\/div><a class=\"wp-block-latest-posts__post-title\" href=\"https:\/\/serveiseducatius.xtec.cat\/vallesoriental3\/portada\/decaleg-sobre-consciencia-fonologica-i-acces-a-la-lectoescriptura\/\">Dec\u00e0leg sobre consci\u00e8ncia fonol\u00f2gica i acc\u00e9s a la lectoescriptura<\/a><div class=\"wp-block-latest-posts__post-excerpt\">Des del Departament d\u2019Educaci\u00f3 s\u2019ha elaborat un dec\u00e0leg d\u2019aspectes clau sobre la consci\u00e8ncia fonol\u00f2gica i l\u2019acc\u00e9s a la lectoescriptura, basat en evid\u00e8ncia cient\u00edfica contrastada i en el model simple de\u2026 <a class=\"wp-block-latest-posts__read-more\" href=\"https:\/\/serveiseducatius.xtec.cat\/vallesoriental3\/portada\/decaleg-sobre-consciencia-fonologica-i-acces-a-la-lectoescriptura\/\" rel=\"noopener noreferrer\">M\u00e9s informaci\u00f3<span class=\"screen-reader-text\">: Dec\u00e0leg sobre consci\u00e8ncia fonol\u00f2gica i acc\u00e9s a la lectoescriptura<\/span><\/a><\/div><\/li>\n<li><div class=\"wp-block-latest-posts__featured-image\"><img loading=\"lazy\" decoding=\"async\" width=\"210\" height=\"158\" src=\"https:\/\/serveiseducatius.xtec.cat\/vallesoriental3\/wp-content\/uploads\/usu768\/2024\/02\/0-210x158.jpg\" class=\"attachment-medium size-medium wp-post-image\" alt=\"\" style=\"\" srcset=\"https:\/\/serveiseducatius.xtec.cat\/vallesoriental3\/wp-content\/uploads\/usu768\/2024\/02\/0-210x158.jpg 210w, https:\/\/serveiseducatius.xtec.cat\/vallesoriental3\/wp-content\/uploads\/usu768\/2024\/02\/0-200x150.jpg 200w, https:\/\/serveiseducatius.xtec.cat\/vallesoriental3\/wp-content\/uploads\/usu768\/2024\/02\/0.jpg 480w\" sizes=\"auto, (max-width: 210px) 100vw, 210px\" \/><\/div><a class=\"wp-block-latest-posts__post-title\" href=\"https:\/\/serveiseducatius.xtec.cat\/vallesoriental3\/dinamitzacio\/lectura-en-veu-alta\/estrategies-i-recursos-per-millorar-loralitat\/\">Estrat\u00e8gies i recursos per millorar l&#8217;oralitat<\/a><div class=\"wp-block-latest-posts__post-excerpt\">RECURSOS PER TOTES LES ETAPES Cal connectar aquesta habilitat ling\u00fc\u00edstica amb la comprensi\u00f3 lectora, l&#8217;expressi\u00f3 escrita i els usos ling\u00fc\u00edstics. Formaci\u00f3 Equip LIC diversificada segons necessitats i etapa (habilitats comunicatives,\u2026 <a class=\"wp-block-latest-posts__read-more\" href=\"https:\/\/serveiseducatius.xtec.cat\/vallesoriental3\/dinamitzacio\/lectura-en-veu-alta\/estrategies-i-recursos-per-millorar-loralitat\/\" rel=\"noopener noreferrer\">M\u00e9s informaci\u00f3<span class=\"screen-reader-text\">: Estrat\u00e8gies i recursos per millorar l&#8217;oralitat<\/span><\/a><\/div><\/li>\n<li><div class=\"wp-block-latest-posts__featured-image\"><img loading=\"lazy\" decoding=\"async\" width=\"210\" height=\"210\" src=\"https:\/\/serveiseducatius.xtec.cat\/vallesoriental3\/wp-content\/uploads\/usu768\/2024\/02\/Post-feed-IG_GualbaMots24-versio22-210x210.jpg\" class=\"attachment-medium size-medium wp-post-image\" alt=\"\" style=\"\" srcset=\"https:\/\/serveiseducatius.xtec.cat\/vallesoriental3\/wp-content\/uploads\/usu768\/2024\/02\/Post-feed-IG_GualbaMots24-versio22-210x210.jpg 210w, https:\/\/serveiseducatius.xtec.cat\/vallesoriental3\/wp-content\/uploads\/usu768\/2024\/02\/Post-feed-IG_GualbaMots24-versio22-1024x1024.jpg 1024w, https:\/\/serveiseducatius.xtec.cat\/vallesoriental3\/wp-content\/uploads\/usu768\/2024\/02\/Post-feed-IG_GualbaMots24-versio22-150x150.jpg 150w, https:\/\/serveiseducatius.xtec.cat\/vallesoriental3\/wp-content\/uploads\/usu768\/2024\/02\/Post-feed-IG_GualbaMots24-versio22-768x768.jpg 768w, https:\/\/serveiseducatius.xtec.cat\/vallesoriental3\/wp-content\/uploads\/usu768\/2024\/02\/Post-feed-IG_GualbaMots24-versio22-e1709039538698.jpg 250w\" sizes=\"auto, (max-width: 210px) 100vw, 210px\" \/><\/div><a class=\"wp-block-latest-posts__post-title\" href=\"https:\/\/serveiseducatius.xtec.cat\/vallesoriental3\/portada\/gualbamots-llegendes-del-montseny\/\">Gualbamots-Llegendes del Montseny<\/a><div class=\"wp-block-latest-posts__post-excerpt\">El proper dijous 29 de febrer les escoles Dami\u00e0 Mateu, Montnegre i Vallgorguina, acollides per l&#8217;escola Aqua Alba de Gualba, participaran al GUALBA MOTS-LLEGENDES DE MONTSENY. Tots plegats compartiran llegendes\u2026 <a class=\"wp-block-latest-posts__read-more\" href=\"https:\/\/serveiseducatius.xtec.cat\/vallesoriental3\/portada\/gualbamots-llegendes-del-montseny\/\" rel=\"noopener noreferrer\">M\u00e9s informaci\u00f3<span class=\"screen-reader-text\">: Gualbamots-Llegendes del Montseny<\/span><\/a><\/div><\/li>\n<li><div class=\"wp-block-latest-posts__featured-image\"><img loading=\"lazy\" decoding=\"async\" width=\"210\" height=\"134\" src=\"https:\/\/serveiseducatius.xtec.cat\/vallesoriental3\/wp-content\/uploads\/usu768\/2025\/01\/recursos-nouvinguts-210x134.jpg\" class=\"attachment-medium size-medium wp-post-image\" alt=\"\" style=\"\" srcset=\"https:\/\/serveiseducatius.xtec.cat\/vallesoriental3\/wp-content\/uploads\/usu768\/2025\/01\/recursos-nouvinguts-210x134.jpg 210w, https:\/\/serveiseducatius.xtec.cat\/vallesoriental3\/wp-content\/uploads\/usu768\/2025\/01\/recursos-nouvinguts.jpg 400w\" sizes=\"auto, (max-width: 210px) 100vw, 210px\" \/><\/div><a class=\"wp-block-latest-posts__post-title\" href=\"https:\/\/serveiseducatius.xtec.cat\/vallesoriental3\/sez-2\/elic\/recursos-per-nouvinguts\/\">Recursos per nouvinguts<\/a><div class=\"wp-block-latest-posts__post-excerpt\">ORIENTACIONS\u00a0inicials alumnat nouvingut Equip LIC Maresme &#8211; Vall\u00e8s Oriental:<\/div><\/li>\n<li><div class=\"wp-block-latest-posts__featured-image\"><img loading=\"lazy\" decoding=\"async\" width=\"210\" height=\"162\" src=\"https:\/\/serveiseducatius.xtec.cat\/vallesoriental3\/wp-content\/uploads\/usu768\/2023\/11\/conversa-210x162.jpeg\" class=\"attachment-medium size-medium wp-post-image\" alt=\"\" style=\"\" srcset=\"https:\/\/serveiseducatius.xtec.cat\/vallesoriental3\/wp-content\/uploads\/usu768\/2023\/11\/conversa-210x162.jpeg 210w, https:\/\/serveiseducatius.xtec.cat\/vallesoriental3\/wp-content\/uploads\/usu768\/2023\/11\/conversa.jpeg 256w\" sizes=\"auto, (max-width: 210px) 100vw, 210px\" \/><\/div><a class=\"wp-block-latest-posts__post-title\" href=\"https:\/\/serveiseducatius.xtec.cat\/vallesoriental3\/portada\/proves-de-comunicacio-oral-descripcio-i-recursos\/\">Proves de comunicaci\u00f3 oral: descripci\u00f3 i recursos<\/a><div class=\"wp-block-latest-posts__post-excerpt\">Des de l&#8217;equip LIC del Servei Educatiu, us presentem aquestes c\u00e0psules descriptives de les proves orals de Prim\u00e0ria i ESO, l&#8217;an\u00e0lisi dels resultats de 2023 i una \u00faltima c\u00e0psula enfocada\u2026 <a class=\"wp-block-latest-posts__read-more\" href=\"https:\/\/serveiseducatius.xtec.cat\/vallesoriental3\/portada\/proves-de-comunicacio-oral-descripcio-i-recursos\/\" rel=\"noopener noreferrer\">M\u00e9s informaci\u00f3<span class=\"screen-reader-text\">: Proves de comunicaci\u00f3 oral: descripci\u00f3 i recursos<\/span><\/a><\/div><\/li>\n<li><div class=\"wp-block-latest-posts__featured-image\"><img loading=\"lazy\" decoding=\"async\" width=\"210\" height=\"152\" src=\"https:\/\/serveiseducatius.xtec.cat\/vallesoriental3\/wp-content\/uploads\/usu768\/2022\/02\/Pagina-web-CRP-IMATGES-3-210x152.png\" class=\"attachment-medium size-medium wp-post-image\" alt=\"\" style=\"\" srcset=\"https:\/\/serveiseducatius.xtec.cat\/vallesoriental3\/wp-content\/uploads\/usu768\/2022\/02\/Pagina-web-CRP-IMATGES-3-210x152.png 210w, https:\/\/serveiseducatius.xtec.cat\/vallesoriental3\/wp-content\/uploads\/usu768\/2022\/02\/Pagina-web-CRP-IMATGES-3-768x555.png 768w, https:\/\/serveiseducatius.xtec.cat\/vallesoriental3\/wp-content\/uploads\/usu768\/2022\/02\/Pagina-web-CRP-IMATGES-3.png 900w\" sizes=\"auto, (max-width: 210px) 100vw, 210px\" \/><\/div><a class=\"wp-block-latest-posts__post-title\" href=\"https:\/\/serveiseducatius.xtec.cat\/vallesoriental3\/llengua\/oral\/consells-de-lectura-en-veu-alta\/\">Consells de Lectura en Veu Alta<\/a><div class=\"wp-block-latest-posts__post-excerpt\">Des del Certamen de Lectura en Veu Alta han creat diferents recursos. Entreu a llegir aquest article per descobrir totes les novetats.<\/div><\/li>\n<li><div class=\"wp-block-latest-posts__featured-image\"><img loading=\"lazy\" decoding=\"async\" width=\"210\" height=\"152\" src=\"https:\/\/serveiseducatius.xtec.cat\/vallesoriental3\/wp-content\/uploads\/usu768\/2022\/02\/Pagina-web-CRP-IMATGES-4-210x152.png\" class=\"attachment-medium size-medium wp-post-image\" alt=\"\" style=\"\" srcset=\"https:\/\/serveiseducatius.xtec.cat\/vallesoriental3\/wp-content\/uploads\/usu768\/2022\/02\/Pagina-web-CRP-IMATGES-4-210x152.png 210w, https:\/\/serveiseducatius.xtec.cat\/vallesoriental3\/wp-content\/uploads\/usu768\/2022\/02\/Pagina-web-CRP-IMATGES-4-768x555.png 768w, https:\/\/serveiseducatius.xtec.cat\/vallesoriental3\/wp-content\/uploads\/usu768\/2022\/02\/Pagina-web-CRP-IMATGES-4.png 900w\" sizes=\"auto, (max-width: 210px) 100vw, 210px\" \/><\/div><a class=\"wp-block-latest-posts__post-title\" href=\"https:\/\/serveiseducatius.xtec.cat\/vallesoriental3\/portada\/portal-oralitat-eines-i-recursos-per-aprendre-a-parlar-en-public\/\">Eines per aprendre a parlar en p\u00fablic<\/a><div class=\"wp-block-latest-posts__post-excerpt\">Descobreix recursos i eines del nou projecte per oferir una eina multiling\u00fce (catal\u00e0, castell\u00e0 i angl\u00e8s) per potenciar l&#8217;oralitat.<\/div><\/li>\n<li><div class=\"wp-block-latest-posts__featured-image\"><img loading=\"lazy\" decoding=\"async\" width=\"210\" height=\"152\" src=\"https:\/\/serveiseducatius.xtec.cat\/vallesoriental3\/wp-content\/uploads\/usu768\/2021\/11\/Pagina-web-CRP-IMATGES-6-210x152.png\" class=\"attachment-medium size-medium wp-post-image\" alt=\"\" style=\"\" srcset=\"https:\/\/serveiseducatius.xtec.cat\/vallesoriental3\/wp-content\/uploads\/usu768\/2021\/11\/Pagina-web-CRP-IMATGES-6-210x152.png 210w, https:\/\/serveiseducatius.xtec.cat\/vallesoriental3\/wp-content\/uploads\/usu768\/2021\/11\/Pagina-web-CRP-IMATGES-6-768x555.png 768w, https:\/\/serveiseducatius.xtec.cat\/vallesoriental3\/wp-content\/uploads\/usu768\/2021\/11\/Pagina-web-CRP-IMATGES-6.png 900w\" sizes=\"auto, (max-width: 210px) 100vw, 210px\" \/><\/div><a class=\"wp-block-latest-posts__post-title\" href=\"https:\/\/serveiseducatius.xtec.cat\/vallesoriental3\/llengua\/oral\/fils-de-conversa\/\">Fils de conversa. Promoure la conversa<\/a><div class=\"wp-block-latest-posts__post-excerpt\">Fils de conversa \u00e9s una proposta did\u00e0ctica que ofereix materials virtuals per promoure la conversa en catal\u00e0. Accedeix als recursos. <\/div><\/li>\n<li><div class=\"wp-block-latest-posts__featured-image\"><img loading=\"lazy\" decoding=\"async\" width=\"210\" height=\"152\" src=\"https:\/\/serveiseducatius.xtec.cat\/vallesoriental3\/wp-content\/uploads\/usu768\/2020\/10\/Pagina-web-CRP-IMATGES-7-210x152.png\" class=\"attachment-medium size-medium wp-post-image\" alt=\"\" style=\"\" srcset=\"https:\/\/serveiseducatius.xtec.cat\/vallesoriental3\/wp-content\/uploads\/usu768\/2020\/10\/Pagina-web-CRP-IMATGES-7-210x152.png 210w, https:\/\/serveiseducatius.xtec.cat\/vallesoriental3\/wp-content\/uploads\/usu768\/2020\/10\/Pagina-web-CRP-IMATGES-7-768x555.png 768w, https:\/\/serveiseducatius.xtec.cat\/vallesoriental3\/wp-content\/uploads\/usu768\/2020\/10\/Pagina-web-CRP-IMATGES-7.png 900w\" sizes=\"auto, (max-width: 210px) 100vw, 210px\" \/><\/div><a class=\"wp-block-latest-posts__post-title\" href=\"https:\/\/serveiseducatius.xtec.cat\/vallesoriental3\/portada\/concurs-de-comunicacio-oral\/\">Materials suport Concurs Jo Tinc la Paraula<\/a><div class=\"wp-block-latest-posts__post-excerpt\">El Departament d\u2019Educaci\u00f3 ha posat en marxa el concurs Jo tinc la paraula per millorar la comunicaci\u00f3 oral dels estudiants d\u2019ESO i batxillerat.<\/div><\/li>\n<li><div class=\"wp-block-latest-posts__featured-image\"><img loading=\"lazy\" decoding=\"async\" width=\"210\" height=\"152\" src=\"https:\/\/serveiseducatius.xtec.cat\/vallesoriental3\/wp-content\/uploads\/usu768\/2020\/07\/Pagina-web-CRP-IMATGES-8-210x152.png\" class=\"attachment-medium size-medium wp-post-image\" alt=\"\" style=\"\" srcset=\"https:\/\/serveiseducatius.xtec.cat\/vallesoriental3\/wp-content\/uploads\/usu768\/2020\/07\/Pagina-web-CRP-IMATGES-8-210x152.png 210w, https:\/\/serveiseducatius.xtec.cat\/vallesoriental3\/wp-content\/uploads\/usu768\/2020\/07\/Pagina-web-CRP-IMATGES-8-768x555.png 768w, https:\/\/serveiseducatius.xtec.cat\/vallesoriental3\/wp-content\/uploads\/usu768\/2020\/07\/Pagina-web-CRP-IMATGES-8.png 900w\" sizes=\"auto, (max-width: 210px) 100vw, 210px\" \/><\/div><a class=\"wp-block-latest-posts__post-title\" href=\"https:\/\/serveiseducatius.xtec.cat\/vallesoriental3\/llengua\/oral\/material-jocs-per-estimular-la-consciencia-fonologica\/\">Material estimular la consci\u00e8ncia fonol\u00f2gica<\/a><div class=\"wp-block-latest-posts__post-excerpt\">Accedeix a aquest blog i descobreix tots els jocs i recursos per estimular la consci\u00e8ncia fonol\u00f2gica de la llengua catalana. <\/div><\/li>\n<li><div class=\"wp-block-latest-posts__featured-image\"><img loading=\"lazy\" decoding=\"async\" width=\"210\" height=\"152\" src=\"https:\/\/serveiseducatius.xtec.cat\/vallesoriental3\/wp-content\/uploads\/usu768\/2020\/07\/Pagina-web-CRP-IMATGES-9-210x152.png\" class=\"attachment-medium size-medium wp-post-image\" alt=\"\" style=\"\" srcset=\"https:\/\/serveiseducatius.xtec.cat\/vallesoriental3\/wp-content\/uploads\/usu768\/2020\/07\/Pagina-web-CRP-IMATGES-9-210x152.png 210w, https:\/\/serveiseducatius.xtec.cat\/vallesoriental3\/wp-content\/uploads\/usu768\/2020\/07\/Pagina-web-CRP-IMATGES-9-768x555.png 768w, https:\/\/serveiseducatius.xtec.cat\/vallesoriental3\/wp-content\/uploads\/usu768\/2020\/07\/Pagina-web-CRP-IMATGES-9.png 900w\" sizes=\"auto, (max-width: 210px) 100vw, 210px\" \/><\/div><a class=\"wp-block-latest-posts__post-title\" href=\"https:\/\/serveiseducatius.xtec.cat\/vallesoriental3\/llengua\/oral\/enrolat-jocs-de-rol-eina-educativa-per-a-la-millora-de-la-llengua-oral\/\">ENROLA&#8217;T. Millorar la llengua oral<\/a><div class=\"wp-block-latest-posts__post-excerpt\">ENROLA&#8217;T. Jocs de Rol. Eina educativa per a la millora de la llengua oral a Prim\u00e0ria. T\u00e9 com a objectiu fomentar la interacci\u00f3 entre alumnes<\/div><\/li>\n<li><div class=\"wp-block-latest-posts__featured-image\"><img loading=\"lazy\" decoding=\"async\" width=\"210\" height=\"152\" src=\"https:\/\/serveiseducatius.xtec.cat\/vallesoriental3\/wp-content\/uploads\/usu768\/2020\/07\/Pagina-web-CRP-IMATGES-2-210x152.png\" class=\"attachment-medium size-medium wp-post-image\" alt=\"\" style=\"\" srcset=\"https:\/\/serveiseducatius.xtec.cat\/vallesoriental3\/wp-content\/uploads\/usu768\/2020\/07\/Pagina-web-CRP-IMATGES-2-210x152.png 210w, https:\/\/serveiseducatius.xtec.cat\/vallesoriental3\/wp-content\/uploads\/usu768\/2020\/07\/Pagina-web-CRP-IMATGES-2-768x555.png 768w, https:\/\/serveiseducatius.xtec.cat\/vallesoriental3\/wp-content\/uploads\/usu768\/2020\/07\/Pagina-web-CRP-IMATGES-2.png 900w\" sizes=\"auto, (max-width: 210px) 100vw, 210px\" \/><\/div><a class=\"wp-block-latest-posts__post-title\" href=\"https:\/\/serveiseducatius.xtec.cat\/vallesoriental3\/llengua\/oral\/ep-escolta-i-parla-curs-oral-de-catala\/\">EP! Escolta i parla. Curs oral de catal\u00e0.<\/a><div class=\"wp-block-latest-posts__post-excerpt\">Curs oral de catal\u00e0 per a adults Ep! Escolta i parla, creat per la  Direcci\u00f3 General de Pol\u00edtica Ling\u00fc\u00edstica i el Consorci per a la Normalitzaci\u00f3 Ling\u00fc\u00edstica.<\/div><\/li>\n<\/ul>","protected":false},"excerpt":{"rendered":"<p>Compet\u00e8ncia oral A l\u2019apartat de Llengua oral, hi trobareu un conjunt de recursos, estrat\u00e8gies i activitats per treballar la comprensi\u00f3 [&hellip;]<\/p>\n","protected":false},"author":1,"featured_media":0,"parent":21438,"menu_order":0,"comment_status":"closed","ping_status":"close","template":"","meta":{"_bbp_topic_count":0,"_bbp_reply_count":0,"_bbp_total_topic_count":0,"_bbp_total_reply_count":0,"_bbp_voice_count":0,"_bbp_anonymous_reply_count":0,"_bbp_topic_count_hidden":0,"_bbp_reply_count_hidden":0,"_bbp_forum_subforum_count":0,"site-sidebar-layout":"default","site-content-layout":"","ast-site-content-layout":"default","site-content-style":"default","site-sidebar-style":"default","ast-global-header-display":"","ast-banner-title-visibility":"","ast-main-header-display":"","ast-hfb-above-header-display":"","ast-hfb-below-header-display":"","ast-hfb-mobile-header-display":"","site-post-title":"disabled","ast-breadcrumbs-content":"","ast-featured-img":"","footer-sml-layout":"","theme-transparent-header-meta":"","adv-header-id-meta":"","stick-header-meta":"","header-above-stick-meta":"","header-main-stick-meta":"","header-below-stick-meta":"","astra-migrate-meta-layouts":"set","ast-page-background-enabled":"default","ast-page-background-meta":{"desktop":{"background-color":"var(--ast-global-color-4)","background-image":"","background-repeat":"repeat","background-position":"center center","background-size":"auto","background-attachment":"scroll","background-type":"","background-media":"","overlay-type":"","overlay-color":"","overlay-opacity":"","overlay-gradient":""},"tablet":{"background-color":"","background-image":"","background-repeat":"repeat","background-position":"center center","background-size":"auto","background-attachment":"scroll","background-type":"","background-media":"","overlay-type":"","overlay-color":"","overlay-opacity":"","overlay-gradient":""},"mobile":{"background-color":"","background-image":"","background-repeat":"repeat","background-position":"center center","background-size":"auto","background-attachment":"scroll","background-type":"","background-media":"","overlay-type":"","overlay-color":"","overlay-opacity":"","overlay-gradient":""}},"ast-content-background-meta":{"desktop":{"background-color":"var(--ast-global-color-5)","background-image":"","background-repeat":"repeat","background-position":"center center","background-size":"auto","background-attachment":"scroll","background-type":"","background-media":"","overlay-type":"","overlay-color":"","overlay-opacity":"","overlay-gradient":""},"tablet":{"background-color":"var(--ast-global-color-5)","background-image":"","background-repeat":"repeat","background-position":"center center","background-size":"auto","background-attachment":"scroll","background-type":"","background-media":"","overlay-type":"","overlay-color":"","overlay-opacity":"","overlay-gradient":""},"mobile":{"background-color":"var(--ast-global-color-5)","background-image":"","background-repeat":"repeat","background-position":"center center","background-size":"auto","background-attachment":"scroll","background-type":"","background-media":"","overlay-type":"","overlay-color":"","overlay-opacity":"","overlay-gradient":""}},"footnotes":""},"class_list":["post-22974","page","type-page","status-publish","hentry"],"post_mailing_queue_ids":[],"_links":{"self":[{"href":"https:\/\/serveiseducatius.xtec.cat\/vallesoriental3\/wp-json\/wp\/v2\/pages\/22974","targetHints":{"allow":["GET"]}}],"collection":[{"href":"https:\/\/serveiseducatius.xtec.cat\/vallesoriental3\/wp-json\/wp\/v2\/pages"}],"about":[{"href":"https:\/\/serveiseducatius.xtec.cat\/vallesoriental3\/wp-json\/wp\/v2\/types\/page"}],"author":[{"embeddable":true,"href":"https:\/\/serveiseducatius.xtec.cat\/vallesoriental3\/wp-json\/wp\/v2\/users\/1"}],"replies":[{"embeddable":true,"href":"https:\/\/serveiseducatius.xtec.cat\/vallesoriental3\/wp-json\/wp\/v2\/comments?post=22974"}],"version-history":[{"count":3,"href":"https:\/\/serveiseducatius.xtec.cat\/vallesoriental3\/wp-json\/wp\/v2\/pages\/22974\/revisions"}],"predecessor-version":[{"id":23107,"href":"https:\/\/serveiseducatius.xtec.cat\/vallesoriental3\/wp-json\/wp\/v2\/pages\/22974\/revisions\/23107"}],"up":[{"embeddable":true,"href":"https:\/\/serveiseducatius.xtec.cat\/vallesoriental3\/wp-json\/wp\/v2\/pages\/21438"}],"wp:attachment":[{"href":"https:\/\/serveiseducatius.xtec.cat\/vallesoriental3\/wp-json\/wp\/v2\/media?parent=22974"}],"curies":[{"name":"wp","href":"https:\/\/api.w.org\/{rel}","templated":true}]}}