{"id":21893,"date":"2023-07-03T10:49:29","date_gmt":"2023-07-03T08:49:29","guid":{"rendered":"https:\/\/serveiseducatius.xtec.cat\/vallesoriental3\/?page_id=21893"},"modified":"2023-07-03T10:55:10","modified_gmt":"2023-07-03T08:55:10","slug":"arees","status":"publish","type":"page","link":"https:\/\/serveiseducatius.xtec.cat\/vallesoriental3\/arees\/","title":{"rendered":"\u00c0rees"},"content":{"rendered":"<p>&nbsp;<\/p>\n<table style=\"width: 100%; border-style: none; background-color: none;\">\n<tbody>\n<tr style=\"height: 140px;\">\n<td style=\"width: 23.953%; height: 140px; border-color: #37c737;\">\n<h3 style=\"text-align: left;\"><a href=\"https:\/\/serveiseducatius.xtec.cat\/vallesoriental3\/categoria\/recursos\/ambits\/matematic\/\">Matem\u00e0tic<\/a><\/h3>\n<\/td>\n<td style=\"border-color: #ffffff; background-color: #ffffff; border-style: none; width: 1.80723%;\" rowspan=\"3\">\n<h3><\/h3>\n<h3><\/h3>\n<h3><\/h3>\n<\/td>\n<td style=\"width: 23.8591%; height: 140px; border-color: #37c737;\">\n<h3 style=\"text-align: left;\"><a href=\"https:\/\/serveiseducatius.xtec.cat\/vallesoriental3\/categoria\/recursos\/ambits\/linguistic\/\">Ling\u00fc\u00edstic<\/a><\/h3>\n<\/td>\n<td style=\"border-style: none; width: 1.80723%;\" rowspan=\"3\">\n<h3><\/h3>\n<h3><\/h3>\n<h3><\/h3>\n<\/td>\n<td style=\"width: 23.2374%; height: 140px; border-color: #37c737;\">\n<h3><a href=\"https:\/\/serveiseducatius.xtec.cat\/vallesoriental3\/categoria\/recursos\/ambits\/artistic\/\">Art\u00edstic<\/a><\/h3>\n<\/td>\n<td style=\"border-style: none; width: 1.80723%;\" rowspan=\"3\">\n<h3><\/h3>\n<h3><\/h3>\n<h3><\/h3>\n<\/td>\n<td style=\"width: 24.643%; height: 140px; border-color: #37c737;\">\n<h3><\/h3>\n<h3><a href=\"https:\/\/serveiseducatius.xtec.cat\/vallesoriental3\/categoria\/recursos\/ambits\/coneixement-del-medi\/\">Coneixement del medi<\/a><\/h3>\n<p>&nbsp;<\/td>\n<td style=\"border-style: none; width: 2.40964%;\" rowspan=\"3\">\n<h3><\/h3>\n<h3><\/h3>\n<h3><\/h3>\n<\/td>\n<\/tr>\n<tr style=\"height: 10px;\">\n<td style=\"border-style: none; border-color: #ffffff; background-color: #ffffff; width: 23.953%;\"><\/td>\n<td style=\"border-style: none; border-color: #ffffff; background-color: #ffffff; width: 23.8591%;\"><\/td>\n<td style=\"border-style: none; border-color: #ffffff; background-color: #ffffff; width: 23.2374%;\"><\/td>\n<td style=\"border-style: none; border-color: #ffffff; background-color: #ffffff; width: 24.643%;\"><\/td>\n<\/tr>\n<tr style=\"height: 140px;\">\n<td style=\"width: 23.953%; height: 140px; border-color: #37c737;\">\n<h3><a href=\"https:\/\/serveiseducatius.xtec.cat\/vallesoriental3\/categoria\/projectes-2\/primaria-secundaria\/educacio-fisica\/\">Educaci\u00f3 f\u00edsica<\/a><\/h3>\n<\/td>\n<td style=\"width: 23.8591%; height: 140px; border-color: #37c737;\">\n<h3><a href=\"https:\/\/serveiseducatius.xtec.cat\/vallesoriental3\/categoria\/recursos\/ambits\/autonomia-i-iniciativa\/\">Autonomia i iniciativa<\/a><\/h3>\n<footer class=\"entry-footer\"><\/footer>\n<\/td>\n<td style=\"width: 23.2374%; height: 140px; border-color: #37c737;\">\n<h3><a href=\"https:\/\/serveiseducatius.xtec.cat\/vallesoriental3\/categoria\/recursos\/ambits\/digital\/\">Digital<\/a><\/h3>\n<\/td>\n<td style=\"width: 24.643%; height: 140px; border-color: #37c737;\">\n<h3><a href=\"https:\/\/serveiseducatius.xtec.cat\/vallesoriental3\/categoria\/recursos\/ambits\/valors\/\">Valors<\/a><\/h3>\n<\/td>\n<\/tr>\n<\/tbody>\n<\/table>\n<p>&nbsp;<\/p>\n","protected":false},"excerpt":{"rendered":"<p>&nbsp; Matem\u00e0tic Ling\u00fc\u00edstic Art\u00edstic Coneixement del medi &nbsp; Educaci\u00f3 f\u00edsica Autonomia i iniciativa Digital Valors &nbsp;<\/p>\n","protected":false},"author":1,"featured_media":0,"parent":0,"menu_order":0,"comment_status":"closed","ping_status":"closed","template":"","meta":{"_bbp_topic_count":0,"_bbp_reply_count":0,"_bbp_total_topic_count":0,"_bbp_total_reply_count":0,"_bbp_voice_count":0,"_bbp_anonymous_reply_count":0,"_bbp_topic_count_hidden":0,"_bbp_reply_count_hidden":0,"_bbp_forum_subforum_count":0,"site-sidebar-layout":"default","site-content-layout":"","ast-site-content-layout":"","site-content-style":"default","site-sidebar-style":"default","ast-global-header-display":"","ast-banner-title-visibility":"","ast-main-header-display":"","ast-hfb-above-header-display":"","ast-hfb-below-header-display":"","ast-hfb-mobile-header-display":"","site-post-title":"","ast-breadcrumbs-content":"","ast-featured-img":"","footer-sml-layout":"","theme-transparent-header-meta":"","adv-header-id-meta":"","stick-header-meta":"","header-above-stick-meta":"","header-main-stick-meta":"","header-below-stick-meta":"","astra-migrate-meta-layouts":"default","ast-page-background-enabled":"default","ast-page-background-meta":{"desktop":{"background-color":"var(--ast-global-color-4)","background-image":"","background-repeat":"repeat","background-position":"center center","background-size":"auto","background-attachment":"scroll","background-type":"","background-media":"","overlay-type":"","overlay-color":"","overlay-opacity":"","overlay-gradient":""},"tablet":{"background-color":"","background-image":"","background-repeat":"repeat","background-position":"center center","background-size":"auto","background-attachment":"scroll","background-type":"","background-media":"","overlay-type":"","overlay-color":"","overlay-opacity":"","overlay-gradient":""},"mobile":{"background-color":"","background-image":"","background-repeat":"repeat","background-position":"center center","background-size":"auto","background-attachment":"scroll","background-type":"","background-media":"","overlay-type":"","overlay-color":"","overlay-opacity":"","overlay-gradient":""}},"ast-content-background-meta":{"desktop":{"background-color":"var(--ast-global-color-5)","background-image":"","background-repeat":"repeat","background-position":"center center","background-size":"auto","background-attachment":"scroll","background-type":"","background-media":"","overlay-type":"","overlay-color":"","overlay-opacity":"","overlay-gradient":""},"tablet":{"background-color":"var(--ast-global-color-5)","background-image":"","background-repeat":"repeat","background-position":"center center","background-size":"auto","background-attachment":"scroll","background-type":"","background-media":"","overlay-type":"","overlay-color":"","overlay-opacity":"","overlay-gradient":""},"mobile":{"background-color":"var(--ast-global-color-5)","background-image":"","background-repeat":"repeat","background-position":"center center","background-size":"auto","background-attachment":"scroll","background-type":"","background-media":"","overlay-type":"","overlay-color":"","overlay-opacity":"","overlay-gradient":""}},"footnotes":""},"class_list":["post-21893","page","type-page","status-publish","hentry"],"post_mailing_queue_ids":[],"_links":{"self":[{"href":"https:\/\/serveiseducatius.xtec.cat\/vallesoriental3\/wp-json\/wp\/v2\/pages\/21893","targetHints":{"allow":["GET"]}}],"collection":[{"href":"https:\/\/serveiseducatius.xtec.cat\/vallesoriental3\/wp-json\/wp\/v2\/pages"}],"about":[{"href":"https:\/\/serveiseducatius.xtec.cat\/vallesoriental3\/wp-json\/wp\/v2\/types\/page"}],"author":[{"embeddable":true,"href":"https:\/\/serveiseducatius.xtec.cat\/vallesoriental3\/wp-json\/wp\/v2\/users\/1"}],"replies":[{"embeddable":true,"href":"https:\/\/serveiseducatius.xtec.cat\/vallesoriental3\/wp-json\/wp\/v2\/comments?post=21893"}],"version-history":[{"count":3,"href":"https:\/\/serveiseducatius.xtec.cat\/vallesoriental3\/wp-json\/wp\/v2\/pages\/21893\/revisions"}],"predecessor-version":[{"id":22938,"href":"https:\/\/serveiseducatius.xtec.cat\/vallesoriental3\/wp-json\/wp\/v2\/pages\/21893\/revisions\/22938"}],"wp:attachment":[{"href":"https:\/\/serveiseducatius.xtec.cat\/vallesoriental3\/wp-json\/wp\/v2\/media?parent=21893"}],"curies":[{"name":"wp","href":"https:\/\/api.w.org\/{rel}","templated":true}]}}