{"id":21363,"date":"2023-05-17T11:33:54","date_gmt":"2023-05-17T09:33:54","guid":{"rendered":"https:\/\/serveiseducatius.xtec.cat\/vallesoriental3\/?page_id=21363"},"modified":"2025-03-18T20:24:32","modified_gmt":"2025-03-18T19:24:32","slug":"coeducacio","status":"publish","type":"page","link":"https:\/\/serveiseducatius.xtec.cat\/vallesoriental3\/coeducacio\/","title":{"rendered":"Coeducaci\u00f3"},"content":{"rendered":"<table style=\"height: 468px; width: 76.2065%; border-style: none;\">\n<tbody>\n<tr style=\"height: 90px;\">\n<td style=\"width: 17.9004%; border-style: none; background-color: #ffffff; height: 90px;\"><a href=\"https:\/\/blocs.xtec.cat\/coeducacioiigualtat\/\"><img loading=\"lazy\" decoding=\"async\" class=\"size-full wp-image-21394 aligncenter\" src=\"https:\/\/serveiseducatius.xtec.cat\/vallesoriental3\/wp-content\/uploads\/usu768\/2023\/05\/Disseny-sense-titol-15.png\" alt=\"\" width=\"75\" height=\"75\" \/><\/a><\/td>\n<td style=\"width: 81.292%; border-style: none; background-color: #ffffff; height: 90px;\">Programa de coeducaci\u00f3, perspectiva de g\u00e8nere i educaci\u00f3 afectivosexual al curr\u00edculum.<\/td>\n<\/tr>\n<tr style=\"height: 31px;\">\n<td style=\"width: 17.9004%; border-style: none; background-color: #ffffff; height: 31px; border-color: #db0909;\"><a href=\"https:\/\/drive.google.com\/file\/d\/1V2O2NiTHRdNmyIjuiFj2xN8lb51Zc1v-\/view\"><img loading=\"lazy\" decoding=\"async\" class=\"size-full wp-image-21393 aligncenter\" src=\"https:\/\/serveiseducatius.xtec.cat\/vallesoriental3\/wp-content\/uploads\/usu768\/2023\/05\/Disseny-sense-titol-14.png\" alt=\"\" width=\"75\" height=\"75\" \/><\/a><\/td>\n<td style=\"width: 81.292%; border-style: none; background-color: #ffffff; height: 31px;\">Dec\u00e0leg de la coeducaci\u00f3<\/td>\n<\/tr>\n<tr style=\"height: 31px;\">\n<td style=\"width: 17.9004%; border-style: none; background-color: #ffffff; height: 31px;\"><a href=\"https:\/\/blocs.xtec.cat\/coeducacioiigualtat\/2020\/04\/22\/preguntes-per-desenvolupar-les-competencies\/\"><img loading=\"lazy\" decoding=\"async\" class=\"size-full wp-image-21392 aligncenter\" src=\"https:\/\/serveiseducatius.xtec.cat\/vallesoriental3\/wp-content\/uploads\/usu768\/2023\/05\/Disseny-sense-titol-13.png\" alt=\"\" width=\"75\" height=\"75\" \/><\/a><\/td>\n<td style=\"width: 81.292%; border-style: none; background-color: #ffffff; height: 31px;\">Com podem abordar la perspectiva de g\u00e8nere?<\/td>\n<\/tr>\n<tr style=\"height: 31px;\">\n<td style=\"width: 17.9004%; border-style: none; background-color: #ffffff; height: 31px;\"><a href=\"https:\/\/blocs.xtec.cat\/coeducacioiigualtat\/2020\/04\/24\/eina\/\"><img loading=\"lazy\" decoding=\"async\" class=\"size-full wp-image-21390 aligncenter\" src=\"https:\/\/serveiseducatius.xtec.cat\/vallesoriental3\/wp-content\/uploads\/usu768\/2023\/05\/Disseny-sense-titol-12.png\" alt=\"\" width=\"75\" height=\"75\" \/><\/a><\/td>\n<td style=\"width: 81.292%; border-style: none; background-color: #ffffff; height: 31px;\">Document per a la reflexi\u00f3 i autoavaluaci\u00f3 dels centres pel que fa a aspectes relacionats amb la coeducaci\u00f3, l\u2019educaci\u00f3 afectivosexual i la perspectiva de g\u00e8nere.<\/td>\n<\/tr>\n<tr style=\"height: 31px;\">\n<td style=\"width: 17.9004%; border-style: none; background-color: #ffffff; height: 31px;\"><a href=\"https:\/\/dones.gencat.cat\/web\/.content\/03_ambits\/docs\/vm_materials_estimar_no_fa_mal.pdf\" target=\"_blank\" rel=\"noopener\"><img loading=\"lazy\" decoding=\"async\" class=\"size-full wp-image-21389 aligncenter\" src=\"https:\/\/serveiseducatius.xtec.cat\/vallesoriental3\/wp-content\/uploads\/usu768\/2023\/05\/Disseny-sense-titol-11.png\" alt=\"\" width=\"75\" height=\"75\" \/><\/a><\/td>\n<td style=\"width: 81.292%; border-style: none; background-color: #ffffff; height: 31px;\">Pam a Pam, coeduquem! Quadern pedag\u00f2gic per al professorat del segon cicle d\u2019educaci\u00f3 infantil.<\/td>\n<\/tr>\n<tr style=\"height: 31px;\">\n<td style=\"width: 17.9004%; border-style: none; background-color: #ffffff; height: 31px;\"><a href=\"https:\/\/salutsexual.sidastudi.org\/ca\/registro\/a53b7fb35a776666015cd0c6110d0cf0\"><img loading=\"lazy\" decoding=\"async\" class=\"size-full wp-image-21386 aligncenter\" src=\"https:\/\/serveiseducatius.xtec.cat\/vallesoriental3\/wp-content\/uploads\/usu768\/2023\/05\/Disseny-sense-titol-10.png\" alt=\"\" width=\"75\" height=\"75\" \/><\/a><\/td>\n<td style=\"width: 81.292%; border-style: none; background-color: #ffffff; height: 31px;\">Recursos per treballar la diversitat afectiva, sexual i de g\u00e8nere<\/td>\n<\/tr>\n<tr style=\"height: 90px;\">\n<td style=\"width: 17.9004%; border-style: none; background-color: #ffffff; height: 90px;\"><a href=\"https:\/\/issuu.com\/patioscoeducativos\/docs\/llibre-patiscoeducatius_31-03-2020_cat_versioonlin\"><img loading=\"lazy\" decoding=\"async\" class=\"size-full wp-image-21385 aligncenter\" src=\"https:\/\/serveiseducatius.xtec.cat\/vallesoriental3\/wp-content\/uploads\/usu768\/2023\/05\/Disseny-sense-titol-9.png\" alt=\"\" width=\"75\" height=\"75\" \/><\/a><\/td>\n<td style=\"width: 81.292%; border-style: none; background-color: #ffffff; height: 90px;\">PATIS COEDUCATIUS: Guia per a la transformaci\u00f3 feminista dels espais educatius<\/td>\n<\/tr>\n<tr style=\"height: 90px;\">\n<td style=\"width: 17.9004%; border-style: none; background-color: #ffffff; height: 90px;\"><a href=\"https:\/\/projectes.xtec.cat\/steamcat\/\"><img loading=\"lazy\" decoding=\"async\" class=\"size-full wp-image-21383 aligncenter\" src=\"https:\/\/serveiseducatius.xtec.cat\/vallesoriental3\/wp-content\/uploads\/usu768\/2023\/05\/Disseny-sense-titol-8.png\" alt=\"\" width=\"75\" height=\"75\" \/><\/a><\/td>\n<td style=\"width: 81.292%; border-style: none; background-color: #ffffff; height: 90px;\">STEAMcat Recursos amb perspectiva de g\u00e8nere<\/td>\n<\/tr>\n<tr style=\"height: 43px; background-color: #fffff;\">\n<td style=\"height: 43px; width: 17.9004%; border-style: none;\"><a href=\"https:\/\/xtec.gencat.cat\/ca\/centres\/celebracions\/2021\/dia-internacional-de-les-dones-2021\/\"><img loading=\"lazy\" decoding=\"async\" class=\"size-full wp-image-21380 aligncenter\" src=\"https:\/\/serveiseducatius.xtec.cat\/vallesoriental3\/wp-content\/uploads\/usu768\/2023\/05\/Disseny-sense-titol-7.png\" alt=\"\" width=\"75\" height=\"75\" \/><\/a><\/td>\n<td style=\"height: 43px; width: 81.292%; border-style: none; background-color: #fffff;\">Recursos dia internacional de les dones<\/td>\n<\/tr>\n<\/tbody>\n<\/table>\n<p><strong>Material de coeducaci\u00f3<\/strong><\/p>\n<table style=\"width: 100%; border-style: none; background-color: none;\">\n<tbody>\n<tr style=\"height: 140px;\">\n<td style=\"width: 23.953%; height: 140px; border-color: #37c737;\">\n<h3>Recursos per l&#8217;Autodiagnosi<\/h3>\n<p>Blog d&#8217;articles, recursos i informacions.<\/td>\n<td style=\"border-color: #ffffff; background-color: #ffffff; border-style: none; width: 1.80723%;\" rowspan=\"3\">\n<h3><\/h3>\n<h3><\/h3>\n<h3><\/h3>\n<\/td>\n<td style=\"width: 23.8591%; height: 140px; border-color: #37c737;\">\n<h3>Recursos per a l&#8217;educaci\u00f3 afectivasexual<\/h3>\n<p>Comunicaci\u00f3 No Violenta, Mediaci\u00f3 Escolar i Pr\u00e0ctiques Restauratives<\/td>\n<td style=\"border-style: none; width: 1.80723%;\" rowspan=\"3\">\n<h3><\/h3>\n<h3><\/h3>\n<h3><\/h3>\n<\/td>\n<td style=\"width: 23.2374%; height: 140px; border-color: #37c737;\">\n<h3><\/h3>\n<h3>Recursos per a la prevenci\u00f3 de la Viol\u00e8ncia Masclista<\/h3>\n<p>Intercanvi PEE, projectes i experi\u00e8ncies.<\/td>\n<td style=\"border-style: none; width: 1.80723%;\" rowspan=\"3\">\n<h3><\/h3>\n<h3><\/h3>\n<h3><\/h3>\n<\/td>\n<td style=\"width: 24.643%; height: 140px; border-color: #37c737;\">\n<h3><\/h3>\n<h3>Recursos Perspectiva de g\u00e8nere<\/h3>\n<p>Protocol d\u2019actuaci\u00f3 davant de qualsevol mena de viol\u00e8ncia (Generalitat)<\/td>\n<td style=\"border-style: none; width: 2.40964%;\" rowspan=\"3\">\n<h3><\/h3>\n<h3><\/h3>\n<h3><\/h3>\n<\/td>\n<\/tr>\n<tr style=\"height: 10px;\">\n<td style=\"border-style: none; border-color: #ffffff; background-color: #ffffff; width: 23.953%;\"><\/td>\n<td style=\"border-style: none; border-color: #ffffff; background-color: #ffffff; width: 23.8591%;\"><\/td>\n<td style=\"border-style: none; border-color: #ffffff; background-color: #ffffff; width: 23.2374%;\"><\/td>\n<td style=\"border-style: none; border-color: #ffffff; background-color: #ffffff; width: 24.643%;\"><\/td>\n<\/tr>\n<tr style=\"height: 140px;\">\n<td style=\"width: 23.953%; height: 140px; border-color: #37c737;\">\n<h3>Comissi\u00f3 Municipal Coeducadora<\/h3>\n<p>Recursos per afrontar la salut mental.<\/td>\n<td style=\"width: 23.8591%; height: 140px; border-color: #37c737;\">\n<h3><a href=\"https:\/\/serveiseducatius.xtec.cat\/vallesoriental3\/coeducacio\/\">Coeducaci\u00f3<\/a><\/h3>\n<p>Blog de recursos.<\/td>\n<td style=\"width: 23.2374%; height: 140px; border-color: #37c737;\">\n<h3>Materials en Pr\u00e9stec<\/h3>\n<p>Materials, llibres i v\u00eddeos per treballar el dol en infants i adults.<\/td>\n<td style=\"width: 24.643%; height: 140px; border-color: #37c737;\">\n<h3>Curtmetratges<\/h3>\n<p>Orientacions elaborades per l&#8217;equip de les UAO (en construcci\u00f3)<\/td>\n<\/tr>\n<\/tbody>\n<\/table>\n<table style=\"height: 216px; width: 100%; border-collapse: collapse; border-style: none; background-color: #fffff; border-color: #fffff;\">\n<tbody>\n<tr style=\"height: 103px;\">\n<td style=\"width: 33.3333%; border-style: none; height: 103px; text-align: center;\"><a href=\"https:\/\/sites.google.com\/xtec.cat\/afectivosexual-sesantceloni\/cicle-menstrual?authuser=0\"><img loading=\"lazy\" decoding=\"async\" class=\"alignnone wp-image-19764\" src=\"https:\/\/serveiseducatius.xtec.cat\/vallesoriental3\/wp-content\/uploads\/usu768\/2021\/04\/banner1.5-1.jpg\" alt=\"\" width=\"252\" height=\"63\" srcset=\"https:\/\/serveiseducatius.xtec.cat\/vallesoriental3\/wp-content\/uploads\/usu768\/2021\/04\/banner1.5-1.jpg 805w, https:\/\/serveiseducatius.xtec.cat\/vallesoriental3\/wp-content\/uploads\/usu768\/2021\/04\/banner1.5-1-210x52.jpg 210w, https:\/\/serveiseducatius.xtec.cat\/vallesoriental3\/wp-content\/uploads\/usu768\/2021\/04\/banner1.5-1-768x191.jpg 768w\" sizes=\"auto, (max-width: 252px) 100vw, 252px\" \/><\/a><\/td>\n<td style=\"width: 33.3333%; border-style: none; height: 103px; text-align: center;\"><a href=\"https:\/\/sites.google.com\/xtec.cat\/llibressexualitatsecundria\/p%C3%A0gina-principal\"><img loading=\"lazy\" decoding=\"async\" class=\"alignnone wp-image-19760\" style=\"font-size: 16px;\" src=\"https:\/\/serveiseducatius.xtec.cat\/vallesoriental3\/wp-content\/uploads\/usu768\/2021\/04\/z3-1.jpg\" alt=\"\" width=\"251\" height=\"77\" srcset=\"https:\/\/serveiseducatius.xtec.cat\/vallesoriental3\/wp-content\/uploads\/usu768\/2021\/04\/z3-1.jpg 840w, https:\/\/serveiseducatius.xtec.cat\/vallesoriental3\/wp-content\/uploads\/usu768\/2021\/04\/z3-1-210x65.jpg 210w, https:\/\/serveiseducatius.xtec.cat\/vallesoriental3\/wp-content\/uploads\/usu768\/2021\/04\/z3-1-768x237.jpg 768w\" sizes=\"auto, (max-width: 251px) 100vw, 251px\" \/><\/a><\/td>\n<td style=\"width: 33.3333%; border-style: none; height: 103px; text-align: center;\"><a href=\"https:\/\/sites.google.com\/xtec.cat\/coeducacio-pri-sesantceloni\/p%C3%A0gina-principal\"><img loading=\"lazy\" decoding=\"async\" class=\"alignnone wp-image-19711\" src=\"https:\/\/serveiseducatius.xtec.cat\/vallesoriental3\/wp-content\/uploads\/usu768\/2021\/04\/banner1.3.jpg\" alt=\"\" width=\"255\" height=\"69\" srcset=\"https:\/\/serveiseducatius.xtec.cat\/vallesoriental3\/wp-content\/uploads\/usu768\/2021\/04\/banner1.3.jpg 866w, https:\/\/serveiseducatius.xtec.cat\/vallesoriental3\/wp-content\/uploads\/usu768\/2021\/04\/banner1.3-210x57.jpg 210w, https:\/\/serveiseducatius.xtec.cat\/vallesoriental3\/wp-content\/uploads\/usu768\/2021\/04\/banner1.3-768x207.jpg 768w\" sizes=\"auto, (max-width: 255px) 100vw, 255px\" \/><\/a><\/td>\n<td style=\"width: 33.3333%; border-style: none; height: 103px; text-align: center;\"><img loading=\"lazy\" decoding=\"async\" class=\"alignnone wp-image-19760\" style=\"font-size: 16px;\" src=\"https:\/\/serveiseducatius.xtec.cat\/vallesoriental3\/wp-content\/uploads\/usu768\/2021\/04\/z3-1.jpg\" alt=\"\" width=\"254\" height=\"78\" srcset=\"https:\/\/serveiseducatius.xtec.cat\/vallesoriental3\/wp-content\/uploads\/usu768\/2021\/04\/z3-1.jpg 840w, https:\/\/serveiseducatius.xtec.cat\/vallesoriental3\/wp-content\/uploads\/usu768\/2021\/04\/z3-1-210x65.jpg 210w, https:\/\/serveiseducatius.xtec.cat\/vallesoriental3\/wp-content\/uploads\/usu768\/2021\/04\/z3-1-768x237.jpg 768w\" sizes=\"auto, (max-width: 254px) 100vw, 254px\" \/><\/td>\n<td style=\"width: 33.3333%; border-style: none; height: 103px; text-align: center;\"><img loading=\"lazy\" decoding=\"async\" class=\"alignnone wp-image-19761\" style=\"font-size: 16px;\" src=\"https:\/\/serveiseducatius.xtec.cat\/vallesoriental3\/wp-content\/uploads\/usu768\/2021\/04\/Captura-6.jpg\" alt=\"\" width=\"254\" height=\"84\" srcset=\"https:\/\/serveiseducatius.xtec.cat\/vallesoriental3\/wp-content\/uploads\/usu768\/2021\/04\/Captura-6.jpg 778w, https:\/\/serveiseducatius.xtec.cat\/vallesoriental3\/wp-content\/uploads\/usu768\/2021\/04\/Captura-6-210x69.jpg 210w, https:\/\/serveiseducatius.xtec.cat\/vallesoriental3\/wp-content\/uploads\/usu768\/2021\/04\/Captura-6-768x254.jpg 768w\" sizes=\"auto, (max-width: 254px) 100vw, 254px\" \/><\/td>\n<\/tr>\n<tr style=\"background-color: #ffffff;\">\n<td style=\"width: 33.3333%; border-style: none; text-align: center;\">\u00a0<a href=\"https:\/\/sites.google.com\/xtec.cat\/jocsdecoeducacisecundria\/p%C3%A0gina-principal\"><img loading=\"lazy\" decoding=\"async\" class=\"alignnone wp-image-19758\" style=\"font-size: 16px;\" src=\"https:\/\/serveiseducatius.xtec.cat\/vallesoriental3\/wp-content\/uploads\/usu768\/2021\/04\/banner1.2-1.jpg\" alt=\"\" width=\"252\" height=\"84\" \/><\/a><\/td>\n<td style=\"width: 33.3333%; border-style: none; text-align: center;\"><a href=\"https:\/\/sites.google.com\/xtec.cat\/maleta-pedagoica-emocions\/infantil?authuser=2\"><img loading=\"lazy\" decoding=\"async\" class=\"alignnone wp-image-19765\" src=\"https:\/\/serveiseducatius.xtec.cat\/vallesoriental3\/wp-content\/uploads\/usu768\/2021\/04\/emocions2.jpg\" alt=\"\" width=\"256\" height=\"64\" srcset=\"https:\/\/serveiseducatius.xtec.cat\/vallesoriental3\/wp-content\/uploads\/usu768\/2021\/04\/emocions2.jpg 806w, https:\/\/serveiseducatius.xtec.cat\/vallesoriental3\/wp-content\/uploads\/usu768\/2021\/04\/emocions2-210x53.jpg 210w, https:\/\/serveiseducatius.xtec.cat\/vallesoriental3\/wp-content\/uploads\/usu768\/2021\/04\/emocions2-768x192.jpg 768w\" sizes=\"auto, (max-width: 256px) 100vw, 256px\" \/><\/a><\/td>\n<td style=\"width: 33.3333%; border-style: none; text-align: center;\"><a href=\"https:\/\/sites.google.com\/xtec.cat\/maletacoeducacioinfantil\/infantil\"><img loading=\"lazy\" decoding=\"async\" class=\"alignnone wp-image-19708\" src=\"https:\/\/serveiseducatius.xtec.cat\/vallesoriental3\/wp-content\/uploads\/usu768\/2021\/04\/banner1.1.jpg\" alt=\"\" width=\"255\" height=\"69\" srcset=\"https:\/\/serveiseducatius.xtec.cat\/vallesoriental3\/wp-content\/uploads\/usu768\/2021\/04\/banner1.1.jpg 867w, https:\/\/serveiseducatius.xtec.cat\/vallesoriental3\/wp-content\/uploads\/usu768\/2021\/04\/banner1.1-210x57.jpg 210w, https:\/\/serveiseducatius.xtec.cat\/vallesoriental3\/wp-content\/uploads\/usu768\/2021\/04\/banner1.1-768x208.jpg 768w\" sizes=\"auto, (max-width: 255px) 100vw, 255px\" \/><\/a><\/td>\n<td style=\"width: 33.3333%; border-style: none; text-align: center;\"><\/td>\n<td style=\"width: 33.3333%; border-style: none; text-align: center;\"><\/td>\n<\/tr>\n<\/tbody>\n<\/table>\n<p><a href=\"https:\/\/docs.google.com\/forms\/d\/e\/1FAIpQLSe7qvOCA5-h71eNEbEK3hVn4VdRS6E9SbSM-g9oIUGJZ5EMuw\/closedform\"><img loading=\"lazy\" decoding=\"async\" class=\"wp-image-19753 aligncenter\" src=\"https:\/\/serveiseducatius.xtec.cat\/vallesoriental3\/wp-content\/uploads\/usu768\/2021\/04\/Captura-5-1024x245.jpg\" alt=\"\" width=\"313\" height=\"75\" srcset=\"https:\/\/serveiseducatius.xtec.cat\/vallesoriental3\/wp-content\/uploads\/usu768\/2021\/04\/Captura-5-1024x245.jpg 1024w, https:\/\/serveiseducatius.xtec.cat\/vallesoriental3\/wp-content\/uploads\/usu768\/2021\/04\/Captura-5-210x50.jpg 210w, https:\/\/serveiseducatius.xtec.cat\/vallesoriental3\/wp-content\/uploads\/usu768\/2021\/04\/Captura-5-768x184.jpg 768w, https:\/\/serveiseducatius.xtec.cat\/vallesoriental3\/wp-content\/uploads\/usu768\/2021\/04\/Captura-5.jpg 1305w\" sizes=\"auto, (max-width: 313px) 100vw, 313px\" \/><\/a><\/p>\n","protected":false},"excerpt":{"rendered":"<p>Programa de coeducaci\u00f3, perspectiva de g\u00e8nere i educaci\u00f3 afectivosexual al curr\u00edculum. Dec\u00e0leg de la coeducaci\u00f3 Com podem abordar la perspectiva [&hellip;]<\/p>\n","protected":false},"author":1,"featured_media":0,"parent":0,"menu_order":0,"comment_status":"closed","ping_status":"closed","template":"","meta":{"_bbp_topic_count":0,"_bbp_reply_count":0,"_bbp_total_topic_count":0,"_bbp_total_reply_count":0,"_bbp_voice_count":0,"_bbp_anonymous_reply_count":0,"_bbp_topic_count_hidden":0,"_bbp_reply_count_hidden":0,"_bbp_forum_subforum_count":0,"site-sidebar-layout":"default","site-content-layout":"","ast-site-content-layout":"","site-content-style":"default","site-sidebar-style":"default","ast-global-header-display":"","ast-banner-title-visibility":"","ast-main-header-display":"","ast-hfb-above-header-display":"","ast-hfb-below-header-display":"","ast-hfb-mobile-header-display":"","site-post-title":"","ast-breadcrumbs-content":"","ast-featured-img":"","footer-sml-layout":"","theme-transparent-header-meta":"","adv-header-id-meta":"","stick-header-meta":"","header-above-stick-meta":"","header-main-stick-meta":"","header-below-stick-meta":"","astra-migrate-meta-layouts":"default","ast-page-background-enabled":"default","ast-page-background-meta":{"desktop":{"background-color":"var(--ast-global-color-4)","background-image":"","background-repeat":"repeat","background-position":"center center","background-size":"auto","background-attachment":"scroll","background-type":"","background-media":"","overlay-type":"","overlay-color":"","overlay-opacity":"","overlay-gradient":""},"tablet":{"background-color":"","background-image":"","background-repeat":"repeat","background-position":"center center","background-size":"auto","background-attachment":"scroll","background-type":"","background-media":"","overlay-type":"","overlay-color":"","overlay-opacity":"","overlay-gradient":""},"mobile":{"background-color":"","background-image":"","background-repeat":"repeat","background-position":"center center","background-size":"auto","background-attachment":"scroll","background-type":"","background-media":"","overlay-type":"","overlay-color":"","overlay-opacity":"","overlay-gradient":""}},"ast-content-background-meta":{"desktop":{"background-color":"var(--ast-global-color-5)","background-image":"","background-repeat":"repeat","background-position":"center center","background-size":"auto","background-attachment":"scroll","background-type":"","background-media":"","overlay-type":"","overlay-color":"","overlay-opacity":"","overlay-gradient":""},"tablet":{"background-color":"var(--ast-global-color-5)","background-image":"","background-repeat":"repeat","background-position":"center center","background-size":"auto","background-attachment":"scroll","background-type":"","background-media":"","overlay-type":"","overlay-color":"","overlay-opacity":"","overlay-gradient":""},"mobile":{"background-color":"var(--ast-global-color-5)","background-image":"","background-repeat":"repeat","background-position":"center center","background-size":"auto","background-attachment":"scroll","background-type":"","background-media":"","overlay-type":"","overlay-color":"","overlay-opacity":"","overlay-gradient":""}},"footnotes":""},"class_list":["post-21363","page","type-page","status-publish","hentry"],"post_mailing_queue_ids":[],"_links":{"self":[{"href":"https:\/\/serveiseducatius.xtec.cat\/vallesoriental3\/wp-json\/wp\/v2\/pages\/21363","targetHints":{"allow":["GET"]}}],"collection":[{"href":"https:\/\/serveiseducatius.xtec.cat\/vallesoriental3\/wp-json\/wp\/v2\/pages"}],"about":[{"href":"https:\/\/serveiseducatius.xtec.cat\/vallesoriental3\/wp-json\/wp\/v2\/types\/page"}],"author":[{"embeddable":true,"href":"https:\/\/serveiseducatius.xtec.cat\/vallesoriental3\/wp-json\/wp\/v2\/users\/1"}],"replies":[{"embeddable":true,"href":"https:\/\/serveiseducatius.xtec.cat\/vallesoriental3\/wp-json\/wp\/v2\/comments?post=21363"}],"version-history":[{"count":4,"href":"https:\/\/serveiseducatius.xtec.cat\/vallesoriental3\/wp-json\/wp\/v2\/pages\/21363\/revisions"}],"predecessor-version":[{"id":22937,"href":"https:\/\/serveiseducatius.xtec.cat\/vallesoriental3\/wp-json\/wp\/v2\/pages\/21363\/revisions\/22937"}],"wp:attachment":[{"href":"https:\/\/serveiseducatius.xtec.cat\/vallesoriental3\/wp-json\/wp\/v2\/media?parent=21363"}],"curies":[{"name":"wp","href":"https:\/\/api.w.org\/{rel}","templated":true}]}}