{"id":21289,"date":"2023-05-16T09:18:19","date_gmt":"2023-05-16T07:18:19","guid":{"rendered":"https:\/\/serveiseducatius.xtec.cat\/vallesoriental3\/?page_id=21289"},"modified":"2025-05-19T20:34:19","modified_gmt":"2025-05-19T18:34:19","slug":"el-nou-curriculum","status":"publish","type":"page","link":"https:\/\/serveiseducatius.xtec.cat\/vallesoriental3\/el-nou-curriculum\/","title":{"rendered":"El nou curr\u00edculum"},"content":{"rendered":"\n<p class=\"has-text-align-left\">Aprenem de manera significativa quan acostem l&#8217;escola a situacions, q\u00fcestions i problemes&nbsp;reals&nbsp;de la vida quotidiana. Aprendre amb sentit implica que les persones aprenents siguin capaces de mobilitzar<span style=\"font-family: inherit; font-size: 1em;\">&nbsp;els aprenentatges ad<\/span><span style=\"font-family: inherit; font-size: 1em;\">quirits per donar resposta als principals reptes que hauran d&#8217;afrontar al llarg de la seva vida<\/span><span style=\"font-family: inherit; font-size: 1em;\">. La nostra meta no \u00e9s simplement l&#8217;adquisici\u00f3 de coneixements, sin\u00f3 aprendre a utilitzar-los per resoldre necessitat<\/span>s concretes ancorades en la realitat.<\/p>\n\n\n\n<p>Volem que l&#8217;alumnat aprengui de manera significativa per aconseguir una societat m\u00e9s justa i democr\u00e0tica, cohesionada i inclusiva, que contempli totes les persones i on sigui possible la igualtat d&#8217;oportunitats i la igualtat real i efectiva. Una societat fonamentada en una ciutadania cr\u00edtica, activa i constructiva, que doni resposta<br>a les aspiracions personals i col\u00b7lectives, sostenible, digitalitzada, m\u00e9s equitativa,<br>m\u00e9s verda, m\u00e9s feminista, m\u00e9s cohesionada, sense desigualtats socioecon\u00f2miques i m\u00e9s democr\u00e0tica.<\/p>\n\n\n\n<div class=\"wp-block-columns is-layout-flex wp-container-core-columns-is-layout-1 wp-block-columns-is-layout-flex\" style=\"padding-top:var(--wp--preset--spacing--20);padding-right:var(--wp--preset--spacing--20);padding-bottom:var(--wp--preset--spacing--20);padding-left:var(--wp--preset--spacing--20)\">\n<div class=\"wp-block-column is-layout-flow wp-block-column-is-layout-flow\">\n<h3 class=\"wp-block-heading\"><a href=\"https:\/\/projectes.xtec.cat\/nou-curriculum\/\">Web nou Curr\u00edculum DdE<\/a><\/h3>\n\n\n\n<p>Blog del nou curr\u00edculum de la Generalitat.<\/p>\n<\/div>\n\n\n\n<div class=\"wp-block-column is-layout-flow wp-block-column-is-layout-flow\">\n<h3 class=\"wp-block-heading\"><a href=\"https:\/\/sites.google.com\/xtec.cat\/xtte-mvo\/focus\/els-6-vectors?authuser=1\">Vectors<\/a><\/h3>\n\n\n\n<p>V\u00eddeos dels vectors i documentaci\u00f3 ampliada de suport. XTTE-MVO.<\/p>\n<\/div>\n\n\n\n<div class=\"wp-block-column is-layout-flow wp-block-column-is-layout-flow\"><\/div>\n<\/div>\n\n\n\n<div class=\"wp-block-columns is-layout-flex wp-container-core-columns-is-layout-2 wp-block-columns-is-layout-flex\" style=\"padding-top:var(--wp--preset--spacing--20);padding-right:var(--wp--preset--spacing--20);padding-bottom:var(--wp--preset--spacing--20);padding-left:var(--wp--preset--spacing--20)\">\n<div class=\"wp-block-column is-layout-flow wp-block-column-is-layout-flow\">\n<h3 class=\"wp-block-heading\">Recursos per programar<\/h3>\n\n\n\n<p>Recull de plantilles de suport, eines IA i altres recursos per a fer front a la concreci\u00f3 de Situacions d\u2019Aprenentatge.<\/p>\n\n\n\n<p>Informes de la<a href=\"https:\/\/natibergada.cat\/com-fer-bons-informes-avaluacio\/?utm_campaign=informes-avaluacio-2023&amp;utm_medium=email&amp;utm_source=acumbamail\"> Nati Bergad\u00e0<\/a><\/p>\n<\/div>\n\n\n\n<div class=\"wp-block-column is-layout-flow wp-block-column-is-layout-flow\">\n<h3 class=\"wp-block-heading\">Recursos per avaluar<\/h3>\n\n\n\n<p><\/p>\n<\/div>\n\n\n\n<div class=\"wp-block-column is-layout-flow wp-block-column-is-layout-flow\">\n<h3 class=\"wp-block-heading\">Recursos per a fer informes<\/h3>\n\n\n\n<p>Blog de recursos sobre com avan\u00e7ar cap a informes m\u00e9s qualitatius. XCB.<\/p>\n<\/div>\n<\/div>\n\n\n\n<div style=\"height:131px\" aria-hidden=\"true\" class=\"wp-block-spacer\"><\/div>\n\n\n\n<h4 class=\"wp-block-heading\">\u00daltims articles<\/h4>\n\n\n\n\t\t<div class=\"wp-block-getwid-recent-posts has-layout-list\">\n\t\t\t<div class=\"wp-block-getwid-recent-posts__wrapper\">\n\t\t\t\t\n<article id=\"post-23588\" class=\"wp-block-getwid-recent-posts__post\">\n    <div class=\"wp-block-getwid-recent-posts__post-wrapper\">\n                    <div class=\"wp-block-getwid-recent-posts__post-thumbnail\">\n                <a href=\"https:\/\/serveiseducatius.xtec.cat\/vallesoriental3\/general\/formacions-destiu-2025-orientacio-participacio-i-benestar-de-lalumnat\/\"><img loading=\"lazy\" decoding=\"async\" width=\"150\" height=\"150\" src=\"https:\/\/serveiseducatius.xtec.cat\/vallesoriental3\/wp-content\/uploads\/usu768\/2025\/05\/CURSOS-ESTIU-CD-3-150x150.png\" class=\"attachment-thumbnail size-thumbnail wp-post-image\" alt=\"Formacions d\u2019estiu 2025: Orientaci\u00f3, participaci\u00f3 i benestar de l\u2019alumnat\" srcset=\"https:\/\/serveiseducatius.xtec.cat\/vallesoriental3\/wp-content\/uploads\/usu768\/2025\/05\/CURSOS-ESTIU-CD-3-150x150.png 150w, https:\/\/serveiseducatius.xtec.cat\/vallesoriental3\/wp-content\/uploads\/usu768\/2025\/05\/CURSOS-ESTIU-CD-3-210x210.png 210w, https:\/\/serveiseducatius.xtec.cat\/vallesoriental3\/wp-content\/uploads\/usu768\/2025\/05\/CURSOS-ESTIU-CD-3.png 450w\" sizes=\"auto, (max-width: 150px) 100vw, 150px\" \/><\/a>\n            <\/div>\n                            <div class=\"wp-block-getwid-recent-posts__content-wrapper\">\n                                    <header class=\"wp-block-getwid-recent-posts__entry-header\">\n                                                    <h4 class=\"wp-block-getwid-recent-posts__post-title\"><a href=\"https:\/\/serveiseducatius.xtec.cat\/vallesoriental3\/general\/formacions-destiu-2025-orientacio-participacio-i-benestar-de-lalumnat\/\">Formacions d\u2019estiu 2025: Orientaci\u00f3, participaci\u00f3 i benestar de l\u2019alumnat<\/a><\/h4>                                                                    <\/header>\n                                <div class=\"wp-block-getwid-recent-posts__post-content\">Aquest estiu tens l\u2019oportunitat de continuar formant-te en \u00e0mbits clau per a l\u2019educaci\u00f3 integral dels infants i joves: l\u2019acompanyament emocional,&hellip;<\/div>\n                \n                            <\/div>\n            <\/div>\n<\/article>\n\n<article id=\"post-23569\" class=\"wp-block-getwid-recent-posts__post\">\n    <div class=\"wp-block-getwid-recent-posts__post-wrapper\">\n                    <div class=\"wp-block-getwid-recent-posts__post-thumbnail\">\n                <a href=\"https:\/\/serveiseducatius.xtec.cat\/vallesoriental3\/recursos\/orientacions-competencies-transversals-nou-curriculum\/\"><img loading=\"lazy\" decoding=\"async\" width=\"150\" height=\"150\" src=\"https:\/\/serveiseducatius.xtec.cat\/vallesoriental3\/wp-content\/uploads\/usu768\/2025\/05\/C_Clau-150x150.png\" class=\"attachment-thumbnail size-thumbnail wp-post-image\" alt=\"Orientacions Compet\u00e8ncies Transversals. Nou curr\u00edculum\" \/><\/a>\n            <\/div>\n                            <div class=\"wp-block-getwid-recent-posts__content-wrapper\">\n                                    <header class=\"wp-block-getwid-recent-posts__entry-header\">\n                                                    <h4 class=\"wp-block-getwid-recent-posts__post-title\"><a href=\"https:\/\/serveiseducatius.xtec.cat\/vallesoriental3\/recursos\/orientacions-competencies-transversals-nou-curriculum\/\">Orientacions Compet\u00e8ncies Transversals. Nou curr\u00edculum<\/a><\/h4>                                                                    <\/header>\n                                <div class=\"wp-block-getwid-recent-posts__post-content\">Les compet\u00e8ncies transversals s\u00f3n una pe\u00e7a clau del nou curr\u00edculum. Van m\u00e9s enll\u00e0 de les \u00e0rees i mat\u00e8ries, i permeten&hellip;<\/div>\n                \n                            <\/div>\n            <\/div>\n<\/article>\n\n<article id=\"post-23546\" class=\"wp-block-getwid-recent-posts__post\">\n    <div class=\"wp-block-getwid-recent-posts__post-wrapper\">\n                    <div class=\"wp-block-getwid-recent-posts__post-thumbnail\">\n                <a href=\"https:\/\/serveiseducatius.xtec.cat\/vallesoriental3\/general\/orientacions-de-llengues-i-matematiques-sobre-el-nou-curriculum\/\"><img loading=\"lazy\" decoding=\"async\" width=\"150\" height=\"150\" src=\"https:\/\/serveiseducatius.xtec.cat\/vallesoriental3\/wp-content\/uploads\/usu768\/2025\/05\/Captura-de-pantalla-2025-05-18-a-les-8.38.02\u202fp.-m-150x150.png\" class=\"attachment-thumbnail size-thumbnail wp-post-image\" alt=\"Orientacions de Lleng\u00fces i Matem\u00e0tiques sobre el nou curr\u00edculum\" \/><\/a>\n            <\/div>\n                            <div class=\"wp-block-getwid-recent-posts__content-wrapper\">\n                                    <header class=\"wp-block-getwid-recent-posts__entry-header\">\n                                                    <h4 class=\"wp-block-getwid-recent-posts__post-title\"><a href=\"https:\/\/serveiseducatius.xtec.cat\/vallesoriental3\/general\/orientacions-de-llengues-i-matematiques-sobre-el-nou-curriculum\/\">Orientacions de Lleng\u00fces i Matem\u00e0tiques sobre el nou curr\u00edculum<\/a><\/h4>                                                                    <\/header>\n                                <div class=\"wp-block-getwid-recent-posts__post-content\">El Departament d\u2019Educaci\u00f3 ha publicat un conjunt d\u2019orientacions curriculars per acompanyar la implementaci\u00f3 del nou curr\u00edculum competencial a l\u2019educaci\u00f3 prim\u00e0ria&hellip;<\/div>\n                \n                            <\/div>\n            <\/div>\n<\/article>\n\n<article id=\"post-23487\" class=\"wp-block-getwid-recent-posts__post\">\n    <div class=\"wp-block-getwid-recent-posts__post-wrapper\">\n                    <div class=\"wp-block-getwid-recent-posts__post-thumbnail\">\n                <a href=\"https:\/\/serveiseducatius.xtec.cat\/vallesoriental3\/portada\/nous-videos-publicats-per-la-xarxa-de-competencies\/\"><img loading=\"lazy\" decoding=\"async\" width=\"150\" height=\"150\" src=\"https:\/\/serveiseducatius.xtec.cat\/vallesoriental3\/wp-content\/uploads\/usu768\/2025\/05\/Captura-de-pantalla-2025-05-13-a-les-2.07.19\u202fp.-m-150x150.png\" class=\"attachment-thumbnail size-thumbnail wp-post-image\" alt=\"Nous v\u00eddeos publicats per la Xarxa de Compet\u00e8ncies\" \/><\/a>\n            <\/div>\n                            <div class=\"wp-block-getwid-recent-posts__content-wrapper\">\n                                    <header class=\"wp-block-getwid-recent-posts__entry-header\">\n                                                    <h4 class=\"wp-block-getwid-recent-posts__post-title\"><a href=\"https:\/\/serveiseducatius.xtec.cat\/vallesoriental3\/portada\/nous-videos-publicats-per-la-xarxa-de-competencies\/\">Nous v\u00eddeos publicats per la Xarxa de Compet\u00e8ncies<\/a><\/h4>                                                                    <\/header>\n                                <div class=\"wp-block-getwid-recent-posts__post-content\">El passat 2 de maig La xarxa de compet\u00e8ncies va publicar tres v\u00eddeos-converses sobre el treball que estan fent enguany.&hellip;<\/div>\n                \n                            <\/div>\n            <\/div>\n<\/article>\n\n<article id=\"post-23288\" class=\"wp-block-getwid-recent-posts__post\">\n    <div class=\"wp-block-getwid-recent-posts__post-wrapper\">\n                    <div class=\"wp-block-getwid-recent-posts__post-thumbnail\">\n                <a href=\"https:\/\/serveiseducatius.xtec.cat\/vallesoriental3\/general\/deteccio-necessitats-formatives-25-26\/\"><img loading=\"lazy\" decoding=\"async\" width=\"150\" height=\"150\" src=\"https:\/\/serveiseducatius.xtec.cat\/vallesoriental3\/wp-content\/uploads\/usu768\/2025\/04\/Captura-de-pantalla-2025-04-24-a-les-2.00.39\u202fp.-m-150x150.png\" class=\"attachment-thumbnail size-thumbnail wp-post-image\" alt=\"Detecci\u00f3 necessitats formatives 25-26\" \/><\/a>\n            <\/div>\n                            <div class=\"wp-block-getwid-recent-posts__content-wrapper\">\n                                    <header class=\"wp-block-getwid-recent-posts__entry-header\">\n                                                    <h4 class=\"wp-block-getwid-recent-posts__post-title\"><a href=\"https:\/\/serveiseducatius.xtec.cat\/vallesoriental3\/general\/deteccio-necessitats-formatives-25-26\/\">Detecci\u00f3 necessitats formatives 25-26<\/a><\/h4>                                                                    <\/header>\n                                <div class=\"wp-block-getwid-recent-posts__post-content\">Des del Servei Educatiu us presentem aquest recurs interactiu que recull els diferents \u00e0mbits formatius que podeu treballar al vostre&hellip;<\/div>\n                \n                            <\/div>\n            <\/div>\n<\/article>\n\t\t\t<\/div>\n\t\t<\/div>\n\t\t","protected":false},"excerpt":{"rendered":"<p>Aprenem de manera significativa quan acostem l&#8217;escola a situacions, q\u00fcestions i problemes&nbsp;reals&nbsp;de la vida quotidiana. Aprendre amb sentit implica que [&hellip;]<\/p>\n","protected":false},"author":1,"featured_media":0,"parent":0,"menu_order":0,"comment_status":"closed","ping_status":"closed","template":"","meta":{"_bbp_topic_count":0,"_bbp_reply_count":0,"_bbp_total_topic_count":0,"_bbp_total_reply_count":0,"_bbp_voice_count":0,"_bbp_anonymous_reply_count":0,"_bbp_topic_count_hidden":0,"_bbp_reply_count_hidden":0,"_bbp_forum_subforum_count":0,"site-sidebar-layout":"default","site-content-layout":"","ast-site-content-layout":"default","site-content-style":"default","site-sidebar-style":"default","ast-global-header-display":"","ast-banner-title-visibility":"","ast-main-header-display":"","ast-hfb-above-header-display":"","ast-hfb-below-header-display":"","ast-hfb-mobile-header-display":"","site-post-title":"","ast-breadcrumbs-content":"","ast-featured-img":"","footer-sml-layout":"","theme-transparent-header-meta":"","adv-header-id-meta":"","stick-header-meta":"","header-above-stick-meta":"","header-main-stick-meta":"","header-below-stick-meta":"","astra-migrate-meta-layouts":"set","ast-page-background-enabled":"default","ast-page-background-meta":{"desktop":{"background-color":"var(--ast-global-color-4)","background-image":"","background-repeat":"repeat","background-position":"center center","background-size":"auto","background-attachment":"scroll","background-type":"","background-media":"","overlay-type":"","overlay-color":"","overlay-opacity":"","overlay-gradient":""},"tablet":{"background-color":"","background-image":"","background-repeat":"repeat","background-position":"center center","background-size":"auto","background-attachment":"scroll","background-type":"","background-media":"","overlay-type":"","overlay-color":"","overlay-opacity":"","overlay-gradient":""},"mobile":{"background-color":"","background-image":"","background-repeat":"repeat","background-position":"center center","background-size":"auto","background-attachment":"scroll","background-type":"","background-media":"","overlay-type":"","overlay-color":"","overlay-opacity":"","overlay-gradient":""}},"ast-content-background-meta":{"desktop":{"background-color":"var(--ast-global-color-5)","background-image":"","background-repeat":"repeat","background-position":"center center","background-size":"auto","background-attachment":"scroll","background-type":"","background-media":"","overlay-type":"","overlay-color":"","overlay-opacity":"","overlay-gradient":""},"tablet":{"background-color":"var(--ast-global-color-5)","background-image":"","background-repeat":"repeat","background-position":"center center","background-size":"auto","background-attachment":"scroll","background-type":"","background-media":"","overlay-type":"","overlay-color":"","overlay-opacity":"","overlay-gradient":""},"mobile":{"background-color":"var(--ast-global-color-5)","background-image":"","background-repeat":"repeat","background-position":"center center","background-size":"auto","background-attachment":"scroll","background-type":"","background-media":"","overlay-type":"","overlay-color":"","overlay-opacity":"","overlay-gradient":""}},"footnotes":""},"class_list":["post-21289","page","type-page","status-publish","hentry"],"post_mailing_queue_ids":[],"_links":{"self":[{"href":"https:\/\/serveiseducatius.xtec.cat\/vallesoriental3\/wp-json\/wp\/v2\/pages\/21289","targetHints":{"allow":["GET"]}}],"collection":[{"href":"https:\/\/serveiseducatius.xtec.cat\/vallesoriental3\/wp-json\/wp\/v2\/pages"}],"about":[{"href":"https:\/\/serveiseducatius.xtec.cat\/vallesoriental3\/wp-json\/wp\/v2\/types\/page"}],"author":[{"embeddable":true,"href":"https:\/\/serveiseducatius.xtec.cat\/vallesoriental3\/wp-json\/wp\/v2\/users\/1"}],"replies":[{"embeddable":true,"href":"https:\/\/serveiseducatius.xtec.cat\/vallesoriental3\/wp-json\/wp\/v2\/comments?post=21289"}],"version-history":[{"count":6,"href":"https:\/\/serveiseducatius.xtec.cat\/vallesoriental3\/wp-json\/wp\/v2\/pages\/21289\/revisions"}],"predecessor-version":[{"id":23568,"href":"https:\/\/serveiseducatius.xtec.cat\/vallesoriental3\/wp-json\/wp\/v2\/pages\/21289\/revisions\/23568"}],"wp:attachment":[{"href":"https:\/\/serveiseducatius.xtec.cat\/vallesoriental3\/wp-json\/wp\/v2\/media?parent=21289"}],"curies":[{"name":"wp","href":"https:\/\/api.w.org\/{rel}","templated":true}]}}