{"id":416,"date":"2015-11-25T15:58:53","date_gmt":"2015-11-25T14:58:53","guid":{"rendered":"http:\/\/serveiseducatius.xtec.cat\/vallesoriental2\/?page_id=416"},"modified":"2025-09-25T13:20:32","modified_gmt":"2025-09-25T11:20:32","slug":"formacio","status":"publish","type":"page","link":"https:\/\/serveiseducatius.xtec.cat\/vallesoriental2\/formacio\/","title":{"rendered":"Formaci\u00f3"},"content":{"rendered":"<p>La formaci\u00f3 del professorat \u00e9s un recurs que ha de contribuir a la millora dels projectes educatius dels centres i a l\u2019enfortiment de les compet\u00e8ncies professionals del professorat.<\/p>\n<p>El Departament d\u2019Ensenyament ha establert un conjunt\u00a0<a href=\"http:\/\/xtec.gencat.cat\/ca\/formacio\/info-general\/objectius-formacio\/\">d\u2019objectius de formaci\u00f3<\/a>\u00a0permanent que volen donar resposta a les necessitats de formaci\u00f3 dels centres educatius, dels docents i del personal adscrit als centres del Servei d\u2019Educaci\u00f3 de Catalunya.<\/p>\n<p>El Departament d\u2019Ensenyament presenta la seva oferta formativa a la\u00a0<a href=\"http:\/\/xtec.gencat.cat\/ca\/formacio\/\">secci\u00f3 de formaci\u00f3 de la XTEC<\/a>. A cadascun dels diferents apartats d\u2019aquesta p\u00e0gina i a trav\u00e9s del\u00a0<a href=\"http:\/\/xtec.gencat.cat\/ca\/formacio\/info-general\/cercador-activitats\/\">cercador d\u2019activitats<\/a>\u00a0es pot accedir a la informaci\u00f3 relacionada i la inscripci\u00f3 a les activitats, sempre que estigui oberta.<\/p>\n<p><strong>L\u2019oferta general d\u2019activitats<\/strong>\u00a0que es realitzen durant el curs escolar es\u00a0<strong>publica<\/strong> amb data\u00a0<strong>15 de juliol<\/strong>. Aquesta oferta es pot complementar amb altres activitats que s\u2019aniran publicant durant el curs. La formaci\u00f3 que es realitza a\u00a0l\u2019<strong>estiu es publica al maig.<\/strong><\/p>\n<p><strong>La inscripci\u00f3 a les activitats<\/strong>\u00a0de l\u2019oferta general es realitzar\u00e0 en dos torns, un primer torn al\u00a0<strong>setembre<\/strong>\u00a0i un segon torn al\u00a0<strong>gener<\/strong>. Al <b>maig s&#8217;obre<\/b>\u00a0un altre per\u00edode d\u2019inscripci\u00f3 per a la\u00a0<strong>formaci\u00f3 d\u2019estiu<\/strong>.<\/p>\n<p><strong>Les diferents modalitats formatives\u00a0<\/strong>s\u00f3n:<\/p>\n<div class=\"gmail_default\">\n<ul>\n<li><strong>Formaci\u00f3 en centre.<\/strong>\u00a0Formaci\u00f3 lligada a projectes de canvi o millora del centre. Requereix el comprom\u00eds de fer un treball de seguiment intern sobre la transfer\u00e8ncia a l\u2019aula del contingut de la formaci\u00f3 i la seva contribuci\u00f3 a la millora dels resultats. Modalitats:\n<ul>\n<li><strong>Assessorament<\/strong>.\u00a0Modalitat formativa amb intervenci\u00f3 d\u2019un professional, generalment extern, que s\u2019adre\u00e7a a la majoria del claustre o a un col\u00b7lectiu d\u2019un centre. \u00c9s liderat per l\u2019equip directiu.\n<ul>\n<li>Format presencial.<\/li>\n<li>Durada total de l\u2019activitat: m\u00ednim 20 hores<br \/>\nDurada dels altres requisits: m\u00ednim 1\/3; m\u00e0xim 1\/2<\/li>\n<\/ul>\n<\/li>\n<li><strong>Taller a centre.\u00a0<\/strong>Modalitat formativa de car\u00e0cter concret i pr\u00e0ctic orientat a la millora d\u2019alguna compet\u00e8ncia professional del professorat.\u00a0S\u2019adre\u00e7a a la majoria del claustre o a un col\u00b7lectiu d\u2019un centre. En general, el taller \u00e9s impartit per un professional expert.\u00a0Pot ser una proposta de taller a c\u00e0rrec d\u2019un formador del propi de centre\n<ul>\n<li>Format presencial.<\/li>\n<li>Durada total de l\u2019activitat: m\u00e0xim 15 hores<br \/>\nDurada dels altres requisits: m\u00e0xim 1\/3<\/li>\n<\/ul>\n<\/li>\n<li><strong>Formaci\u00f3 interna de centre<\/strong>\u00a0(FIC).\u00a0Modalitat formativa que t\u00e9 lloc dins de cada centre educatiu, i s\u2019adre\u00e7a a la majoria del claustre o a un col\u00b7lectiu d\u2019un centre. \u00c9s liderat i dinamitzat per un equip de coordinaci\u00f3 format per tres persones del centre entre les quals almenys una \u00e9s de l\u2019equip directiu.\n<ul>\n<li>Format presencial.<\/li>\n<li>Opcions:\n<ul>\n<li style=\"list-style-type: none;\">\n<ul>\n<li style=\"list-style-type: none;\">\n<ul>\n<li><strong>Itineraris guiats<\/strong>: El Departament d\u2019Ensenyament ofereix uns itineraris guiats que contenen eines d\u2019autodiagnosi, materials de formaci\u00f3 (orientacions, activitats, enlla\u00e7os, idees clau i bibliografia), protocols i instruments d\u2019avaluaci\u00f3.\n<ul>\n<li>Durada total de l\u2019activitat: 45 hores<\/li>\n<li>Durada dels altres requisits: 15 hores<\/li>\n<\/ul>\n<\/li>\n<li><strong>Itineraris propis<\/strong>. Els centres que ja duen a terme un proc\u00e9s col\u00b7lectiu de reflexi\u00f3 i dinamitzaci\u00f3 interna podran optar per fer itineraris formatius propis. El CRP o la unitat responsable comprovar\u00e0 que l\u2019itinerari propi s\u2019adequa a les necessitats i les caracter\u00edstiques de la modalitat.\n<ul>\n<li>Durada total de l\u2019activitat: 30 hores<\/li>\n<li>Durada dels altres requisits: 10 hores<\/li>\n<\/ul>\n<\/li>\n<\/ul>\n<\/li>\n<\/ul>\n<\/li>\n<\/ul>\n<\/li>\n<\/ul>\n<\/li>\n<\/ul>\n<\/li>\n<\/ul>\n<\/div>\n<div class=\"gmail_default\">\n<ul>\n<li><strong>Formaci\u00f3 per a centres<\/strong>. Eina de suport i d\u2019enfortiment del projecte educatiu de cada centre <b>aprofitant l\u2019intercanvi pedag\u00f2gic\u00a0<\/b>i la formaci\u00f3 de persones de\u00a0<b>diferents centres<\/b>\u00a0educatius que actuen com a\u00a0<b>equips impulsors <\/b>o responsables dels seus centres. Les persones participants en la formaci\u00f3 per a centres tenen el\u00a0<strong>comprom\u00eds de transferir i compartir<\/strong>\u00a0el treball de la formaci\u00f3 en el seu centre. Modalitats:\n<ul>\n<li><strong>Seminaris de coordinaci\u00f3.\u00a0<\/strong>\u00c9s una modalitat per compartir i intercanviar projectes entre professorat de diferents centres, d\u2019etapes consecutives (infantil-prim\u00e0ria; prim\u00e0ria-secund\u00e0ria) o d\u2019una mateixa etapa. Les tem\u00e0tiques poden ser generals, d\u2019especialitat, d\u2019\u00e0rea, per c\u00e0rrec.\u00a0<strong><br \/>\n<\/strong><\/p>\n<ul>\n<li>Durada total de l\u2019activitat: m\u00ednim 15 hores<br \/>\nDurada dels altres requisits: recomanat 1\/3<\/li>\n<\/ul>\n<\/li>\n<li><strong>Formaci\u00f3 a equips de centres.\u00a0<\/strong>\u00c9s una modalitat de formaci\u00f3 entre centres dirigida a equips professionals de centres on almenys una persona forma part de l\u2019equip directiu.\n<ul>\n<li>Durada total de l\u2019activitat: m\u00ednim 30 hores<br \/>\nDurada dels altres requisits: m\u00ednim 1\/3 \u2013 m\u00e0xim 2\/3<\/li>\n<\/ul>\n<\/li>\n<\/ul>\n<\/li>\n<\/ul>\n<\/div>\n<div class=\"gmail_default\">\n<ul>\n<li><strong>Formaci\u00f3 individual<\/strong>\u00a0per al professorat de diversos centres. Inclouen\n<ul>\n<li>Formaci\u00f3 individual impartits per persona formadora\u00a0<strong>seminaris, cursos i tallers<\/strong>.<\/li>\n<li>Modalitat de reflexi\u00f3 col\u00b7lectiva entre iguals:\u00a0<strong>grups de treball<\/strong>.<\/li>\n<li>Modalitats de dinamitzaci\u00f3, sensibilitzaci\u00f3 i divulgaci\u00f3:\u00a0<strong>trobades pedag\u00f2giques, confer\u00e8ncies i taules rodones<\/strong>.<\/li>\n<\/ul>\n<\/li>\n<\/ul>\n<\/div>\n<p><a href=\"https:\/\/drive.google.com\/open?id=1wJ_J2ijEvHghNu804My1pw8WlLttzie1\">M\u00e9s informaci\u00f3 <\/a>detallada sobre les modalitats<\/p>\n","protected":false},"excerpt":{"rendered":"<p>La formaci\u00f3 del professorat \u00e9s un recurs que ha de contribuir a la millora dels projectes educatius dels centres i a l\u2019enfortiment de les compet\u00e8ncies professionals del professorat. El Departament d\u2019Ensenyament ha establert un conjunt\u00a0d\u2019objectius de formaci\u00f3\u00a0permanent que volen donar resposta a les necessitats de formaci\u00f3 dels centres educatius, dels docents i del personal adscrit [&hellip;]<\/p>\n","protected":false},"author":1,"featured_media":0,"parent":0,"menu_order":0,"comment_status":"closed","ping_status":"closed","template":"","meta":{"_bbp_topic_count":0,"_bbp_reply_count":0,"_bbp_total_topic_count":0,"_bbp_total_reply_count":0,"_bbp_voice_count":0,"_bbp_anonymous_reply_count":0,"_bbp_topic_count_hidden":0,"_bbp_reply_count_hidden":0,"_bbp_forum_subforum_count":0,"site-sidebar-layout":"default","site-content-layout":"","ast-site-content-layout":"default","site-content-style":"default","site-sidebar-style":"default","ast-global-header-display":"","ast-banner-title-visibility":"","ast-main-header-display":"","ast-hfb-above-header-display":"","ast-hfb-below-header-display":"","ast-hfb-mobile-header-display":"","site-post-title":"","ast-breadcrumbs-content":"","ast-featured-img":"","footer-sml-layout":"","theme-transparent-header-meta":"default","adv-header-id-meta":"","stick-header-meta":"","header-above-stick-meta":"","header-main-stick-meta":"","header-below-stick-meta":"","astra-migrate-meta-layouts":"set","ast-page-background-enabled":"default","ast-page-background-meta":{"desktop":{"background-color":"var(--ast-global-color-4)","background-image":"","background-repeat":"repeat","background-position":"center center","background-size":"auto","background-attachment":"scroll","background-type":"","background-media":"","overlay-type":"","overlay-color":"","overlay-opacity":"","overlay-gradient":""},"tablet":{"background-color":"","background-image":"","background-repeat":"repeat","background-position":"center center","background-size":"auto","background-attachment":"scroll","background-type":"","background-media":"","overlay-type":"","overlay-color":"","overlay-opacity":"","overlay-gradient":""},"mobile":{"background-color":"","background-image":"","background-repeat":"repeat","background-position":"center center","background-size":"auto","background-attachment":"scroll","background-type":"","background-media":"","overlay-type":"","overlay-color":"","overlay-opacity":"","overlay-gradient":""}},"ast-content-background-meta":{"desktop":{"background-color":"var(--ast-global-color-5)","background-image":"","background-repeat":"repeat","background-position":"center center","background-size":"auto","background-attachment":"scroll","background-type":"","background-media":"","overlay-type":"","overlay-color":"","overlay-opacity":"","overlay-gradient":""},"tablet":{"background-color":"var(--ast-global-color-5)","background-image":"","background-repeat":"repeat","background-position":"center center","background-size":"auto","background-attachment":"scroll","background-type":"","background-media":"","overlay-type":"","overlay-color":"","overlay-opacity":"","overlay-gradient":""},"mobile":{"background-color":"var(--ast-global-color-5)","background-image":"","background-repeat":"repeat","background-position":"center center","background-size":"auto","background-attachment":"scroll","background-type":"","background-media":"","overlay-type":"","overlay-color":"","overlay-opacity":"","overlay-gradient":""}},"footnotes":""},"class_list":["post-416","page","type-page","status-publish","hentry"],"post_mailing_queue_ids":[],"_links":{"self":[{"href":"https:\/\/serveiseducatius.xtec.cat\/vallesoriental2\/wp-json\/wp\/v2\/pages\/416","targetHints":{"allow":["GET"]}}],"collection":[{"href":"https:\/\/serveiseducatius.xtec.cat\/vallesoriental2\/wp-json\/wp\/v2\/pages"}],"about":[{"href":"https:\/\/serveiseducatius.xtec.cat\/vallesoriental2\/wp-json\/wp\/v2\/types\/page"}],"author":[{"embeddable":true,"href":"https:\/\/serveiseducatius.xtec.cat\/vallesoriental2\/wp-json\/wp\/v2\/users\/1"}],"replies":[{"embeddable":true,"href":"https:\/\/serveiseducatius.xtec.cat\/vallesoriental2\/wp-json\/wp\/v2\/comments?post=416"}],"version-history":[{"count":5,"href":"https:\/\/serveiseducatius.xtec.cat\/vallesoriental2\/wp-json\/wp\/v2\/pages\/416\/revisions"}],"predecessor-version":[{"id":13003,"href":"https:\/\/serveiseducatius.xtec.cat\/vallesoriental2\/wp-json\/wp\/v2\/pages\/416\/revisions\/13003"}],"wp:attachment":[{"href":"https:\/\/serveiseducatius.xtec.cat\/vallesoriental2\/wp-json\/wp\/v2\/media?parent=416"}],"curies":[{"name":"wp","href":"https:\/\/api.w.org\/{rel}","templated":true}]}}

Formació

<p>La formació del professorat és un recurs que ha de contribuir a la millora dels projectes educatius dels centres i a l’enfortiment de les competències professionals del professorat.</p>
<p>El Departament d’Ensenyament ha establert un conjunt <a href="http://xtec.gencat.cat/ca/formacio/info-general/objectius-formacio/">d’objectius de formació</a> permanent que volen donar resposta a les necessitats de formació dels centres educatius, dels docents i del personal adscrit als centres del Servei d’Educació de Catalunya.</p>
<p>El Departament d’Ensenyament presenta la seva oferta formativa a la <a href="http://xtec.gencat.cat/ca/formacio/">secció de formació de la XTEC</a>. A cadascun dels diferents apartats d’aquesta pàgina i a través del <a href="http://xtec.gencat.cat/ca/formacio/info-general/cercador-activitats/">cercador d’activitats</a> es pot accedir a la informació relacionada i la inscripció a les activitats, sempre que estigui oberta.</p>
<p><strong>L’oferta general d’activitats</strong> que es realitzen durant el curs escolar es <strong>publica</strong> amb data <strong>15 de juliol</strong>. Aquesta oferta es pot complementar amb altres activitats que s’aniran publicant durant el curs. La formació que es realitza a l’<strong>estiu es publica al maig.</strong></p>
<p><strong>La inscripció a les activitats</strong> de l’oferta general es realitzarà en dos torns, un primer torn al <strong>setembre</strong> i un segon torn al <strong>gener</strong>. Al <b>maig s&#8217;obre</b> un altre període d’inscripció per a la <strong>formació d’estiu</strong>.</p>
<p><strong>Les diferents modalitats formatives </strong>són:</p>
<div class="gmail_default">
<ul>
<li><strong>Formació en centre.</strong> Formació lligada a projectes de canvi o millora del centre. Requereix el compromís de fer un treball de seguiment intern sobre la transferència a l’aula del contingut de la formació i la seva contribució a la millora dels resultats. Modalitats:
<ul>
<li><strong>Assessorament</strong>. Modalitat formativa amb intervenció d’un professional, generalment extern, que s’adreça a la majoria del claustre o a un col·lectiu d’un centre. És liderat per l’equip directiu.
<ul>
<li>Format presencial.</li>
<li>Durada total de l’activitat: mínim 20 hores<br />
Durada dels altres requisits: mínim 1/3; màxim 1/2</li>
</ul>
</li>
<li><strong>Taller a centre. </strong>Modalitat formativa de caràcter concret i pràctic orientat a la millora d’alguna competència professional del professorat. S’adreça a la majoria del claustre o a un col·lectiu d’un centre. En general, el taller és impartit per un professional expert. Pot ser una proposta de taller a càrrec d’un formador del propi de centre
<ul>
<li>Format presencial.</li>
<li>Durada total de l’activitat: màxim 15 hores<br />
Durada dels altres requisits: màxim 1/3</li>
</ul>
</li>
<li><strong>Formació interna de centre</strong> (FIC). Modalitat formativa que té lloc dins de cada centre educatiu, i s’adreça a la majoria del claustre o a un col·lectiu d’un centre. És liderat i dinamitzat per un equip de coordinació format per tres persones del centre entre les quals almenys una és de l’equip directiu.
<ul>
<li>Format presencial.</li>
<li>Opcions:
<ul>
<li style="list-style-type: none;">
<ul>
<li style="list-style-type: none;">
<ul>
<li><strong>Itineraris guiats</strong>: El Departament d’Ensenyament ofereix uns itineraris guiats que contenen eines d’autodiagnosi, materials de formació (orientacions, activitats, enllaços, idees clau i bibliografia), protocols i instruments d’avaluació.
<ul>
<li>Durada total de l’activitat: 45 hores</li>
<li>Durada dels altres requisits: 15 hores</li>
</ul>
</li>
<li><strong>Itineraris propis</strong>. Els centres que ja duen a terme un procés col·lectiu de reflexió i dinamització interna podran optar per fer itineraris formatius propis. El CRP o la unitat responsable comprovarà que l’itinerari propi s’adequa a les necessitats i les característiques de la modalitat.
<ul>
<li>Durada total de l’activitat: 30 hores</li>
<li>Durada dels altres requisits: 10 hores</li>
</ul>
</li>
</ul>
</li>
</ul>
</li>
</ul>
</li>
</ul>
</li>
</ul>
</li>
</ul>
</div>
<div class="gmail_default">
<ul>
<li><strong>Formació per a centres</strong>. Eina de suport i d’enfortiment del projecte educatiu de cada centre <b>aprofitant l’intercanvi pedagògic </b>i la formació de persones de <b>diferents centres</b> educatius que actuen com a <b>equips impulsors </b>o responsables dels seus centres. Les persones participants en la formació per a centres tenen el <strong>compromís de transferir i compartir</strong> el treball de la formació en el seu centre. Modalitats:
<ul>
<li><strong>Seminaris de coordinació. </strong>És una modalitat per compartir i intercanviar projectes entre professorat de diferents centres, d’etapes consecutives (infantil-primària; primària-secundària) o d’una mateixa etapa. Les temàtiques poden ser generals, d’especialitat, d’àrea, per càrrec. <strong><br />
</strong></p>
<ul>
<li>Durada total de l’activitat: mínim 15 hores<br />
Durada dels altres requisits: recomanat 1/3</li>
</ul>
</li>
<li><strong>Formació a equips de centres. </strong>És una modalitat de formació entre centres dirigida a equips professionals de centres on almenys una persona forma part de l’equip directiu.
<ul>
<li>Durada total de l’activitat: mínim 30 hores<br />
Durada dels altres requisits: mínim 1/3 – màxim 2/3</li>
</ul>
</li>
</ul>
</li>
</ul>
</div>
<div class="gmail_default">
<ul>
<li><strong>Formació individual</strong> per al professorat de diversos centres. Inclouen
<ul>
<li>Formació individual impartits per persona formadora <strong>seminaris, cursos i tallers</strong>.</li>
<li>Modalitat de reflexió col·lectiva entre iguals: <strong>grups de treball</strong>.</li>
<li>Modalitats de dinamització, sensibilització i divulgació: <strong>trobades pedagògiques, conferències i taules rodones</strong>.</li>
</ul>
</li>
</ul>
</div>
<p><a href="https://drive.google.com/open?id=1wJ_J2ijEvHghNu804My1pw8WlLttzie1">Més informació </a>detallada sobre les modalitats</p>

<p>La formació del professorat és un recurs que ha de contribuir a la millora dels projectes educatius dels centres i a l’enfortiment de les competències professionals del professorat. El Departament d’Ensenyament ha establert un conjunt d’objectius de formació permanent que volen donar resposta a les necessitats de formació dels centres educatius, dels docents i del personal adscrit [&hellip;]</p>
