{"id":8589,"date":"2016-12-20T13:49:43","date_gmt":"2016-12-20T12:49:43","guid":{"rendered":"http:\/\/serveiseducatius.xtec.cat\/vallesoriental1\/?page_id=8589"},"modified":"2025-09-01T12:33:38","modified_gmt":"2025-09-01T10:33:38","slug":"eap","status":"publish","type":"page","link":"https:\/\/serveiseducatius.xtec.cat\/vallesoriental1\/el-servei-educatiu\/equip\/eap\/","title":{"rendered":"EAP"},"content":{"rendered":"\n<p><b>Equip d\u2019Atenci\u00f3 Psicopedag\u00f2gica<\/b><\/p>\n\n\n\n<p><span style=\"font-weight: 400;\">Els EAP s\u00f3n equips de professionals que orienten i assessoren al professorat, als centres educatius i a les fam\u00edlies en la resposta a la diversitat de l\u2019alumnat, treballant conjuntament per atendre els alumnes que presenten necessitats educatives especials. Formen part dels serveis educatius de zona (SEZ) conjuntament amb els centres de recursos pedag\u00f2gics (CRP) i els equips d&#8217;assessorament en llengua, interculturalitat i cohesi\u00f3 social (ELIC).<\/span><\/p>\n\n\n\n<p><span style=\"font-weight: 400;\">&nbsp;<\/span><\/p>\n\n\n\n<p><b>Destinataris<\/b><\/p>\n\n\n\n<p><span style=\"font-weight: 400;\">Els destinataris s\u00f3n els centres educatius, els equips directius, el professorat i altres professionals implicats en l\u2019atenci\u00f3 a l\u2019alumnat amb dificultats o amb necessitats educatives especials, l\u2019alumnat i les seves fam\u00edlies.<\/span><\/p>\n\n\n\n<p><span style=\"font-weight: 400;\">&nbsp;<\/span><\/p>\n\n\n\n<p><b>Objectius<\/b><\/p>\n\n\n\n<ul class=\"wp-block-list\">\n<li><span style=\"font-weight: 400;\">Identificar i avaluar les necessitats educatives especials de l&#8217;alumnat i fer la proposta d\u2019escolaritzaci\u00f3, en col\u00b7laboraci\u00f3 amb els serveis educatius espec\u00edfics quan s\u2019escaigui.<\/span><\/li>\n\n\n\n<li><span style=\"font-weight: 400;\">Assessorar el professorat i les fam\u00edlies en la resposta educativa a l\u2019alumnat amb necessitats educatives especials, en col\u00b7laboraci\u00f3 amb els docents especialitzats i els serveis educatius espec\u00edfics.<\/span><\/li>\n\n\n\n<li><span style=\"font-weight: 400;\">Assessorar els equips docents, l\u2019alumnat i les fam\u00edlies sobre aspectes d\u2019orientaci\u00f3 personal, educativa i professional.<\/span><\/li>\n\n\n\n<li><span style=\"font-weight: 400;\">Donar suport als centres educatius en la millora de l\u2019atenci\u00f3 a la diversitat i la inclusi\u00f3.<\/span><\/li>\n\n\n\n<li><span style=\"font-weight: 400;\">Col\u00b7laborar conjuntament amb els altres equips del servei educatiu de zona i els espec\u00edfics per tal de promoure activitats d\u2019intercanvi i de formaci\u00f3 del professorat.<\/span><\/li>\n\n\n\n<li><span style=\"font-weight: 400;\">Col\u00b7laborar amb els serveis socials i sanitaris de l\u2019\u00e0mbit territorial d\u2019actuaci\u00f3, per tal d\u2019oferir una atenci\u00f3 coordinada als alumnes i fam\u00edlies que ho necessitin.<\/span><\/li>\n<\/ul>\n\n\n\n<p><span style=\"font-weight: 400;\">&nbsp;<\/span><\/p>\n\n\n\n<p><b>Acc\u00e9s<\/b><\/p>\n\n\n\n<p><span style=\"font-weight: 400;\">L\u2019acc\u00e9s al servei s\u2019inicia a partir de demandes dels centres educatius, a partir del proc\u00e9s d\u2019escolaritzaci\u00f3 de l\u2019alumnat amb necessitats educatives especials o en la coordinaci\u00f3 amb altres serveis de la zona.<\/span><\/p>\n\n\n\n<p><span style=\"font-weight: 400;\">En principi no es tracta d\u2019un servei d\u2019atenci\u00f3 directa a les demandes de les fam\u00edlies, per\u00f2 s\u2019atenen les seves consultes per a proporcionar-los orientacions o informar-los sobre serveis o recursos de la zona que poden necessitar.<\/span><\/p>\n\n\n\n<p><span style=\"font-weight: 400;\">&nbsp;<\/span><\/p>\n\n\n\n<p><b>Professionals de l&#8217;EAP del Vall\u00e8s Oriental I<\/b><\/p>\n\n\n\n<p><span style=\"font-weight: 400;\">Els professionals de l&#8217;EAP s\u00f3n:<\/span><\/p>\n\n\n\n<ul class=\"wp-block-list\">\n<li><span style=\"font-weight: 400;\">Docents amb l\u2019especialitat de psicologia i pedagogia<\/span><\/li>\n\n\n\n<li><span style=\"font-weight: 400;\">Treballadors\/es socials<\/span><\/li>\n\n\n\n<li><span style=\"font-weight: 400;\">Fisioterapeutes<\/span><\/li>\n<\/ul>\n\n\n\n<p><span style=\"font-weight: 400;\">Cada professional at\u00e9n diversos centres educatius, generalment es despla\u00e7a als centres amb els quals t\u00e9 un Pla d\u2019actuaci\u00f3 amb una periodicitat aproximada setmanal.<\/span><\/p>\n\n\n\n<p><span style=\"font-weight: 400;\">&nbsp;<\/span><\/p>\n\n\n\n<p><b>El nostre equip aquest curs 2025-2026:<\/b><\/p>\n\n\n\n<p><span style=\"font-weight: 400;\">Direcci\u00f3:<\/span><\/p>\n\n\n\n<ul class=\"wp-block-list\">\n<li><span style=\"font-weight: 400;\">M. \u00c0ngels Casas<\/span><\/li>\n<\/ul>\n\n\n\n<p><span style=\"font-weight: 400;\">Equip de psicopedagogia:<\/span><\/p>\n\n\n\n<ul class=\"wp-block-list\">\n<li>(en construcci\u00f3)<\/li>\n<\/ul>\n\n\n\n<p><span style=\"font-weight: 400;\">Equip de treball social:<\/span><\/p>\n\n\n\n<ul class=\"wp-block-list\">\n<li><span style=\"font-weight: 400;\">\u00c0ngela Gonz\u00e1lez<\/span><\/li>\n\n\n\n<li><span style=\"font-weight: 400;\">Josep Flores<\/span><\/li>\n<\/ul>\n\n\n\n<p><span style=\"font-weight: 400;\">Fisioterapeuta:<\/span><\/p>\n\n\n\n<ul class=\"wp-block-list\">\n<li>(en construcci\u00f3)<\/li>\n<\/ul>\n\n\n\n<p>&nbsp;<\/p>\n","protected":false},"excerpt":{"rendered":"<p>Equip d\u2019Atenci\u00f3 Psicopedag\u00f2gica Els EAP s\u00f3n equips de professionals que orienten i assessoren al professorat, als centres educatius i a [&hellip;]<\/p>\n","protected":false},"author":3,"featured_media":0,"parent":306,"menu_order":2,"comment_status":"closed","ping_status":"closed","template":"","meta":{"_bbp_topic_count":0,"_bbp_reply_count":0,"_bbp_total_topic_count":0,"_bbp_total_reply_count":0,"_bbp_voice_count":0,"_bbp_anonymous_reply_count":0,"_bbp_topic_count_hidden":0,"_bbp_reply_count_hidden":0,"_bbp_forum_subforum_count":0,"site-sidebar-layout":"default","site-content-layout":"","ast-site-content-layout":"default","site-content-style":"default","site-sidebar-style":"default","ast-global-header-display":"","ast-banner-title-visibility":"","ast-main-header-display":"","ast-hfb-above-header-display":"","ast-hfb-below-header-display":"","ast-hfb-mobile-header-display":"","site-post-title":"","ast-breadcrumbs-content":"","ast-featured-img":"","footer-sml-layout":"","theme-transparent-header-meta":"","adv-header-id-meta":"","stick-header-meta":"","header-above-stick-meta":"","header-main-stick-meta":"","header-below-stick-meta":"","astra-migrate-meta-layouts":"set","ast-page-background-enabled":"default","ast-page-background-meta":{"desktop":{"background-color":"var(--ast-global-color-4)","background-image":"","background-repeat":"repeat","background-position":"center center","background-size":"auto","background-attachment":"scroll","background-type":"","background-media":"","overlay-type":"","overlay-color":"","overlay-opacity":"","overlay-gradient":""},"tablet":{"background-color":"","background-image":"","background-repeat":"repeat","background-position":"center center","background-size":"auto","background-attachment":"scroll","background-type":"","background-media":"","overlay-type":"","overlay-color":"","overlay-opacity":"","overlay-gradient":""},"mobile":{"background-color":"","background-image":"","background-repeat":"repeat","background-position":"center center","background-size":"auto","background-attachment":"scroll","background-type":"","background-media":"","overlay-type":"","overlay-color":"","overlay-opacity":"","overlay-gradient":""}},"ast-content-background-meta":{"desktop":{"background-color":"var(--ast-global-color-5)","background-image":"","background-repeat":"repeat","background-position":"center center","background-size":"auto","background-attachment":"scroll","background-type":"","background-media":"","overlay-type":"","overlay-color":"","overlay-opacity":"","overlay-gradient":""},"tablet":{"background-color":"var(--ast-global-color-5)","background-image":"","background-repeat":"repeat","background-position":"center center","background-size":"auto","background-attachment":"scroll","background-type":"","background-media":"","overlay-type":"","overlay-color":"","overlay-opacity":"","overlay-gradient":""},"mobile":{"background-color":"var(--ast-global-color-5)","background-image":"","background-repeat":"repeat","background-position":"center center","background-size":"auto","background-attachment":"scroll","background-type":"","background-media":"","overlay-type":"","overlay-color":"","overlay-opacity":"","overlay-gradient":""}},"footnotes":""},"class_list":["post-8589","page","type-page","status-publish","hentry"],"post_mailing_queue_ids":[],"_links":{"self":[{"href":"https:\/\/serveiseducatius.xtec.cat\/vallesoriental1\/wp-json\/wp\/v2\/pages\/8589","targetHints":{"allow":["GET"]}}],"collection":[{"href":"https:\/\/serveiseducatius.xtec.cat\/vallesoriental1\/wp-json\/wp\/v2\/pages"}],"about":[{"href":"https:\/\/serveiseducatius.xtec.cat\/vallesoriental1\/wp-json\/wp\/v2\/types\/page"}],"author":[{"embeddable":true,"href":"https:\/\/serveiseducatius.xtec.cat\/vallesoriental1\/wp-json\/wp\/v2\/users\/3"}],"replies":[{"embeddable":true,"href":"https:\/\/serveiseducatius.xtec.cat\/vallesoriental1\/wp-json\/wp\/v2\/comments?post=8589"}],"version-history":[{"count":5,"href":"https:\/\/serveiseducatius.xtec.cat\/vallesoriental1\/wp-json\/wp\/v2\/pages\/8589\/revisions"}],"predecessor-version":[{"id":15357,"href":"https:\/\/serveiseducatius.xtec.cat\/vallesoriental1\/wp-json\/wp\/v2\/pages\/8589\/revisions\/15357"}],"up":[{"embeddable":true,"href":"https:\/\/serveiseducatius.xtec.cat\/vallesoriental1\/wp-json\/wp\/v2\/pages\/306"}],"wp:attachment":[{"href":"https:\/\/serveiseducatius.xtec.cat\/vallesoriental1\/wp-json\/wp\/v2\/media?parent=8589"}],"curies":[{"name":"wp","href":"https:\/\/api.w.org\/{rel}","templated":true}]}}