{"id":13164,"date":"2021-12-10T09:50:43","date_gmt":"2021-12-10T08:50:43","guid":{"rendered":"https:\/\/serveiseducatius.xtec.cat\/vallesoriental1\/?page_id=13164"},"modified":"2022-10-11T17:31:02","modified_gmt":"2022-10-11T15:31:02","slug":"zona-formadors-es","status":"publish","type":"page","link":"https:\/\/serveiseducatius.xtec.cat\/vallesoriental1\/formacio\/zona-formadors-es\/","title":{"rendered":"Zona formadors\/es"},"content":{"rendered":"<p>Com a persona formadora podeu accedir a la gesti\u00f3 de les activitats des del GTAF, el nostre gestor de la formaci\u00f3, que ens permet fer un seguiment de les activitats i de la seva certificaci\u00f3. Per accedir, podeu seguir aquests passos.<\/p>\n<h3><\/h3>\n<p>&nbsp;<\/p>\n<h3>L&#8217;aplicaci\u00f3 GTAF<\/h3>\n<p><img loading=\"lazy\" decoding=\"async\" class=\"aligncenter size-full wp-image-13618\" src=\"https:\/\/serveiseducatius.xtec.cat\/vallesoriental1\/wp-content\/uploads\/usu1135\/2022\/10\/image.png\" alt=\"\" width=\"579\" height=\"264\" srcset=\"https:\/\/serveiseducatius.xtec.cat\/vallesoriental1\/wp-content\/uploads\/usu1135\/2022\/10\/image.png 579w, https:\/\/serveiseducatius.xtec.cat\/vallesoriental1\/wp-content\/uploads\/usu1135\/2022\/10\/image-300x137.png 300w\" sizes=\"auto, (max-width: 579px) 100vw, 579px\" \/><\/p>\n<p>Un cop <a href=\"https:\/\/aplicacions.gestioeducativa.gencat.cat\/pls\/gtaf\/inici\">dins de la p\u00e0gina<\/a>, hem de fer clic a l&#8217;apartat <em>Formadors\/es, col\u00b7laboradors, suport<\/em> i introduir les nostres credencials d&#8217;acc\u00e9s:<\/p>\n<p><em>USUARI XTEC (sense l&#8217;@xtec.cat)<\/em><br \/>\n<em>CONTRASENYA XTEC<\/em><\/p>\n<h3><img loading=\"lazy\" decoding=\"async\" class=\"size-full wp-image-13617 alignright\" src=\"https:\/\/serveiseducatius.xtec.cat\/vallesoriental1\/wp-content\/uploads\/usu1135\/2022\/10\/image-1.png\" alt=\"\" width=\"303\" height=\"233\" srcset=\"https:\/\/serveiseducatius.xtec.cat\/vallesoriental1\/wp-content\/uploads\/usu1135\/2022\/10\/image-1.png 303w, https:\/\/serveiseducatius.xtec.cat\/vallesoriental1\/wp-content\/uploads\/usu1135\/2022\/10\/image-1-300x231.png 300w\" sizes=\"auto, (max-width: 303px) 100vw, 303px\" \/><\/h3>\n<p>&nbsp;<\/p>\n<p>A partir d&#8217;aqu\u00ed se&#8217;ns obre un men\u00fa. Hi ha 3 p\u00e0gines que poden ser del nostre inter\u00e8s:<\/p>\n<ul>\n<li>Llista d&#8217;activitats: cont\u00e9 les activitats de les quals som formadors actualment.<\/li>\n<li>Dades formador\/a: s\u00f3n les nostres dades, que hem de mantenir actualitzades.<\/li>\n<li>Q\u00fcestionaris: \u00e9s l&#8217;espai on apareixen els q\u00fcestionaris de valoraci\u00f3 de l&#8217;activitat del Departament.<\/li>\n<\/ul>\n<h3><\/h3>\n<h3>Dades formador\/a<\/h3>\n<p>En aquest espai sortir\u00e0 el nostre nom i cognoms i el DNI com a dades no modificables. A partir d&#8217;aqu\u00ed s\u00ed que podem introduir la nostra adre\u00e7a (poblaci\u00f3, CP), el nostre tel\u00e8fon i el nostre correu electr\u00f2nic. Com m\u00e9s dades mostrem al nostre perfil com a formadors, m\u00e9s senzill ser\u00e0 que identifiquin si som l&#8217;opci\u00f3 adequada per a la formaci\u00f3 a un centre.<\/p>\n<h3><\/h3>\n<h3>Llista d&#8217;activitats<\/h3>\n<p>Aqu\u00ed ens apareixeran aquelles activitats de les quals som formadors en un llistat. Fent clic al t\u00edtol de l&#8217;activitat podrem accedir al men\u00fa d&#8217;aquesta, dins del qual trobarem 6 opcions diferents:<\/p>\n<p><img loading=\"lazy\" decoding=\"async\" class=\"aligncenter size-full wp-image-13616\" src=\"https:\/\/serveiseducatius.xtec.cat\/vallesoriental1\/wp-content\/uploads\/usu1135\/2022\/10\/image-2.png\" alt=\"\" width=\"526\" height=\"77\" srcset=\"https:\/\/serveiseducatius.xtec.cat\/vallesoriental1\/wp-content\/uploads\/usu1135\/2022\/10\/image-2.png 526w, https:\/\/serveiseducatius.xtec.cat\/vallesoriental1\/wp-content\/uploads\/usu1135\/2022\/10\/image-2-300x44.png 300w\" sizes=\"auto, (max-width: 526px) 100vw, 526px\" \/><\/p>\n<ul>\n<li><strong>Llista d&#8217;assistents<\/strong>: trobarem el llistat de les persones inscrites a la formaci\u00f3, amb els n\u00fameros de tel\u00e8fon i els correus electr\u00f2nics. Ens servir\u00e0 per a saber qui s\u00f3n les persones inscrites i el centre al qual pertanyen, per a poder-nos tra\u00e7ar un perfil de les persones que tenim a la formaci\u00f3. Si copiem totes les dades i les enganxem en un full de c\u00e0lcul de Google se&#8217;ns repartiran per columnes i ja podem copiar tots els correus de la darrera columna. Compte amb el que fem amb el full de c\u00e0lcul, per\u00f2, at\u00e8s que s\u00f3n dades confidencials!<\/li>\n<li><strong>Full d&#8217;assist\u00e8ncia<\/strong>: podrem imprimir el cl\u00e0ssic full de signatures de la formaci\u00f3. Tant si \u00e9s presencial (on hem de fer signar els participants) com si \u00e9s digital, \u00e9s un document que ens pot ser de molta utilitat per a fer el seguiment d&#8217;assist\u00e8ncia de la formaci\u00f3.<\/li>\n<li><strong>Seguiment assistents<\/strong>: \u00e9s on introduirem les dades de la formaci\u00f3. Generalment, en el moment de planificar-la, s&#8217;especifica el nombre de sessions i si t\u00e9 hores o no d&#8217;altres requisits, que s&#8217;hauran de justificar en el moment de redactar l&#8217;avaluaci\u00f3 de l&#8217;activitat formativa (pot ser un petit treball, uns acords de cicle, una aplicaci\u00f3 a l&#8217;aula i la documentaci\u00f3 posterior&#8230;). Per a certificar cal que la persona participant de l&#8217;activitat hagi assolit el 80% de les hores proposades.<\/li>\n<\/ul>\n<p>En cas de no certificaci\u00f3 s&#8217;ha d&#8217;especificar el motiu, que pot ser un d&#8217;aquests 4:<\/p>\n<ol>\n<li>No presentat\/da: \u00e9s una persona inscrita, per\u00f2 que no hi ha assistit des del primer dia sense comunicar-ho.<\/li>\n<li>Abandonament: \u00e9s una persona que comen\u00e7a assistint-hi, per\u00f2 deixa de fer-ho pel motiu que sigui, sense cap comunicaci\u00f3.<\/li>\n<li>Baixa comunicada: \u00e9s una persona que comunica i justifica la no assist\u00e8ncia, en el moment que sigui del curs. No t\u00e9 efectes en l&#8217;estad\u00edstica d&#8217;assist\u00e8ncia als cursos de les persones amb aquest motiu.<\/li>\n<li>No assoliment: \u00e9s una persona que, tot i complir amb l&#8217;assist\u00e8ncia, no obt\u00e9 els m\u00ednims necessaris per a certificar el curs, per manca d&#8217;inter\u00e8s, proactivitat, entregues&#8230;<\/li>\n<\/ol>\n<table style=\"border-collapse: collapse; width: 100%;\">\n<tbody>\n<tr>\n<td style=\"width: 100%;\">\n<h6>Com puc fer m\u00e9s eficient aquesta tasca?<\/h6>\n<h6>A dalt de tot hi ha un bot\u00f3 per a assignar el nombre d&#8217;hores totals a totes les persones assistents. En el cas que siguin la majoria, \u00e9s m\u00e9s \u00fatil assignar el total d&#8217;hores a tots els participants i modificar aquells que no hagin assistit a totes les sessions. El bot\u00f3 d&#8217;altres requisits s&#8217;ha de clicar manualment, mentre que el de Certificat \u00e9s autom\u00e0tic en el moment en qu\u00e8 compleixen &gt;80% d&#8217;hores.<\/h6>\n<\/td>\n<\/tr>\n<\/tbody>\n<\/table>\n<ul>\n<li><strong>Acta d&#8217;assist\u00e8ncia<\/strong>: trobem un resum d&#8217;all\u00f2 que hem introdu\u00eft a l&#8217;apartat anterior. Surt tot l&#8217;alumnat inscrit, el nombre d&#8217;hores i el compliment (o no) dels altres requisits, aix\u00ed com la certificaci\u00f3 (o no) del curs. AQUEST DOCUMENT \u00c9S EL QUE HAUREM D&#8217;IMPRIMIR EN PDF, SIGNAR DIGITALMENT I ENVIAR AL CRP (a8930013@xtec.cat)<\/li>\n<\/ul>\n<table style=\"border-collapse: collapse; width: 100%;\">\n<tbody>\n<tr>\n<td style=\"width: 100%;\">\n<h6>Com signo digitalment un document?<\/h6>\n<h6>El m\u00e9s f\u00e0cil \u00e9s obrir el PDF generat amb l&#8217;Adobe Acrobat Reader. Un cop obert, al men\u00fa de la dreta, cal que fem clic al bot\u00f3 de &#8220;M\u00e9s eines&#8221;, amb la icona d&#8217;una clau anglesa amb un s\u00edmbol +. Fem clic a l&#8217;eina que es diu &#8220;Certificats&#8221;, que t\u00e9 la icona d&#8217;una ploma amb una medalla. A la barra de dalt ens apareix un bot\u00f3 que diu &#8220;Signa digitalment&#8221;. Hi fem clic i seleccionem l&#8217;\u00e0rea del PDF on volem signar. Si tenim un DNI electr\u00f2nic amb un lector, haurem d&#8217;introduir la targeta al dispositiu i seleccionar aquest usuari. En cas que ja tinguem un certificat instal\u00b7lat a l&#8217;ordinador en q\u00fcesti\u00f3 ens hauria d&#8217;apar\u00e8ixer.<\/h6>\n<\/td>\n<\/tr>\n<\/tbody>\n<\/table>\n<ul>\n<li><strong>Descripci\u00f3 de l&#8217;activitat<\/strong>: tindreu la informaci\u00f3 del curs en si. Si voleu modificar alguna dada de les que hi surten us haureu de posar en contacte amb el CRP.<\/li>\n<li><strong>Calendari de l&#8217;activitat<\/strong>: veureu que, com a m\u00ednim, sortiran la primera i la darrera sessi\u00f3, que les ha de posar el CRP obligat\u00f2riament. Les sessions interm\u00e8dies les podeu introduir vosaltres en el format que s&#8217;especifica (DD\/MM\/AAAA &#8211; hh:mm). Recordeu fer clic al bot\u00f3 Desar.<\/li>\n<\/ul>\n<h3><\/h3>\n<h3>Q\u00fcestionaris<\/h3>\n<p>Quinze dies abans del tancament de l&#8217;activitat i fins quinze dies despr\u00e9s, trobareu el q\u00fcestionari del Departament d&#8217;Educaci\u00f3 de la formaci\u00f3, que serveix per a fer l&#8217;estad\u00edstica de la formaci\u00f3 de cada any. Vosaltres haureu d&#8217;emplenar el Q\u00fcestionari formador (mireu primer apartat). A m\u00e9s, com a formadors tamb\u00e9 podreu veure les respostes dels participants de la vostra formaci\u00f3 fent clic a Q\u00fcestionari participants.<\/p>\n<h3><\/h3>\n<h3>Controlar els pagaments de les formacions (en el cas que n&#8217;hi hagi)<\/h3>\n<p>Si vas acabar una formaci\u00f3 i vols consultar l\u2019estat del pagament pots:<br \/>\n<span style=\"font-family: inherit; font-size: 1em;\">1. Si ets una persona externa al Departament d\u2019Educaci\u00f3, pots consultar l\u2019estat del pagament a <\/span><a style=\"font-family: inherit; font-size: 1em;\" href=\"https:\/\/aplicacions.economia.gencat.cat\/ecofin_pced\/AppJava\/cepd\/creditor.do?reqCode=init&amp;set-locale=ca_ES\" target=\"_blank\" rel=\"noopener noreferrer\">aquest enlla\u00e7 de la web d\u2019economia<\/a>.<br \/>\n2. Si ets funcionari\/inter\u00ed des d\u2019ATRI \/ Retribucions \/ N\u00f2mina \/ Dietes \/ Assist\u00e8ncia: consulta d\u2019abonaments<\/p>\n<p>Per a qualsevol consulta, podeu contactar amb nosaltres.<\/p>\n<p>&nbsp;<\/p>\n<p>&nbsp;<\/p>\n","protected":false},"excerpt":{"rendered":"<p>Com a persona formadora podeu accedir a la gesti\u00f3 de les activitats des del GTAF, el nostre gestor de la [&hellip;]<\/p>\n","protected":false},"author":3,"featured_media":0,"parent":416,"menu_order":60,"comment_status":"closed","ping_status":"closed","template":"page-templates\/side-menu.php","meta":{"_bbp_topic_count":0,"_bbp_reply_count":0,"_bbp_total_topic_count":0,"_bbp_total_reply_count":0,"_bbp_voice_count":0,"_bbp_anonymous_reply_count":0,"_bbp_topic_count_hidden":0,"_bbp_reply_count_hidden":0,"_bbp_forum_subforum_count":0,"site-sidebar-layout":"default","site-content-layout":"","ast-site-content-layout":"","site-content-style":"default","site-sidebar-style":"default","ast-global-header-display":"","ast-banner-title-visibility":"","ast-main-header-display":"","ast-hfb-above-header-display":"","ast-hfb-below-header-display":"","ast-hfb-mobile-header-display":"","site-post-title":"","ast-breadcrumbs-content":"","ast-featured-img":"","footer-sml-layout":"","theme-transparent-header-meta":"","adv-header-id-meta":"","stick-header-meta":"","header-above-stick-meta":"","header-main-stick-meta":"","header-below-stick-meta":"","astra-migrate-meta-layouts":"default","ast-page-background-enabled":"default","ast-page-background-meta":{"desktop":{"background-color":"var(--ast-global-color-4)","background-image":"","background-repeat":"repeat","background-position":"center center","background-size":"auto","background-attachment":"scroll","background-type":"","background-media":"","overlay-type":"","overlay-color":"","overlay-opacity":"","overlay-gradient":""},"tablet":{"background-color":"","background-image":"","background-repeat":"repeat","background-position":"center center","background-size":"auto","background-attachment":"scroll","background-type":"","background-media":"","overlay-type":"","overlay-color":"","overlay-opacity":"","overlay-gradient":""},"mobile":{"background-color":"","background-image":"","background-repeat":"repeat","background-position":"center center","background-size":"auto","background-attachment":"scroll","background-type":"","background-media":"","overlay-type":"","overlay-color":"","overlay-opacity":"","overlay-gradient":""}},"ast-content-background-meta":{"desktop":{"background-color":"var(--ast-global-color-5)","background-image":"","background-repeat":"repeat","background-position":"center center","background-size":"auto","background-attachment":"scroll","background-type":"","background-media":"","overlay-type":"","overlay-color":"","overlay-opacity":"","overlay-gradient":""},"tablet":{"background-color":"var(--ast-global-color-5)","background-image":"","background-repeat":"repeat","background-position":"center center","background-size":"auto","background-attachment":"scroll","background-type":"","background-media":"","overlay-type":"","overlay-color":"","overlay-opacity":"","overlay-gradient":""},"mobile":{"background-color":"var(--ast-global-color-5)","background-image":"","background-repeat":"repeat","background-position":"center center","background-size":"auto","background-attachment":"scroll","background-type":"","background-media":"","overlay-type":"","overlay-color":"","overlay-opacity":"","overlay-gradient":""}},"footnotes":""},"class_list":["post-13164","page","type-page","status-publish","hentry"],"post_mailing_queue_ids":[],"_links":{"self":[{"href":"https:\/\/serveiseducatius.xtec.cat\/vallesoriental1\/wp-json\/wp\/v2\/pages\/13164","targetHints":{"allow":["GET"]}}],"collection":[{"href":"https:\/\/serveiseducatius.xtec.cat\/vallesoriental1\/wp-json\/wp\/v2\/pages"}],"about":[{"href":"https:\/\/serveiseducatius.xtec.cat\/vallesoriental1\/wp-json\/wp\/v2\/types\/page"}],"author":[{"embeddable":true,"href":"https:\/\/serveiseducatius.xtec.cat\/vallesoriental1\/wp-json\/wp\/v2\/users\/3"}],"replies":[{"embeddable":true,"href":"https:\/\/serveiseducatius.xtec.cat\/vallesoriental1\/wp-json\/wp\/v2\/comments?post=13164"}],"version-history":[{"count":3,"href":"https:\/\/serveiseducatius.xtec.cat\/vallesoriental1\/wp-json\/wp\/v2\/pages\/13164\/revisions"}],"predecessor-version":[{"id":13621,"href":"https:\/\/serveiseducatius.xtec.cat\/vallesoriental1\/wp-json\/wp\/v2\/pages\/13164\/revisions\/13621"}],"up":[{"embeddable":true,"href":"https:\/\/serveiseducatius.xtec.cat\/vallesoriental1\/wp-json\/wp\/v2\/pages\/416"}],"wp:attachment":[{"href":"https:\/\/serveiseducatius.xtec.cat\/vallesoriental1\/wp-json\/wp\/v2\/media?parent=13164"}],"curies":[{"name":"wp","href":"https:\/\/api.w.org\/{rel}","templated":true}]}}