{"id":9376,"date":"2018-01-15T12:22:41","date_gmt":"2018-01-15T11:22:41","guid":{"rendered":"http:\/\/serveiseducatius.xtec.cat\/vallesoccidental8\/?page_id=9376"},"modified":"2025-09-10T16:22:02","modified_gmt":"2025-09-10T14:22:02","slug":"eap","status":"publish","type":"page","link":"https:\/\/serveiseducatius.xtec.cat\/vallesoccidental8\/el-servei-educatiu\/equip\/eap\/","title":{"rendered":"Funcions EAP"},"content":{"rendered":"<h2 data-start=\"112\" data-end=\"131\"><strong data-start=\"115\" data-end=\"131\">Funcions EAP<\/strong><\/h2>\n<p data-start=\"133\" data-end=\"429\">Els <strong data-start=\"137\" data-end=\"184\">Equips d\u2019Assessorament Psicopedag\u00f2gic (EAP)<\/strong> s\u00f3n equips d\u2019assessorament i orientaci\u00f3 que donen suport al professorat i als centres educatius en la resposta a la diversitat de l\u2019alumnat i, especialment, en relaci\u00f3 amb els alumnes amb necessitats educatives especials i les seves fam\u00edlies.<\/p>\n<hr data-start=\"431\" data-end=\"434\" \/>\n<h3 data-start=\"436\" data-end=\"461\"><strong data-start=\"440\" data-end=\"461\">\u00c0mbits d\u2019actuaci\u00f3<\/strong><\/h3>\n<p data-start=\"463\" data-end=\"489\">Els serveis s\u2019adrecen a:<\/p>\n<ul data-start=\"490\" data-end=\"636\">\n<li data-start=\"490\" data-end=\"511\">\n<p data-start=\"492\" data-end=\"511\">Centres educatius<\/p>\n<\/li>\n<li data-start=\"512\" data-end=\"532\">\n<p data-start=\"514\" data-end=\"532\">Equips directius<\/p>\n<\/li>\n<li data-start=\"533\" data-end=\"571\">\n<p data-start=\"535\" data-end=\"571\">Professorat i altres professionals<\/p>\n<\/li>\n<li data-start=\"572\" data-end=\"604\">\n<p data-start=\"574\" data-end=\"604\">Alumnat i les seves fam\u00edlies<\/p>\n<\/li>\n<li data-start=\"605\" data-end=\"636\">\n<p data-start=\"607\" data-end=\"636\">Xarxa de serveis de la zona<\/p>\n<\/li>\n<\/ul>\n<hr data-start=\"638\" data-end=\"641\" \/>\n<h3 data-start=\"643\" data-end=\"694\"><strong data-start=\"647\" data-end=\"694\">1. Atenci\u00f3 a l\u2019alumnat i les seves fam\u00edlies<\/strong><\/h3>\n<ul data-start=\"696\" data-end=\"1530\">\n<li data-start=\"696\" data-end=\"873\">\n<p data-start=\"698\" data-end=\"873\">Identificaci\u00f3 i avaluaci\u00f3 psicopedag\u00f2gica i\/o social de necessitats educatives especials i proposta d\u2019escolaritzaci\u00f3 (amb col\u00b7laboraci\u00f3 dels serveis espec\u00edfics quan calgui).<\/p>\n<\/li>\n<li data-start=\"874\" data-end=\"943\">\n<p data-start=\"876\" data-end=\"943\">Elaboraci\u00f3 de dict\u00e0mens i informes per orientar l\u2019escolaritzaci\u00f3.<\/p>\n<\/li>\n<li data-start=\"944\" data-end=\"1020\">\n<p data-start=\"946\" data-end=\"1020\">Valoraci\u00f3 motriu i planificaci\u00f3 d\u2019intervencions per a l\u2019alumnat amb NEE.<\/p>\n<\/li>\n<li data-start=\"1021\" data-end=\"1130\">\n<p data-start=\"1023\" data-end=\"1130\">Assessorament al professorat en la planificaci\u00f3 de la resposta educativa (adaptacions, PI, materials&#8230;).<\/p>\n<\/li>\n<li data-start=\"1131\" data-end=\"1241\">\n<p data-start=\"1133\" data-end=\"1241\">Orientaci\u00f3 a alumnat, fam\u00edlies i equips docents en aspectes personals, educatius, professionals i socials.<\/p>\n<\/li>\n<li data-start=\"1242\" data-end=\"1341\">\n<p data-start=\"1244\" data-end=\"1341\">Seguiment de l\u2019alumnat amb NEE al llarg de l\u2019escolaritat, especialment en moments de transici\u00f3.<\/p>\n<\/li>\n<li data-start=\"1342\" data-end=\"1446\">\n<p data-start=\"1344\" data-end=\"1446\">Detecci\u00f3, valoraci\u00f3 i derivaci\u00f3 a serveis espec\u00edfics o externs (CREDA, CREDV, SEEM, CSMIJ, EAIA&#8230;).<\/p>\n<\/li>\n<li data-start=\"1447\" data-end=\"1530\">\n<p data-start=\"1449\" data-end=\"1530\">Coordinaci\u00f3 amb altres serveis o institucions per garantir respostes coherents.<\/p>\n<\/li>\n<\/ul>\n<hr data-start=\"1532\" data-end=\"1535\" \/>\n<h3 data-start=\"1537\" data-end=\"1577\"><strong data-start=\"1541\" data-end=\"1577\">2. Atenci\u00f3 als centres educatius<\/strong><\/h3>\n<ul data-start=\"1579\" data-end=\"2209\">\n<li data-start=\"1579\" data-end=\"1672\">\n<p data-start=\"1581\" data-end=\"1672\">Assessorament en la detecci\u00f3 de necessitats i en la planificaci\u00f3 de respostes educatives.<\/p>\n<\/li>\n<li data-start=\"1673\" data-end=\"1815\">\n<p data-start=\"1675\" data-end=\"1815\">Coordinaci\u00f3 amb equips directius i professorat que dona suport a la diversitat (mestres d\u2019EE, psicopedagogs, educadors especialitzats&#8230;).<\/p>\n<\/li>\n<li data-start=\"1816\" data-end=\"1901\">\n<p data-start=\"1818\" data-end=\"1901\">Participaci\u00f3 en les Comissions d\u2019Atenci\u00f3 a la Diversitat i en comissions socials.<\/p>\n<\/li>\n<li data-start=\"1902\" data-end=\"2013\">\n<p data-start=\"1904\" data-end=\"2013\">Col\u00b7laboraci\u00f3 en processos d\u2019inclusi\u00f3, prevenci\u00f3 i resoluci\u00f3 de conflictes i detecci\u00f3 de conductes de risc.<\/p>\n<\/li>\n<li data-start=\"2014\" data-end=\"2082\">\n<p data-start=\"2016\" data-end=\"2082\">Assessorament en processos de tutoria i orientaci\u00f3 de l\u2019alumnat.<\/p>\n<\/li>\n<li data-start=\"2083\" data-end=\"2209\">\n<p data-start=\"2085\" data-end=\"2209\">Suport per a millorar la relaci\u00f3, col\u00b7laboraci\u00f3 i confian\u00e7a entre fam\u00edlies i centres, especialment amb alumnat vulnerable.<\/p>\n<\/li>\n<\/ul>\n<hr data-start=\"2211\" data-end=\"2214\" \/>\n<h3 data-start=\"2216\" data-end=\"2258\"><strong data-start=\"2220\" data-end=\"2258\">3. Atenci\u00f3 i intervenci\u00f3 a la zona<\/strong><\/h3>\n<ul data-start=\"2260\" data-end=\"2897\">\n<li data-start=\"2260\" data-end=\"2332\">\n<p data-start=\"2262\" data-end=\"2332\">Participaci\u00f3 en processos d\u2019escolaritzaci\u00f3 i transicions educatives.<\/p>\n<\/li>\n<li data-start=\"2333\" data-end=\"2434\">\n<p data-start=\"2335\" data-end=\"2434\">Treball en xarxa amb institucions i serveis de la zona per establir criteris i difondre recursos.<\/p>\n<\/li>\n<li data-start=\"2435\" data-end=\"2541\">\n<p data-start=\"2437\" data-end=\"2541\">Coordinaci\u00f3 amb serveis educatius espec\u00edfics i altres departaments (salut, acci\u00f3 social, just\u00edcia&#8230;).<\/p>\n<\/li>\n<li data-start=\"2542\" data-end=\"2642\">\n<p data-start=\"2544\" data-end=\"2642\">Col\u00b7laboraci\u00f3 amb les administracions en la planificaci\u00f3 i optimitzaci\u00f3 dels recursos educatius.<\/p>\n<\/li>\n<li data-start=\"2643\" data-end=\"2783\">\n<p data-start=\"2645\" data-end=\"2783\">Participaci\u00f3 en Plans Educatius d\u2019Entorn i programes vinculats a la integraci\u00f3 escolar i social (absentisme, risc d\u2019exclusi\u00f3, salut&#8230;).<\/p>\n<\/li>\n<li data-start=\"2784\" data-end=\"2897\">\n<p data-start=\"2786\" data-end=\"2897\">Coordinaci\u00f3 i dinamitzaci\u00f3 d\u2019activitats de formaci\u00f3 i intercanvi docent, en col\u00b7laboraci\u00f3 amb el CRP del SEZ.<\/p>\n<\/li>\n<\/ul>\n","protected":false},"excerpt":{"rendered":"<p>Funcions EAP Els Equips d\u2019Assessorament Psicopedag\u00f2gic (EAP) s\u00f3n equips d\u2019assessorament i orientaci\u00f3 que donen suport al professorat i als centres [&hellip;]<\/p>\n","protected":false},"author":1,"featured_media":0,"parent":306,"menu_order":0,"comment_status":"closed","ping_status":"closed","template":"","meta":{"_bbp_topic_count":0,"_bbp_reply_count":0,"_bbp_total_topic_count":0,"_bbp_total_reply_count":0,"_bbp_voice_count":0,"_bbp_anonymous_reply_count":0,"_bbp_topic_count_hidden":0,"_bbp_reply_count_hidden":0,"_bbp_forum_subforum_count":0,"site-sidebar-layout":"default","site-content-layout":"","ast-site-content-layout":"default","site-content-style":"default","site-sidebar-style":"default","ast-global-header-display":"","ast-banner-title-visibility":"","ast-main-header-display":"","ast-hfb-above-header-display":"","ast-hfb-below-header-display":"","ast-hfb-mobile-header-display":"","site-post-title":"","ast-breadcrumbs-content":"","ast-featured-img":"","footer-sml-layout":"","theme-transparent-header-meta":"","adv-header-id-meta":"","stick-header-meta":"","header-above-stick-meta":"","header-main-stick-meta":"","header-below-stick-meta":"","astra-migrate-meta-layouts":"set","ast-page-background-enabled":"default","ast-page-background-meta":{"desktop":{"background-color":"var(--ast-global-color-4)","background-image":"","background-repeat":"repeat","background-position":"center center","background-size":"auto","background-attachment":"scroll","background-type":"","background-media":"","overlay-type":"","overlay-color":"","overlay-opacity":"","overlay-gradient":""},"tablet":{"background-color":"","background-image":"","background-repeat":"repeat","background-position":"center center","background-size":"auto","background-attachment":"scroll","background-type":"","background-media":"","overlay-type":"","overlay-color":"","overlay-opacity":"","overlay-gradient":""},"mobile":{"background-color":"","background-image":"","background-repeat":"repeat","background-position":"center center","background-size":"auto","background-attachment":"scroll","background-type":"","background-media":"","overlay-type":"","overlay-color":"","overlay-opacity":"","overlay-gradient":""}},"ast-content-background-meta":{"desktop":{"background-color":"var(--ast-global-color-5)","background-image":"","background-repeat":"repeat","background-position":"center center","background-size":"auto","background-attachment":"scroll","background-type":"","background-media":"","overlay-type":"","overlay-color":"","overlay-opacity":"","overlay-gradient":""},"tablet":{"background-color":"var(--ast-global-color-5)","background-image":"","background-repeat":"repeat","background-position":"center center","background-size":"auto","background-attachment":"scroll","background-type":"","background-media":"","overlay-type":"","overlay-color":"","overlay-opacity":"","overlay-gradient":""},"mobile":{"background-color":"var(--ast-global-color-5)","background-image":"","background-repeat":"repeat","background-position":"center center","background-size":"auto","background-attachment":"scroll","background-type":"","background-media":"","overlay-type":"","overlay-color":"","overlay-opacity":"","overlay-gradient":""}},"footnotes":""},"class_list":["post-9376","page","type-page","status-publish","hentry"],"post_mailing_queue_ids":[],"_links":{"self":[{"href":"https:\/\/serveiseducatius.xtec.cat\/vallesoccidental8\/wp-json\/wp\/v2\/pages\/9376","targetHints":{"allow":["GET"]}}],"collection":[{"href":"https:\/\/serveiseducatius.xtec.cat\/vallesoccidental8\/wp-json\/wp\/v2\/pages"}],"about":[{"href":"https:\/\/serveiseducatius.xtec.cat\/vallesoccidental8\/wp-json\/wp\/v2\/types\/page"}],"author":[{"embeddable":true,"href":"https:\/\/serveiseducatius.xtec.cat\/vallesoccidental8\/wp-json\/wp\/v2\/users\/1"}],"replies":[{"embeddable":true,"href":"https:\/\/serveiseducatius.xtec.cat\/vallesoccidental8\/wp-json\/wp\/v2\/comments?post=9376"}],"version-history":[{"count":6,"href":"https:\/\/serveiseducatius.xtec.cat\/vallesoccidental8\/wp-json\/wp\/v2\/pages\/9376\/revisions"}],"predecessor-version":[{"id":16726,"href":"https:\/\/serveiseducatius.xtec.cat\/vallesoccidental8\/wp-json\/wp\/v2\/pages\/9376\/revisions\/16726"}],"up":[{"embeddable":true,"href":"https:\/\/serveiseducatius.xtec.cat\/vallesoccidental8\/wp-json\/wp\/v2\/pages\/306"}],"wp:attachment":[{"href":"https:\/\/serveiseducatius.xtec.cat\/vallesoccidental8\/wp-json\/wp\/v2\/media?parent=9376"}],"curies":[{"name":"wp","href":"https:\/\/api.w.org\/{rel}","templated":true}]}}