{"id":12589,"date":"2024-06-19T11:58:59","date_gmt":"2024-06-19T09:58:59","guid":{"rendered":"https:\/\/serveiseducatius.xtec.cat\/vallesoccidental7\/?page_id=12589"},"modified":"2024-11-12T13:23:59","modified_gmt":"2024-11-12T12:23:59","slug":"altres-equips","status":"publish","type":"page","link":"https:\/\/serveiseducatius.xtec.cat\/vallesoccidental7\/altres-equips\/","title":{"rendered":"Altres equips"},"content":{"rendered":"<p>Al Servei Educatiu de Badia del Vall\u00e8s hi tenen tamb\u00e9 la seu dos altres equips:<\/p>\n<ul>\n<li>El <strong>CRETDiC<\/strong> del Vall\u00e8s Occidental (Centre de Recursos Espec\u00edfics per a Trastorns del Desenvolupament i la Conducta).<\/li>\n<\/ul>\n<p>Professionals: Antonio Hidalgo (Coordinador), Clara Amat, Marina Barroso, Jordi Castells, Maria del Mar Gr\u00e0cia Paluzie, <span style=\"font-family: inherit; font-size: 1em;\">Gloria Lok\u00e1, Cristina Morales, M\u00f2nica Nonell, Vanesa Padillo.<\/span><\/p>\n<p>Podeu trobar tota la informaci\u00f3 de la seva tasca, recursos i formacions a la seva <a href=\"https:\/\/sites.google.com\/xtec.cat\/cretdicvoc\/inici\">web<\/a><\/p>\n<p>Contacte: <strong><em>a8973217@xtec.cat<\/em><\/strong><\/p>\n<ul>\n<li>El<strong> CREDA:<\/strong> servei de suport als centres educatius en l\u2019adequaci\u00f3 a la resposta educativa davant les necessitats de l\u2019alumnat amb d\u00e8ficit auditiu, trastorn espec\u00edfic del llenguatge i\/o la comunicaci\u00f3.<\/li>\n<\/ul>\n<p>Professionals de la zona de Badia i Barber\u00e0 del Vall\u00e8s: \u00c0ngels Barbero, Anna Carrasco, \u00c0ngels de Bunes, Blanca Bitrian, J\u00e8ssica Redondo<\/p>\n<p>Podeu trobar tota la informaci\u00f3 de la seva tasca, recursos i formacions a la seva <a href=\"https:\/\/serveiseducatius.xtec.cat\/creda-jordiperello\/\">web<\/a><\/p>\n<p>&nbsp;<\/p>\n","protected":false},"excerpt":{"rendered":"<p>Al Servei Educatiu de Badia del Vall\u00e8s hi tenen tamb\u00e9 la seu dos altres equips: El CRETDiC del Vall\u00e8s Occidental (Centre de Recursos Espec\u00edfics per a Trastorns del Desenvolupament i la Conducta). Professionals: Antonio Hidalgo (Coordinador), Clara Amat, Marina Barroso, Jordi Castells, Maria del Mar Gr\u00e0cia Paluzie, Gloria Lok\u00e1, Cristina Morales, M\u00f2nica Nonell, Vanesa Padillo. [&hellip;]<\/p>\n","protected":false},"author":5,"featured_media":0,"parent":0,"menu_order":0,"comment_status":"closed","ping_status":"closed","template":"","meta":{"_bbp_topic_count":0,"_bbp_reply_count":0,"_bbp_total_topic_count":0,"_bbp_total_reply_count":0,"_bbp_voice_count":0,"_bbp_anonymous_reply_count":0,"_bbp_topic_count_hidden":0,"_bbp_reply_count_hidden":0,"_bbp_forum_subforum_count":0,"site-sidebar-layout":"default","site-content-layout":"","ast-site-content-layout":"","site-content-style":"default","site-sidebar-style":"default","ast-global-header-display":"","ast-banner-title-visibility":"","ast-main-header-display":"","ast-hfb-above-header-display":"","ast-hfb-below-header-display":"","ast-hfb-mobile-header-display":"","site-post-title":"","ast-breadcrumbs-content":"","ast-featured-img":"","footer-sml-layout":"","theme-transparent-header-meta":"","adv-header-id-meta":"","stick-header-meta":"","header-above-stick-meta":"","header-main-stick-meta":"","header-below-stick-meta":"","astra-migrate-meta-layouts":"default","ast-page-background-enabled":"default","ast-page-background-meta":{"desktop":{"background-color":"var(--ast-global-color-4)","background-image":"","background-repeat":"repeat","background-position":"center center","background-size":"auto","background-attachment":"scroll","background-type":"","background-media":"","overlay-type":"","overlay-color":"","overlay-opacity":"","overlay-gradient":""},"tablet":{"background-color":"","background-image":"","background-repeat":"repeat","background-position":"center center","background-size":"auto","background-attachment":"scroll","background-type":"","background-media":"","overlay-type":"","overlay-color":"","overlay-opacity":"","overlay-gradient":""},"mobile":{"background-color":"","background-image":"","background-repeat":"repeat","background-position":"center center","background-size":"auto","background-attachment":"scroll","background-type":"","background-media":"","overlay-type":"","overlay-color":"","overlay-opacity":"","overlay-gradient":""}},"ast-content-background-meta":{"desktop":{"background-color":"var(--ast-global-color-5)","background-image":"","background-repeat":"repeat","background-position":"center center","background-size":"auto","background-attachment":"scroll","background-type":"","background-media":"","overlay-type":"","overlay-color":"","overlay-opacity":"","overlay-gradient":""},"tablet":{"background-color":"var(--ast-global-color-5)","background-image":"","background-repeat":"repeat","background-position":"center center","background-size":"auto","background-attachment":"scroll","background-type":"","background-media":"","overlay-type":"","overlay-color":"","overlay-opacity":"","overlay-gradient":""},"mobile":{"background-color":"var(--ast-global-color-5)","background-image":"","background-repeat":"repeat","background-position":"center center","background-size":"auto","background-attachment":"scroll","background-type":"","background-media":"","overlay-type":"","overlay-color":"","overlay-opacity":"","overlay-gradient":""}},"footnotes":""},"class_list":["post-12589","page","type-page","status-publish","hentry"],"post_mailing_queue_ids":[],"_links":{"self":[{"href":"https:\/\/serveiseducatius.xtec.cat\/vallesoccidental7\/wp-json\/wp\/v2\/pages\/12589","targetHints":{"allow":["GET"]}}],"collection":[{"href":"https:\/\/serveiseducatius.xtec.cat\/vallesoccidental7\/wp-json\/wp\/v2\/pages"}],"about":[{"href":"https:\/\/serveiseducatius.xtec.cat\/vallesoccidental7\/wp-json\/wp\/v2\/types\/page"}],"author":[{"embeddable":true,"href":"https:\/\/serveiseducatius.xtec.cat\/vallesoccidental7\/wp-json\/wp\/v2\/users\/5"}],"replies":[{"embeddable":true,"href":"https:\/\/serveiseducatius.xtec.cat\/vallesoccidental7\/wp-json\/wp\/v2\/comments?post=12589"}],"version-history":[{"count":4,"href":"https:\/\/serveiseducatius.xtec.cat\/vallesoccidental7\/wp-json\/wp\/v2\/pages\/12589\/revisions"}],"predecessor-version":[{"id":12782,"href":"https:\/\/serveiseducatius.xtec.cat\/vallesoccidental7\/wp-json\/wp\/v2\/pages\/12589\/revisions\/12782"}],"wp:attachment":[{"href":"https:\/\/serveiseducatius.xtec.cat\/vallesoccidental7\/wp-json\/wp\/v2\/media?parent=12589"}],"curies":[{"name":"wp","href":"https:\/\/api.w.org\/{rel}","templated":true}]}}

<p>Al Servei Educatiu de Badia del Vallès hi tenen també la seu dos altres equips:</p>
<ul>
<li>El <strong>CRETDiC</strong> del Vallès Occidental (Centre de Recursos Específics per a Trastorns del Desenvolupament i la Conducta).</li>
</ul>
<p>Professionals: Antonio Hidalgo (Coordinador), Clara Amat, Marina Barroso, Jordi Castells, Maria del Mar Gràcia Paluzie, <span style="font-family: inherit; font-size: 1em;">Gloria Loká, Cristina Morales, Mònica Nonell, Vanesa Padillo.</span></p>
<p>Podeu trobar tota la informació de la seva tasca, recursos i formacions a la seva <a href="https://sites.google.com/xtec.cat/cretdicvoc/inici">web</a></p>
<p>Contacte: <strong><em>a8973217@xtec.cat</em></strong></p>
<ul>
<li>El<strong> CREDA:</strong> servei de suport als centres educatius en l’adequació a la resposta educativa davant les necessitats de l’alumnat amb dèficit auditiu, trastorn específic del llenguatge i/o la comunicació.</li>
</ul>
<p>Professionals de la zona de Badia i Barberà del Vallès: Àngels Barbero, Anna Carrasco, Àngels de Bunes, Blanca Bitrian, Jèssica Redondo</p>
<p>Podeu trobar tota la informació de la seva tasca, recursos i formacions a la seva <a href="https://serveiseducatius.xtec.cat/creda-jordiperello/">web</a></p>
<p>&nbsp;</p>

<p>Al Servei Educatiu de Badia del Vallès hi tenen també la seu dos altres equips: El CRETDiC del Vallès Occidental (Centre de Recursos Específics per a Trastorns del Desenvolupament i la Conducta). Professionals: Antonio Hidalgo (Coordinador), Clara Amat, Marina Barroso, Jordi Castells, Maria del Mar Gràcia Paluzie, Gloria Loká, Cristina Morales, Mònica Nonell, Vanesa Padillo. [&hellip;]</p>
