{"id":12262,"date":"2023-11-16T10:59:59","date_gmt":"2023-11-16T09:59:59","guid":{"rendered":"https:\/\/serveiseducatius.xtec.cat\/vallesoccidental7\/?page_id=12262"},"modified":"2026-03-27T12:10:38","modified_gmt":"2026-03-27T11:10:38","slug":"seminari-caps-destudis-coordinacio-pedagogica-de-secundaria","status":"publish","type":"page","link":"https:\/\/serveiseducatius.xtec.cat\/vallesoccidental7\/seminari-caps-destudis-coordinacio-pedagogica-de-secundaria\/","title":{"rendered":"Seminari caps d&#8217;estudis\/coordinaci\u00f3 pedag\u00f2gics de secund\u00e0ria"},"content":{"rendered":"<p><strong>CURS 2025\/2026<\/strong><\/p>\n<p>Les sessions tindran lloc els divendres de 12h a 14h.<\/p>\n<p>Aquest curs s&#8217;han previst 4 reunions pel seminari de caps d&#8217;estudis i coordinacions pedag\u00f2giques de secund\u00e0ria.<\/p>\n<table style=\"height: 115px; width: 98.0571%; border-collapse: collapse; border-style: solid; border-color: #000000;\">\n<tbody>\n<tr style=\"height: 32px;\">\n<td style=\"width: 26.512%; height: 10px; border-style: solid; border-color: #000000;\"><strong>SESSI\u00d3 1\u00a0 \u00a0 17\/10<\/strong><\/td>\n<td style=\"width: 86.3078%; height: 10px; border-style: solid; border-color: #000000;\"><a href=\"https:\/\/drive.google.com\/file\/d\/199x1_jCvgOEA-IqmNFsaC977PdwmY5MJ\/view?usp=drive_link\">ACTA<\/a><\/td>\n<\/tr>\n<tr style=\"height: 32px;\">\n<td style=\"width: 26.512%; height: 32px; border-style: solid; border-color: #000000;\"><strong>SESSI\u00d3 2\u00a0 \u00a0 23\/01<\/strong><\/td>\n<td style=\"width: 86.3078%; height: 32px; border-style: solid; border-color: #000000;\"><a href=\"https:\/\/docs.google.com\/document\/d\/18koA3VYfyYuuX9IVSiKv30u3xy9HMop8A_cEAjJNSrE\/edit?usp=sharing\">ACTA<\/a><\/td>\n<\/tr>\n<tr style=\"height: 32px;\">\n<td style=\"width: 26.512%; height: 32px; border-style: solid; border-color: #000000;\"><strong>SESSI\u00d3 3\u00a0 \u00a0 27\/03\u00a0<\/strong><\/td>\n<td style=\"width: 86.3078%; height: 32px; border-style: solid; border-color: #000000;\"><a href=\"https:\/\/docs.google.com\/document\/d\/1iw08IOHpABKETTZ_8NLuJm21x38fcsXxxZd7WJuWISQ\/edit?usp=sharing\">ACTA<\/a><\/td>\n<\/tr>\n<tr style=\"height: 41px;\">\n<td style=\"width: 26.512%; height: 41px; border-style: solid; border-color: #000000;\"><strong>SESSI\u00d3 4\u00a0 \u00a022\/05<\/strong><\/td>\n<td style=\"width: 86.3078%; height: 41px; border-style: solid; border-color: #000000;\"><\/td>\n<\/tr>\n<\/tbody>\n<\/table>\n<p><strong>CURS 2024\/2025<\/strong><\/p>\n<p>Aquest curs s&#8217;han previst 4 reunions pel seminari de caps d&#8217;estudis i coordinacions pedag\u00f2giques de secund\u00e0ria.<\/p>\n<table style=\"height: 137px; width: 34.4453%; border-collapse: collapse; border-style: solid; border-color: #000000;\">\n<tbody>\n<tr style=\"height: 32px;\">\n<td style=\"width: 16.4975%; height: 32px; border-style: solid; border-color: #000000;\"><strong>SESSI\u00d3 1\u00a0 \u00a0 18\/10<\/strong><\/td>\n<td style=\"width: 17.9478%; height: 32px; border-style: solid; border-color: #000000;\"><a href=\"https:\/\/drive.google.com\/file\/d\/1pN_lFlpblKoWzeShv47i6SSE3MezPRZM\/view?usp=drive_link\" target=\"_blank\" rel=\"noopener\">ACTA<\/a><\/td>\n<\/tr>\n<tr style=\"height: 32px;\">\n<td style=\"width: 16.4975%; height: 32px; border-style: solid; border-color: #000000;\"><strong>SESSI\u00d3 2\u00a0 \u00a0 29\/11<\/strong><\/td>\n<td style=\"width: 17.9478%; height: 32px; border-style: solid; border-color: #000000;\"><a href=\"https:\/\/docs.google.com\/document\/d\/1plapNLFpSTqOTZLTIN8dPEoUFwnj-rPBCpPAlH9njVA\/edit?usp=sharing\">ACTA<\/a><\/td>\n<\/tr>\n<tr style=\"height: 32px;\">\n<td style=\"width: 16.4975%; height: 32px; border-style: solid; border-color: #000000;\"><strong>SESSI\u00d3 3\u00a0 \u00a0 14\/02\u00a0<\/strong><\/td>\n<td style=\"width: 17.9478%; height: 32px; border-style: solid; border-color: #000000;\"><a href=\"https:\/\/drive.google.com\/file\/d\/1JsoDubQMggaCW20NXWxDvluns6tt_N2Z\/view?usp=drive_link\"><strong>ACTA\u00a0 SESSI\u00d3 A I-E CAN LLOBET<\/strong><\/a><\/td>\n<\/tr>\n<tr style=\"height: 41px;\">\n<td style=\"width: 16.4975%; height: 41px; border-style: solid; border-color: #000000;\"><strong>SESSI\u00d3 4\u00a0 \u00a025\/04<\/strong><\/td>\n<td style=\"width: 17.9478%; height: 41px; border-style: solid; border-color: #000000;\"><a href=\"https:\/\/drive.google.com\/file\/d\/1ntVCs-3jnx3yHZg_7u477XofaJu9vJVP\/view?usp=drive_link\">ACTA<\/a><\/td>\n<\/tr>\n<\/tbody>\n<\/table>\n<p>Complement\u00e0riament, es desenvolupar\u00e0 un seminari de revisi\u00f3 i millora en l&#8217;aplicaci\u00f3 de la <strong>immersi\u00f3 ling\u00fc\u00edstica<\/strong> al centre, liderat per l&#8217;assessora LIC Lou Cair\u00f3.<\/p>\n<table style=\"border-collapse: collapse; width: 34.2277%; height: 132px;\">\n<tbody>\n<tr style=\"height: 32px;\">\n<td style=\"width: 16.57%; height: 32px;\"><strong>SESSI\u00d3 1\u00a0 \u00a0\u00a0<\/strong><strong>8\/11<\/strong><\/td>\n<td style=\"width: 17.6577%; height: 32px;\"><\/td>\n<\/tr>\n<tr style=\"height: 32px;\">\n<td style=\"width: 16.57%; height: 32px;\"><strong>SESSI\u00d3 2\u00a0 \u00a0 17\/01<\/strong><\/td>\n<td style=\"width: 17.6577%; height: 32px;\"><\/td>\n<\/tr>\n<tr style=\"height: 36px;\">\n<td style=\"width: 16.57%; height: 36px;\"><strong>SESSI\u00d3 3\u00a0 \u00a0 28\/03<\/strong><\/td>\n<td style=\"width: 17.6577%; height: 36px;\"><\/td>\n<\/tr>\n<tr style=\"height: 32px;\">\n<td style=\"width: 16.57%; height: 32px;\"><strong>SESSI\u00d3 4\u00a0 \u00a0 16\/05<\/strong><\/td>\n<td style=\"width: 17.6577%; height: 32px;\"><\/td>\n<\/tr>\n<\/tbody>\n<\/table>\n<p><strong>CURS 2023\/2024<\/strong><\/p>\n<p>Per iniciar aquest seminari, aquest curs es faran 3 reunions (una al trimestre), en les que participaran tant caps d&#8217;estudis com coordinacions pedag\u00f2giques<\/p>\n<table style=\"border-collapse: collapse; width: 59.8649%;\">\n<tbody>\n<tr>\n<td style=\"width: 100%;\"><strong>SESSI\u00d3 1\u00a0 13\/11\u00a0 \u00a0 <a href=\"https:\/\/drive.google.com\/file\/d\/16KpP3jvuMk0E2j_-P1Nc4_8piPrJ4BbL\/view?usp=drive_link\">ACTA<\/a> \u00a0 \u00a0<\/strong><\/td>\n<\/tr>\n<tr>\n<td style=\"width: 100%;\"><strong>SESSI\u00d3 2\u00a0 \u00a001\/03\u00a0 \u00a0<a href=\"https:\/\/docs.google.com\/document\/d\/1lmxbXnjVoYpFrxy0BqDkVIczosXMac-q6dOgP1878IU\/edit?usp=sharing\">ACTA<\/a><\/strong><\/td>\n<\/tr>\n<tr>\n<td style=\"width: 100%;\"><strong>SESSI\u00d3 3\u00a0 \u00a026\/04\u00a0 <a href=\"https:\/\/docs.google.com\/document\/d\/1k4_iBoshVkwMlGI60tjl2jK6ir3cu9A66K0UrRVqJY0\/edit\">ACTA<\/a><\/strong><\/td>\n<\/tr>\n<\/tbody>\n<\/table>\n<p><!--a=1--><\/p>\n<p><!--a=1--><\/p>\n<p><!--a=1--><\/p>\n<p><!--a=1--><!--a=1--><\/p>\n<p><!--a=1--><\/p>\n","protected":false},"excerpt":{"rendered":"<p>CURS 2025\/2026 Les sessions tindran lloc els divendres de 12h a 14h. Aquest curs s&#8217;han previst 4 reunions pel seminari de caps d&#8217;estudis i coordinacions pedag\u00f2giques de secund\u00e0ria. SESSI\u00d3 1\u00a0 \u00a0 17\/10 ACTA SESSI\u00d3 2\u00a0 \u00a0 23\/01 ACTA SESSI\u00d3 3\u00a0 \u00a0 27\/03\u00a0 ACTA SESSI\u00d3 4\u00a0 \u00a022\/05 CURS 2024\/2025 Aquest curs s&#8217;han previst 4 reunions pel [&hellip;]<\/p>\n","protected":false},"author":5,"featured_media":0,"parent":0,"menu_order":0,"comment_status":"closed","ping_status":"closed","template":"","meta":{"_bbp_topic_count":0,"_bbp_reply_count":0,"_bbp_total_topic_count":0,"_bbp_total_reply_count":0,"_bbp_voice_count":0,"_bbp_anonymous_reply_count":0,"_bbp_topic_count_hidden":0,"_bbp_reply_count_hidden":0,"_bbp_forum_subforum_count":0,"site-sidebar-layout":"default","site-content-layout":"","ast-site-content-layout":"default","site-content-style":"default","site-sidebar-style":"default","ast-global-header-display":"","ast-banner-title-visibility":"","ast-main-header-display":"","ast-hfb-above-header-display":"","ast-hfb-below-header-display":"","ast-hfb-mobile-header-display":"","site-post-title":"","ast-breadcrumbs-content":"","ast-featured-img":"","footer-sml-layout":"","theme-transparent-header-meta":"default","adv-header-id-meta":"","stick-header-meta":"","header-above-stick-meta":"","header-main-stick-meta":"","header-below-stick-meta":"","astra-migrate-meta-layouts":"set","ast-page-background-enabled":"default","ast-page-background-meta":{"desktop":{"background-color":"var(--ast-global-color-4)","background-image":"","background-repeat":"repeat","background-position":"center center","background-size":"auto","background-attachment":"scroll","background-type":"","background-media":"","overlay-type":"","overlay-color":"","overlay-opacity":"","overlay-gradient":""},"tablet":{"background-color":"","background-image":"","background-repeat":"repeat","background-position":"center center","background-size":"auto","background-attachment":"scroll","background-type":"","background-media":"","overlay-type":"","overlay-color":"","overlay-opacity":"","overlay-gradient":""},"mobile":{"background-color":"","background-image":"","background-repeat":"repeat","background-position":"center center","background-size":"auto","background-attachment":"scroll","background-type":"","background-media":"","overlay-type":"","overlay-color":"","overlay-opacity":"","overlay-gradient":""}},"ast-content-background-meta":{"desktop":{"background-color":"var(--ast-global-color-5)","background-image":"","background-repeat":"repeat","background-position":"center center","background-size":"auto","background-attachment":"scroll","background-type":"","background-media":"","overlay-type":"","overlay-color":"","overlay-opacity":"","overlay-gradient":""},"tablet":{"background-color":"var(--ast-global-color-5)","background-image":"","background-repeat":"repeat","background-position":"center center","background-size":"auto","background-attachment":"scroll","background-type":"","background-media":"","overlay-type":"","overlay-color":"","overlay-opacity":"","overlay-gradient":""},"mobile":{"background-color":"var(--ast-global-color-5)","background-image":"","background-repeat":"repeat","background-position":"center center","background-size":"auto","background-attachment":"scroll","background-type":"","background-media":"","overlay-type":"","overlay-color":"","overlay-opacity":"","overlay-gradient":""}},"footnotes":""},"class_list":["post-12262","page","type-page","status-publish","hentry"],"post_mailing_queue_ids":[],"_links":{"self":[{"href":"https:\/\/serveiseducatius.xtec.cat\/vallesoccidental7\/wp-json\/wp\/v2\/pages\/12262","targetHints":{"allow":["GET"]}}],"collection":[{"href":"https:\/\/serveiseducatius.xtec.cat\/vallesoccidental7\/wp-json\/wp\/v2\/pages"}],"about":[{"href":"https:\/\/serveiseducatius.xtec.cat\/vallesoccidental7\/wp-json\/wp\/v2\/types\/page"}],"author":[{"embeddable":true,"href":"https:\/\/serveiseducatius.xtec.cat\/vallesoccidental7\/wp-json\/wp\/v2\/users\/5"}],"replies":[{"embeddable":true,"href":"https:\/\/serveiseducatius.xtec.cat\/vallesoccidental7\/wp-json\/wp\/v2\/comments?post=12262"}],"version-history":[{"count":6,"href":"https:\/\/serveiseducatius.xtec.cat\/vallesoccidental7\/wp-json\/wp\/v2\/pages\/12262\/revisions"}],"predecessor-version":[{"id":13935,"href":"https:\/\/serveiseducatius.xtec.cat\/vallesoccidental7\/wp-json\/wp\/v2\/pages\/12262\/revisions\/13935"}],"wp:attachment":[{"href":"https:\/\/serveiseducatius.xtec.cat\/vallesoccidental7\/wp-json\/wp\/v2\/media?parent=12262"}],"curies":[{"name":"wp","href":"https:\/\/api.w.org\/{rel}","templated":true}]}}