{"id":12202,"date":"2023-10-26T10:06:07","date_gmt":"2023-10-26T08:06:07","guid":{"rendered":"https:\/\/serveiseducatius.xtec.cat\/vallesoccidental7\/?page_id=12202"},"modified":"2026-03-11T09:42:49","modified_gmt":"2026-03-11T08:42:49","slug":"seminari-clic","status":"publish","type":"page","link":"https:\/\/serveiseducatius.xtec.cat\/vallesoccidental7\/seminari-clic\/","title":{"rendered":"Seminari CLIC"},"content":{"rendered":"<p><strong>CURS 2025-2026<\/strong><\/p>\n<p><a href=\"https:\/\/drive.google.com\/drive\/folders\/1h5Adng1w_9y7ZFIqh0bJWeYyHHtXDdnu?usp=drive_link\"><strong>CURS 25-26 Sessi\u00f3 1\u00a0<\/strong>Funcions CLIC, recordatoris, lectura i oralitat Presencial 251028<\/a><\/p>\n<p><a href=\"https:\/\/drive.google.com\/drive\/u\/0\/folders\/1uu2lcGhBAi5D9BB44VEOhbgzg2OdG1A0\"><strong>CURS 25-26 Sessi\u00f3 2 <\/strong>Presencial 251125<\/a><\/p>\n<ul>\n<li><a href=\"https:\/\/docs.google.com\/presentation\/d\/1yghipmAcw-9zTmV4OiPqND8EriZSLzqF8B_zMhBinm0\/edit?usp=drive_link\"> Oralitat-M\u00fasica-Lectura-Escriptura<\/a>\n<ul>\n<li><a href=\"https:\/\/drive.google.com\/drive\/folders\/1m-71moFERAkjYpED9zDkzdnWne2dIMMu?usp=drive_link\">Pere i el llop (Serguei Prok\u00f3viev)<\/a><\/li>\n<\/ul>\n<\/li>\n<li><a href=\"https:\/\/docs.google.com\/presentation\/d\/1AT36G3yIflAgNRCRy1wklN1W0U-NtQOatdIYtCXN9JI\/edit?usp=drive_link\">Pr\u00e0ctiques de refer\u00e8ncia<\/a><\/li>\n<li><a href=\"https:\/\/docs.google.com\/presentation\/d\/1DmTLQp3GoKuiphZOPleyofzV4APw8y-jJJjQkCMpoGc\/edit?usp=drive_link\">Altres temes CLIC<\/a>\n<ul>\n<li><a href=\"https:\/\/drive.google.com\/drive\/folders\/1vhflwX8oBQ5RpwP4SMsNKt34NBbf9XCs?usp=drive_link\">R\u00e0dio: entrevista i narraci\u00f3<\/a><\/li>\n<\/ul>\n<\/li>\n<\/ul>\n<p><a href=\"https:\/\/drive.google.com\/drive\/u\/0\/folders\/1Y5lQIVRTcffDYwDRBWNY5sj2UoCqld9a\"><strong>CURS 25-26 Sessi\u00f3 4<\/strong> (la 3 va ser la xerrada de la Najat El Hachmi) Presencial 260224<\/a><\/p>\n<p><a href=\"https:\/\/drive.google.com\/drive\/folders\/14AQcdwjCOaBfo976K3pkp8A54gLavxYO?usp=drive_link\">COMPARTIM<\/a><\/p>\n<p><strong>CURS 2024-2025<\/strong><\/p>\n<p><a href=\"https:\/\/drive.google.com\/drive\/u\/0\/folders\/1vvpOvTWJHMwvKTxwEnIY2IhfvN2Spz8Y\"><strong>CURS 24-25\u00a0 Sessi\u00f3 1<\/strong> Funcions CLIC Presencial 241015<\/a><\/p>\n<p><a href=\"https:\/\/drive.google.com\/drive\/u\/0\/folders\/18AmUxUP4q-Cqy0og0NcY4V7hJX8BJPq5\"><strong>CURS 24-25\u00a0 Sessi\u00f3 2 <\/strong>Immersi\u00f3 Presencial 241126<\/a><\/p>\n<p><a href=\"https:\/\/drive.google.com\/drive\/u\/0\/folders\/1CiS1MVeO6PmyI7T8-TeecrCGO4kWEU25\"><strong>CURS 24-25 Sessi\u00f3 3<\/strong> Interculturalitat I Presencial 250129<\/a><\/p>\n<p><a href=\"https:\/\/drive.google.com\/drive\/u\/0\/folders\/1Ch-u9i-46kCQDoZqFbFfNjyIMK5tPRUA\"><strong>CURS 24-25 Sessi\u00f3 4<\/strong> Interculturalitat II Presencial 250304<\/a><\/p>\n<p><a href=\"https:\/\/drive.google.com\/drive\/folders\/1xKgWR5Qv1hApifGo6PxBEwKGppVQwDad?usp=drive_link\"><strong>CURS 24-25 Sessi\u00f3 5<\/strong> Vocabulari Presencial 250520<\/a><\/p>\n<p><a href=\"https:\/\/drive.google.com\/drive\/u\/0\/folders\/1F3iaNyTpkgUY0gOOoXp9KOf6Slupqg8o\">Estrat\u00e8gies lectores 4t<\/a><\/p>\n<p><strong>CURS 2023-2024<\/strong><\/p>\n<p><a href=\"https:\/\/drive.google.com\/drive\/folders\/1GRaNCqtjtEMl-R2ujwccBis_WRMNhceW\"><strong>CURS 23-24 Sessi\u00f3 1<\/strong> \u00a0<\/a><a href=\"https:\/\/drive.google.com\/drive\/folders\/1GRaNCqtjtEMl-R2ujwccBis_WRMNhceW\">Funcions CLIC Presencial 231024<\/a><\/p>\n<p><strong><a href=\"https:\/\/drive.google.com\/drive\/folders\/1GRaNCqtjtEMl-R2ujwccBis_WRMNhceW\">CURS 23-24<\/a> <a href=\"https:\/\/drive.google.com\/drive\/folders\/1GRaNCqtjtEMl-R2ujwccBis_WRMNhceW\">Sessi\u00f3 2<\/a><\/strong> <a href=\"https:\/\/drive.google.com\/drive\/folders\/1GRaNCqtjtEMl-R2ujwccBis_WRMNhceW\">Diversitat ling\u00fc\u00edstica Presencial 240206<\/a><\/p>\n<p><strong><a href=\"https:\/\/drive.google.com\/drive\/folders\/1GRaNCqtjtEMl-R2ujwccBis_WRMNhceW\">CURS 23-24<\/a><a href=\"https:\/\/drive.google.com\/drive\/folders\/1GRaNCqtjtEMl-R2ujwccBis_WRMNhceW\"> Sessi\u00f3 3<\/a><\/strong> <a href=\"https:\/\/drive.google.com\/drive\/folders\/1GRaNCqtjtEMl-R2ujwccBis_WRMNhceW\">Intercanvi d&#8217;experi\u00e8ncies Presencial 240528<\/a><\/p>\n<p><a href=\"https:\/\/drive.google.com\/drive\/folders\/1GRaNCqtjtEMl-R2ujwccBis_WRMNhceW\"><strong>CURS 23-24<\/strong><\/a><a href=\"https:\/\/drive.google.com\/drive\/folders\/1yH3ukOcPjtH6hBc6T0za-5IAPoPxAoXO?usp=sharing\"> Materials<\/a><\/p>\n","protected":false},"excerpt":{"rendered":"<p>CURS 2025-2026 CURS 25-26 Sessi\u00f3 1\u00a0Funcions CLIC, recordatoris, lectura i oralitat Presencial 251028 CURS 25-26 Sessi\u00f3 2 Presencial 251125 Oralitat-M\u00fasica-Lectura-Escriptura Pere i el llop (Serguei Prok\u00f3viev) Pr\u00e0ctiques de refer\u00e8ncia Altres temes CLIC R\u00e0dio: entrevista i narraci\u00f3 CURS 25-26 Sessi\u00f3 4 (la 3 va ser la xerrada de la Najat El Hachmi) Presencial 260224 COMPARTIM CURS [&hellip;]<\/p>\n","protected":false},"author":5,"featured_media":0,"parent":0,"menu_order":0,"comment_status":"closed","ping_status":"closed","template":"","meta":{"_bbp_topic_count":0,"_bbp_reply_count":0,"_bbp_total_topic_count":0,"_bbp_total_reply_count":0,"_bbp_voice_count":0,"_bbp_anonymous_reply_count":0,"_bbp_topic_count_hidden":0,"_bbp_reply_count_hidden":0,"_bbp_forum_subforum_count":0,"site-sidebar-layout":"default","site-content-layout":"","ast-site-content-layout":"default","site-content-style":"default","site-sidebar-style":"default","ast-global-header-display":"","ast-banner-title-visibility":"","ast-main-header-display":"","ast-hfb-above-header-display":"","ast-hfb-below-header-display":"","ast-hfb-mobile-header-display":"","site-post-title":"","ast-breadcrumbs-content":"","ast-featured-img":"","footer-sml-layout":"","theme-transparent-header-meta":"default","adv-header-id-meta":"","stick-header-meta":"","header-above-stick-meta":"","header-main-stick-meta":"","header-below-stick-meta":"","astra-migrate-meta-layouts":"set","ast-page-background-enabled":"default","ast-page-background-meta":{"desktop":{"background-color":"var(--ast-global-color-4)","background-image":"","background-repeat":"repeat","background-position":"center center","background-size":"auto","background-attachment":"scroll","background-type":"","background-media":"","overlay-type":"","overlay-color":"","overlay-opacity":"","overlay-gradient":""},"tablet":{"background-color":"","background-image":"","background-repeat":"repeat","background-position":"center center","background-size":"auto","background-attachment":"scroll","background-type":"","background-media":"","overlay-type":"","overlay-color":"","overlay-opacity":"","overlay-gradient":""},"mobile":{"background-color":"","background-image":"","background-repeat":"repeat","background-position":"center center","background-size":"auto","background-attachment":"scroll","background-type":"","background-media":"","overlay-type":"","overlay-color":"","overlay-opacity":"","overlay-gradient":""}},"ast-content-background-meta":{"desktop":{"background-color":"var(--ast-global-color-5)","background-image":"","background-repeat":"repeat","background-position":"center center","background-size":"auto","background-attachment":"scroll","background-type":"","background-media":"","overlay-type":"","overlay-color":"","overlay-opacity":"","overlay-gradient":""},"tablet":{"background-color":"var(--ast-global-color-5)","background-image":"","background-repeat":"repeat","background-position":"center center","background-size":"auto","background-attachment":"scroll","background-type":"","background-media":"","overlay-type":"","overlay-color":"","overlay-opacity":"","overlay-gradient":""},"mobile":{"background-color":"var(--ast-global-color-5)","background-image":"","background-repeat":"repeat","background-position":"center center","background-size":"auto","background-attachment":"scroll","background-type":"","background-media":"","overlay-type":"","overlay-color":"","overlay-opacity":"","overlay-gradient":""}},"footnotes":""},"class_list":["post-12202","page","type-page","status-publish","hentry"],"post_mailing_queue_ids":[],"_links":{"self":[{"href":"https:\/\/serveiseducatius.xtec.cat\/vallesoccidental7\/wp-json\/wp\/v2\/pages\/12202","targetHints":{"allow":["GET"]}}],"collection":[{"href":"https:\/\/serveiseducatius.xtec.cat\/vallesoccidental7\/wp-json\/wp\/v2\/pages"}],"about":[{"href":"https:\/\/serveiseducatius.xtec.cat\/vallesoccidental7\/wp-json\/wp\/v2\/types\/page"}],"author":[{"embeddable":true,"href":"https:\/\/serveiseducatius.xtec.cat\/vallesoccidental7\/wp-json\/wp\/v2\/users\/5"}],"replies":[{"embeddable":true,"href":"https:\/\/serveiseducatius.xtec.cat\/vallesoccidental7\/wp-json\/wp\/v2\/comments?post=12202"}],"version-history":[{"count":5,"href":"https:\/\/serveiseducatius.xtec.cat\/vallesoccidental7\/wp-json\/wp\/v2\/pages\/12202\/revisions"}],"predecessor-version":[{"id":13905,"href":"https:\/\/serveiseducatius.xtec.cat\/vallesoccidental7\/wp-json\/wp\/v2\/pages\/12202\/revisions\/13905"}],"wp:attachment":[{"href":"https:\/\/serveiseducatius.xtec.cat\/vallesoccidental7\/wp-json\/wp\/v2\/media?parent=12202"}],"curies":[{"name":"wp","href":"https:\/\/api.w.org\/{rel}","templated":true}]}}