{"id":12161,"date":"2023-09-26T13:23:25","date_gmt":"2023-09-26T11:23:25","guid":{"rendered":"https:\/\/serveiseducatius.xtec.cat\/vallesoccidental7\/?page_id=12161"},"modified":"2026-03-16T17:01:28","modified_gmt":"2026-03-16T16:01:28","slug":"seminari-de-biblioteca","status":"publish","type":"page","link":"https:\/\/serveiseducatius.xtec.cat\/vallesoccidental7\/seminari-de-biblioteca\/","title":{"rendered":"Seminari de Biblioteca"},"content":{"rendered":"<h3>25-26 Seminari, la biblioteca el cor de l&#8217;escola<\/h3>\n<p>Es faran 6 sessions, els dilluns de 12:40h a 14:00h, habitualment al Servei Educatiu de Badia del Vall\u00e8s<\/p>\n<table style=\"width: 63.1618%; border-collapse: collapse; border-style: solid; border-color: #000000; height: 439px;\">\n<tbody>\n<tr style=\"border-style: solid; border-color: #000000;\">\n<td style=\"width: 12.5712%; border-style: solid; border-color: #000000; height: 23px;\"><strong>SESSI\u00d3 1:\u00a0<\/strong><\/td>\n<td style=\"width: 49.5167%; border-style: solid; border-color: #000000; height: 23px;\">6\/10\u00a0 \u00a0 <a href=\"https:\/\/drive.google.com\/file\/d\/1LXHwomhdQF2GWnqEoushzbyNTksS1WLE\/view?usp=drive_link\">ACTA<\/a><\/td>\n<\/tr>\n<tr style=\"border-style: solid; border-color: #000000;\">\n<td style=\"width: 12.5712%; border-style: solid; border-color: #000000; height: 324px;\"><strong>SESSI\u00d3 2:\u00a0<\/strong><\/td>\n<td style=\"width: 49.5167%; border-style: solid; border-color: #000000; height: 324px;\">17\/11\u00a0 Confer\u00e8ncia &#8220;Repensem els espais de la biblioteca&#8221;, Anna Bedoya<\/p>\n<div style=\"width: 100%;\">\n<div style=\"position: relative; padding-bottom: 56.25%; padding-top: 0; height: 0;\"><iframe loading=\"lazy\" style=\"position: absolute; top: 0; left: 0; width: 100%; height: 100%;\" title=\"Anna Bedoya\" src=\"https:\/\/view.genially.com\/68cabf1e3dcf2f00bd9f7ba4\" width=\"1200\" height=\"675\" frameborder=\"0\" scrolling=\"yes\" allowfullscreen=\"allowfullscreen\" data-mce-fragment=\"1\"><\/iframe><\/div>\n<\/div>\n<\/td>\n<\/tr>\n<tr style=\"border-style: solid; border-color: #000000;\">\n<td style=\"width: 12.5712%; border-style: solid; border-color: #000000; height: 23px;\"><strong>SESSI\u00d3 3:\u00a0<\/strong><\/td>\n<td style=\"width: 49.5167%; border-style: solid; border-color: #000000; height: 23px;\"><span style=\"font-weight: 400;\">09\/02\u00a0 \u00a0 <a href=\"https:\/\/docs.google.com\/presentation\/d\/1AnrLT3lBklS7LVhTUIyaaZE060jEyZ0SS4kbYHMELCQ\/edit?usp=sharing\">PRESENTACI\u00d3<\/a>\u00a0 <a href=\"https:\/\/drive.google.com\/file\/d\/1Rti5-iMwENBi1QytB6xvcq4ARksSiDoG\/view?usp=sharing\">ACTA<\/a><\/span><\/td>\n<\/tr>\n<tr style=\"border-style: solid; border-color: #000000;\">\n<td style=\"width: 12.5712%; border-style: solid; border-color: #000000; height: 23px;\"><strong>SESSI\u00d3 4:\u00a0<\/strong><\/td>\n<td style=\"width: 49.5167%; border-style: solid; border-color: #000000; height: 23px;\"><span style=\"font-size: 16px; font-style: normal; font-weight: 400;\">16\/03\u00a0 \u00a0<a href=\"https:\/\/docs.google.com\/presentation\/d\/1W4ZRANEyNjOyCB5pxHBr7WHqAlwiRxto7hZqxmVud2I\/edit?usp=sharing\">PRESENTACI\u00d3<\/a>\u00a0 \u00a0 <a href=\"https:\/\/drive.google.com\/file\/d\/1aKJFIiaCviTBsxF_cs717nVZ1jqt7X5a\/view?usp=sharing\">ACTA<\/a><\/span><\/td>\n<\/tr>\n<tr style=\"border-style: solid; border-color: #000000;\">\n<td style=\"width: 12.5712%; border-style: solid; border-color: #000000; height: 23px;\"><strong>SESSI\u00d3 5:\u00a0<\/strong><\/td>\n<td style=\"width: 49.5167%; border-style: solid; border-color: #000000; height: 23px;\"><span style=\"font-size: 16px; font-style: normal; font-weight: 400;\">27\/04\u00a0 \u00a0ACTA<\/span><\/td>\n<\/tr>\n<tr style=\"border-style: solid; border-color: #000000;\">\n<td style=\"width: 12.5712%; border-style: solid; border-color: #000000; height: 23px;\"><strong>SESSI\u00d3 6:\u00a0<\/strong><\/td>\n<td style=\"width: 49.5167%; border-style: solid; border-color: #000000; height: 23px;\"><span style=\"font-size: 16px; font-style: normal; font-weight: 400;\">18\/05\u00a0 \u00a0ACTA<\/span><\/td>\n<\/tr>\n<\/tbody>\n<\/table>\n<h3><\/h3>\n<h3>24-25 Seminari, la biblioteca el cor de l&#8217;escola<\/h3>\n<p>Es faran 6 sessions, els dilluns de 12:40h a 14:00h, habitualment al Servei Educatiu de Badia del Vall\u00e8s<\/p>\n<table style=\"border-collapse: collapse; width: 63.1618%;\">\n<tbody>\n<tr>\n<td style=\"width: 23.9666%;\"><strong>SESSI\u00d3 1:\u00a0<\/strong><\/td>\n<td style=\"width: 38.1213%;\">14\/10\u00a0 <a href=\"https:\/\/drive.google.com\/file\/d\/1eEf1zXdU-qYzXcXGdpc6GQorxpbQdHXf\/view?usp=drive_link\" target=\"_blank\" rel=\"noopener\">ACTA<\/a><\/td>\n<\/tr>\n<tr>\n<td style=\"width: 23.9666%;\"><strong>SESSI\u00d3 2:\u00a0<\/strong><\/td>\n<td style=\"width: 38.1213%;\">18\/11\u00a0<a href=\"https:\/\/drive.google.com\/file\/d\/1IaBvhh9h-DvES46wcGWmsv3j0gxyIKZO\/view?usp=drive_link\"> ACTA<\/a><\/td>\n<\/tr>\n<tr>\n<td style=\"width: 23.9666%;\"><strong>SESSI\u00d3 3: a l&#8217;escola Pablo Picasso<\/strong><\/td>\n<td style=\"width: 38.1213%;\">20\/01\u00a0 <a href=\"https:\/\/drive.google.com\/file\/d\/1_zq4WZ4dYzVEsYB6a_gCf9rAsMuubK16\/view?usp=drive_link\">ACTA<\/a><\/td>\n<\/tr>\n<tr>\n<td style=\"width: 23.9666%;\"><strong>SESSI\u00d3 4:\u00a0<\/strong><\/td>\n<td style=\"width: 38.1213%;\">24\/02\u00a0 <a href=\"https:\/\/drive.google.com\/file\/d\/1jCTT0_8f51io4uo-vwEBYkF4qkzeQPbq\/view?usp=sharing\">PRESENTACI\u00d3 NOVETATS EDITORIALS LLIBRE INFANTIL<\/a><\/td>\n<\/tr>\n<tr>\n<td style=\"width: 23.9666%;\"><strong>SESSI\u00d3 5:\u00a0<\/strong><\/td>\n<td style=\"width: 38.1213%;\">17\/03 <a href=\"https:\/\/drive.google.com\/file\/d\/1em7S75U8vcPuIeU1zVuWHdJ-3lW4cnRy\/view?usp=drive_link\">Sessi\u00f3 sobre Clubs de lectura<\/a><\/td>\n<\/tr>\n<tr>\n<td style=\"width: 23.9666%;\"><strong>SESSI\u00d3 6:\u00a0<\/strong><\/td>\n<td style=\"width: 38.1213%;\">19\/05<\/td>\n<\/tr>\n<\/tbody>\n<\/table>\n<p><iframe loading=\"lazy\" src=\"https:\/\/drive.google.com\/file\/d\/1jCTT0_8f51io4uo-vwEBYkF4qkzeQPbq\/preview\" width=\"640\" height=\"480\"><\/iframe><\/p>\n<p><iframe loading=\"lazy\" src=\"https:\/\/drive.google.com\/file\/d\/1EI3xAklngEjjbqRuD13qH-1oF527f-Uu\/preview\" width=\"640\" height=\"480\"><\/iframe><\/p>\n<h3>23-24 Seminari, la biblioteca el cor de l&#8217;escola<\/h3>\n<p>Es faran 6 sessions, els dilluns de 12:40h a 14:00h<\/p>\n<table style=\"border-collapse: collapse; width: 56.015%;\">\n<tbody>\n<tr>\n<td style=\"width: 33.6466%;\">SESSI\u00d3 1. <a href=\"https:\/\/docs.google.com\/document\/d\/1AlA2fkJ16-V6YXMK8nBlDILxP_gm9T-629ekJhGcWFQ\/edit\">Acta<\/a> i <a href=\"https:\/\/drive.google.com\/file\/d\/1GFj3jQdYwUoXuU_aP7b33S7b5bnEKO9c\/view?usp=drive_link\" target=\"_blank\" rel=\"noopener\">Presentaci\u00f3<\/a><\/td>\n<td style=\"width: 22.3684%;\">9\/10<\/td>\n<\/tr>\n<tr>\n<td style=\"width: 33.6466%;\">SESSI\u00d3 2.\u00a0 <a href=\"https:\/\/docs.google.com\/document\/d\/1QemnjUiZNq_Kd-fa5QXYK_EaBiwrLy3eCMpVme-7J4s\/edit#heading=h.2idjyqw062wn\">Acta<\/a><\/td>\n<td style=\"width: 22.3684%;\"><span style=\"background-color: #ffffff;\">20\/11<\/span><\/td>\n<\/tr>\n<tr>\n<td style=\"width: 33.6466%;\">SESSI\u00d3 3.\u00a0 <a href=\"https:\/\/docs.google.com\/document\/d\/10-SSQtv_mhpFkDY9JyF2tzwNc5MV90wMcj80jcfW70Y\/edit\">Acta<\/a><\/td>\n<td style=\"width: 22.3684%;\">22\/01<\/td>\n<\/tr>\n<tr>\n<td style=\"width: 33.6466%;\">SESSI\u00d3 4.\u00a0 <a href=\"https:\/\/drive.google.com\/file\/d\/1Q_eMD-nX3Xadiydul1qEREduqrXe2fuG\/view?usp=drive_link\">Acta<\/a><\/td>\n<td style=\"width: 22.3684%;\"><span style=\"background-color: #ffffff;\">04\/03<\/span><\/td>\n<\/tr>\n<tr>\n<td style=\"width: 33.6466%;\">SESSI\u00d3 5.\u00a0 Presentaci\u00f3 novetats bibliogr\u00e0fiques<\/td>\n<td style=\"width: 22.3684%;\"><del><span style=\"background-color: #f9f9f9;\">8\/04\u00a0<\/span><\/del><span style=\"background-color: #f9f9f9;\">\u00a0 6\/05<\/span><\/td>\n<\/tr>\n<tr>\n<td style=\"width: 33.6466%;\">SESSI\u00d3 6.\u00a0 Acta, <a href=\"https:\/\/drive.google.com\/drive\/folders\/1KQ4YIHr7ezUF15pZDjTVZ7Se6z1wN5uf?usp=sharing\">Llegim en parella<\/a>, <a href=\"https:\/\/drive.google.com\/drive\/folders\/1hXQyTSHFEOLKgvTQ-Y_5TP6nPNDsOhMv?usp=sharing\">lectura en veu alta<\/a>, <a href=\"https:\/\/drive.google.com\/drive\/folders\/1vksY9XZYCDwjZtyxyJaL8Hk2tChsmgEZ?usp=sharing\">estrat\u00e8gies lectores<\/a> i <a href=\"https:\/\/docs.google.com\/document\/d\/1-ZqCPmMvQ17tCIc9uQFsyFwfvwmfy6do3x6zc8JyQ54\/edit?usp=sharing\">Tirallonga de monos\u00edl\u00b7labs<\/a><\/td>\n<td style=\"width: 22.3684%;\"><span style=\"font-weight: 400;\">27\/05<\/span><\/td>\n<\/tr>\n<\/tbody>\n<\/table>\n<h3>22-23 Seminari, la biblioteca el cor de l&#8217;escola<\/h3>\n<table style=\"border-collapse: collapse; width: 76.3158%; height: 177px;\">\n<tbody>\n<tr style=\"height: 17px;\">\n<td style=\"width: 50.2807%; height: 17px;\">SESSI\u00d3 1\u00a0 \u00a0<a href=\"https:\/\/docs.google.com\/document\/d\/14J6N-rdBfk-AFF2DrspvMvH1ZaCltNRThS8wMHocyds\/edit\" target=\"_blank\" rel=\"noopener\">ACTA<\/a><\/td>\n<td style=\"width: 26.0351%; height: 17px;\">10\/10\/2022<\/td>\n<\/tr>\n<tr style=\"height: 32px;\">\n<td style=\"width: 50.2807%; height: 32px;\">SESSI\u00d3 2\u00a0 \u00a0<a href=\"https:\/\/docs.google.com\/document\/d\/1syo0z3afmc8UXnAHwx28fwfaemLSnSsUKOdTvYBuJM8\/edit\">ACTA I PRESENTACI\u00d3<\/a><\/td>\n<td style=\"width: 26.0351%; height: 32px;\">14\/11\/2022<\/td>\n<\/tr>\n<tr style=\"height: 32px;\">\n<td style=\"width: 50.2807%; height: 32px;\">SESSI\u00d3 3 \u00a0\u00a0<a href=\"https:\/\/docs.google.com\/document\/d\/18FO2xB33DGM_VV12ZE1w_PgydwMCeT1OoeLBsG3OPG0\/edit#\">ACTA I PRESENTACI\u00d3<\/a><\/td>\n<td style=\"width: 26.0351%; height: 32px;\">16\/01\/2023<\/td>\n<\/tr>\n<tr style=\"height: 32px;\">\n<td style=\"width: 50.2807%; height: 32px;\">SESSI\u00d3 4 \u00a0\u00a0<a href=\"https:\/\/docs.google.com\/document\/d\/1lXeceAtKBBIw1RgdGoZsJQl6KTtElFR-HFRN0BOez1w\/edit#\">ACTA<\/a><\/td>\n<td style=\"width: 26.0351%; height: 32px;\">13\/02\/2023<\/td>\n<\/tr>\n<tr style=\"height: 32px;\">\n<td style=\"width: 50.2807%; height: 32px;\">SESSI\u00d3 5\u00a0 \u00a0<a href=\"https:\/\/docs.google.com\/document\/d\/1hNNla3XUXmOlr1UnAAyr-cOUI00cKQfbAcFm-C0mM98\/edit#\">ACTA I PRESENTACI\u00d3<\/a><\/td>\n<td style=\"width: 26.0351%; height: 32px;\">13\/03\/2023<\/td>\n<\/tr>\n<tr style=\"height: 32px;\">\n<td style=\"width: 50.2807%; height: 32px;\">SESSI\u00d3 6\u00a0 \u00a0<a href=\"https:\/\/docs.google.com\/document\/d\/1IiGqrLksmhcZzDo-W6SWOmwiKsY3u3lq6QtWb_Tk-6M\/edit?usp=share_link\">ACTA<\/a><\/td>\n<td style=\"width: 26.0351%; height: 32px;\">08\/05\/2023<\/td>\n<\/tr>\n<\/tbody>\n<\/table>\n<h3>21-22 Seminari, la biblioteca el cor de l&#8217;escola<\/h3>\n<div>Es faran 4 sessions els\u00a0dilluns\u00a0de 12:45\u202fh\u00a014\u202fh.<\/div>\n<div>\n<div dir=\"ltr\" align=\"left\">\n<table style=\"width: 116.374%; height: 223px;\">\n<colgroup>\n<col width=\"386\" \/>\n<col width=\"94\" \/>\n<col width=\"80\" \/>\n<col width=\"85\" \/>\n<col width=\"83\" \/><\/colgroup>\n<tbody>\n<tr style=\"height: 25px;\">\n<td style=\"width: 68.0545%; height: 25px;\">\n<p dir=\"ltr\"><a href=\"https:\/\/docs.google.com\/presentation\/d\/1UXre6a1vmQ4AkaUYdXhzkfc2ku4NYnqlldYmas5UE6k\/edit?usp=sharing\"><span class=\"il\">Seminari<\/span> La <span class=\"il\">biblioteca<\/span> , el cor de l\u00b4escola(proj de <span class=\"il\">biblioteca<\/span>) S1<\/a><\/p>\n<\/td>\n<td style=\"width: 17.977%; height: 25px;\">\n<p dir=\"ltr\">22\/11\/2021<\/p>\n<\/td>\n<\/tr>\n<tr style=\"height: 57px;\">\n<td style=\"width: 68.0545%; height: 57px;\">\n<p dir=\"ltr\"><a href=\"https:\/\/docs.google.com\/presentation\/d\/13O3SQvQUv0nZ2Hbl8kMbN2RS2yyzyaBwMmQ_DIy4egA\/edit#slide=id.p\"><span class=\"il\">Seminari<\/span> La <span class=\"il\">biblioteca<\/span> , el cor de l\u00b4escola(proj de <span class=\"il\">biblioteca<\/span>) S2<\/a><\/p>\n<\/td>\n<td style=\"width: 17.977%; height: 57px;\">\n<p dir=\"ltr\">24\/01\/2022<\/p>\n<\/td>\n<\/tr>\n<tr style=\"height: 57px;\">\n<td style=\"width: 68.0545%; height: 57px;\">\n<p dir=\"ltr\"><span class=\"il\">Seminari<\/span> La <span class=\"il\">biblioteca<\/span> , el cor de l\u00b4escola(proj de <span class=\"il\">biblioteca<\/span>) S3<\/p>\n<\/td>\n<td style=\"width: 17.977%; height: 57px;\">\n<p dir=\"ltr\">21\/02\/2022<\/p>\n<\/td>\n<\/tr>\n<tr style=\"height: 57px;\">\n<td style=\"width: 68.0545%; height: 57px;\">\n<p dir=\"ltr\"><span class=\"il\">Seminari<\/span> La <span class=\"il\">biblioteca<\/span> , el cor de l\u00b4escola(proj de <span class=\"il\">biblioteca<\/span>) S4<\/p>\n<\/td>\n<td style=\"width: 17.977%; height: 57px;\">\n<p dir=\"ltr\">28\/03\/2022<\/p>\n<\/td>\n<\/tr>\n<\/tbody>\n<\/table>\n<\/div>\n<\/div>\n<p style=\"text-align: justify;\">En la primera sessi\u00f3, mostrarem una activitat de\u00a0<span class=\"il\">biblioteca<\/span> a c\u00e0rrec del Servei Educatiu i compartirem els materials amb les persones assistents.\u00a0 A partir d&#8217;aqu\u00ed aquestes presentaran una de les activitats que treballen a la seva\u00a0<span class=\"il\">biblioteca<\/span>\u00a0escolar i que\u00a0\u00a0pugui ser transferida als altres centres.<\/p>\n<p style=\"text-align: justify;\">A m\u00e9s a m\u00e9s,\u00a0farem una sessi\u00f3 en\u00a0col\u00b7laboraci\u00f3\u00a0amb la\u00a0<span class=\"il\">biblioteca<\/span>\u00a0Vicente\u00a0<wbr \/>Aleixandre (amb\u00a0Rub\u00e9n\u00a0Senserrich).<\/p>\n<p style=\"text-align: justify;\">Us\u00a0agrairem que en\u00a0feu difusi\u00f3 als mestres interessats i interessades. Que es posin en contacte amb nosaltres per correu\u00a0<a href=\"mailto:a8930041@xtec.cat\" target=\"_blank\" rel=\"noopener\">a8930041@xtec.cat<\/a>, el m\u00e9s aviat\u00a0possible\u00a0per poder iniciar el\u00a0<span class=\"il\">seminari<\/span>.<\/p>\n<h3><strong>Seminari de coordinaci\u00f3 <em>&#8220;La Biblioteca, el cor de l&#8217;escola&#8221;<\/em><\/strong><em>\u00a0<\/em><\/h3>\n<p><strong>Actes\/Documentaci\u00f3<\/strong><\/p>\n<p>Cursos anteriors<\/p>\n<ul>\n<li>Curs 2020\/21: <a href=\"https:\/\/docs.google.com\/document\/d\/1PIgKLIgy8nnvpK1OAPEwhy7TgnVYOsD_4-SkbonP86Q\/edit?usp=sharing\">Sessi\u00f3 1 (30\/11\/2020),<\/a>\u00a0<a href=\"https:\/\/docs.google.com\/document\/d\/1GV-AqXIAFZ61FYrOrBtZduLSaL_HaSvYN_GS33Fr1L4\/edit?usp=sharing\">Sessi\u00f3 2 (11\/01\/2021)<\/a>,\u00a0<a href=\"https:\/\/docs.google.com\/document\/d\/1b4k_yhRZ_2wUphk5FCvmOO2lKYX5PX585I5n3C7haGI\/edit?usp=sharing\">Sessi\u00f3 3 (1\/2\/2021)<\/a>,\u00a0<a href=\"https:\/\/docs.google.com\/document\/d\/1xDaJeG6SIg0D0IKaa8YXS54Hb_P6Q7_e1ySiG5b7agc\/edit?usp=sharing\">Sessi\u00f3 4 (1\/3\/2020)<\/a>,\u00a0<a href=\"https:\/\/docs.google.com\/document\/d\/13HOhh-uGIIcRnv11pxmfEMqKIy4LfpJE_16lkm6qPnA\/edit?usp=sharing\">sessi\u00f3 5 (12\/4\/2021),<\/a>\u00a0Sessi\u00f3 6 (assist\u00e8ncia a acte telem\u00e0tic).<\/li>\n<li>Curs 2019\/2020: <a href=\"https:\/\/docs.google.com\/document\/d\/1CXHGy4eiSlHUNM3odaCe431JpBDa-EZl-0RCXGhiimY\/edit?usp=sharing\">Sessi\u00f3 1 (07\/11\/19)<\/a>, <a href=\"https:\/\/docs.google.com\/document\/d\/1B8VnV9FHimiOq91Uo3qf71Znsz431Dk_QetpHzJAnP4\/edit?usp=sharing\">Sessi\u00f3 2 (16\/01\/20),<\/a> <a href=\"https:\/\/docs.google.com\/document\/d\/1PnLRVTPkPwKEDcfASKtIMy0WeOZiMDaRSUXHMKXGh_c\/edit?usp=sharing\">Sessi\u00f3 3 (06\/02\/2020)<\/a>, Sessi\u00f3 4 (12\/03\/2020), Sessi\u00f3 5 (16\/04\/20), Sessi\u00f3 6 (07\/05\/2020),<\/li>\n<li><a href=\"https:\/\/drive.google.com\/file\/d\/0B1sgwZUJUjQZM0w5VE9IMjREOFBtU3dBSnZZalVMVm84a200\/view?usp=sharing\">Contes compartits<\/a>, <a href=\"https:\/\/drive.google.com\/file\/d\/0B1sgwZUJUjQZUkdUbDJjVWEzaXl2UVA5QmpKQVkzMExGRzBj\/view?usp=sharing\">Contes populars<\/a>, <a href=\"https:\/\/drive.google.com\/file\/d\/0B1sgwZUJUjQZVFJyWUloMzcxeTVjZUlsS0RIVWZ5OUtIaVBB\/view?usp=sharing\">Regalem poemes<\/a>, <a href=\"https:\/\/drive.google.com\/file\/d\/0ByJwd5pxwRS6UzRPYTRwSThKMUNKeFp2MnkwZXloV3Z0ZG5V\/view\">Poemes en un pot<\/a><\/li>\n<li>Curs 2018\/2019: <a href=\"https:\/\/docs.google.com\/document\/d\/1Iyu__h5bx6QP2XP_oqwdZW3bdkOsUYAYoXqNt8n6e3c\/edit?usp=sharing\" target=\"_blank\" rel=\"noopener noreferrer\">Sessi\u00f3 1<\/a> (10\/01\/19),\u00a0<a href=\"https:\/\/docs.google.com\/document\/d\/1WP-RYos2WywzCFL4ipFbqGaAYBJFKEJVCMTZDBCEJtA\/edit?usp=sharing\">Sessi\u00f3 2<\/a> (24\/01\/19), <a href=\"https:\/\/docs.google.com\/document\/d\/1Lu5cCP1r0dWW7N1Jwf138GDymTBTGKvQIJ6Sdbg41Aw\/edit?usp=sharing\">Sessi\u00f3 3 <\/a>(21\/02\/19),\u00a0<a href=\"https:\/\/drive.google.com\/drive\/folders\/12U2fOgp-s7__CXYvDd2HInFeURn9jwoZ?usp=sharing\">Sessi\u00f3 4<\/a> (21\/03\/19),\u00a0<a href=\"https:\/\/drive.google.com\/drive\/folders\/1jLO5qss5tK_p12scSCsa-GADxIvItmvJ?usp=sharing\">Sessi\u00f3 5<\/a> (2\/05\/19)<\/li>\n<li><em>Curs 2017\/2018:\u00a0<a href=\"https:\/\/drive.google.com\/open?id=1ys-2iyiUeB8aqbikc9MrakxDmVVM6UNIovzQ_Bcr11A\" target=\"_blank\" rel=\"noopener noreferrer\">Sessi\u00f3 1<\/a>\u00a0(9\/11\/17),\u00a0<a href=\"https:\/\/docs.google.com\/document\/d\/1H74FNbendwhHhAIeOQjJkqL95wXumCtYoDSW99pNQdE\/edit?usp=sharing\" target=\"_blank\" rel=\"noopener noreferrer\">Sessi\u00f3 2<\/a>\u00a0(25\/01\/18),\u00a0<a href=\"https:\/\/docs.google.com\/document\/d\/15rBDtIlap-wmv34jKZzlLI-ofijnwvAqO5hWRt52vaU\/edit?usp=sharing\" target=\"_blank\" rel=\"noopener noreferrer\">Sessi\u00f3 3<\/a> (5\/04\/18),\u00a0<a href=\"https:\/\/docs.google.com\/document\/d\/1Z5zly1sAabdgm8Sn-C_we-wzZct_0o70J4RllkyubEQ\/edit?usp=sharing\" target=\"_blank\" rel=\"noopener noreferrer\">Sessi\u00f3 4<\/a> (10\/05\/18),\u00a0<a href=\"https:\/\/docs.google.com\/document\/d\/1Z6Jx1EO5F7ZH98rilBMmNA3qM1axAkg3l4se8tiQRRY\/edit?usp=sharing\" target=\"_blank\" rel=\"noopener noreferrer\">Sessi\u00f3 5<\/a> (24\/05\/18)<\/em><\/li>\n<li><em>Curs 2016\/2017:\u00a0<a href=\"https:\/\/drive.google.com\/open?id=1bEAQECC4o-4oOj9hPptHCgvId8D984RkUsnRZarM4QU\" target=\"_blank\" rel=\"noopener noreferrer\">Sessi\u00f3 1<\/a>, <a href=\"https:\/\/drive.google.com\/open?id=1rKLm2ylsXXXerIJdnEfbDloeHOx20czfN-QSvl3WrEM\" target=\"_blank\" rel=\"noopener noreferrer\">Sessi\u00f3 2<\/a>, <a href=\"https:\/\/drive.google.com\/open?id=1IEDmAK3CzUQ-T_klCjqS2P8UdFlY1nBbod-nxrfRv9Q\" target=\"_blank\" rel=\"noopener noreferrer\">Sessi\u00f3 3<\/a>, <a href=\"https:\/\/drive.google.com\/open?id=17yThGrs4tq58BG_zfWv6AeDuMLqOEfp1k91Dmg8m_pQ\" target=\"_blank\" rel=\"noopener noreferrer\">Sessi\u00f3 4<\/a>, <a href=\"https:\/\/drive.google.com\/open?id=17yThGrs4tq58BG_zfWv6AeDuMLqOEfp1k91Dmg8m_pQ\" target=\"_blank\" rel=\"noopener noreferrer\">Sessi\u00f3 5<\/a><\/em><\/li>\n<\/ul>\n","protected":false},"excerpt":{"rendered":"<p>25-26 Seminari, la biblioteca el cor de l&#8217;escola Es faran 6 sessions, els dilluns de 12:40h a 14:00h, habitualment al Servei Educatiu de Badia del Vall\u00e8s SESSI\u00d3 1:\u00a0 6\/10\u00a0 \u00a0 ACTA SESSI\u00d3 2:\u00a0 17\/11\u00a0 Confer\u00e8ncia &#8220;Repensem els espais de la biblioteca&#8221;, Anna Bedoya SESSI\u00d3 3:\u00a0 09\/02\u00a0 \u00a0 PRESENTACI\u00d3\u00a0 ACTA SESSI\u00d3 4:\u00a0 16\/03\u00a0 \u00a0PRESENTACI\u00d3\u00a0 \u00a0 ACTA [&hellip;]<\/p>\n","protected":false},"author":5,"featured_media":0,"parent":0,"menu_order":0,"comment_status":"closed","ping_status":"closed","template":"","meta":{"_bbp_topic_count":0,"_bbp_reply_count":0,"_bbp_total_topic_count":0,"_bbp_total_reply_count":0,"_bbp_voice_count":0,"_bbp_anonymous_reply_count":0,"_bbp_topic_count_hidden":0,"_bbp_reply_count_hidden":0,"_bbp_forum_subforum_count":0,"site-sidebar-layout":"default","site-content-layout":"","ast-site-content-layout":"default","site-content-style":"default","site-sidebar-style":"default","ast-global-header-display":"","ast-banner-title-visibility":"","ast-main-header-display":"","ast-hfb-above-header-display":"","ast-hfb-below-header-display":"","ast-hfb-mobile-header-display":"","site-post-title":"","ast-breadcrumbs-content":"","ast-featured-img":"","footer-sml-layout":"","theme-transparent-header-meta":"default","adv-header-id-meta":"","stick-header-meta":"","header-above-stick-meta":"","header-main-stick-meta":"","header-below-stick-meta":"","astra-migrate-meta-layouts":"set","ast-page-background-enabled":"default","ast-page-background-meta":{"desktop":{"background-color":"var(--ast-global-color-4)","background-image":"","background-repeat":"repeat","background-position":"center center","background-size":"auto","background-attachment":"scroll","background-type":"","background-media":"","overlay-type":"","overlay-color":"","overlay-opacity":"","overlay-gradient":""},"tablet":{"background-color":"","background-image":"","background-repeat":"repeat","background-position":"center center","background-size":"auto","background-attachment":"scroll","background-type":"","background-media":"","overlay-type":"","overlay-color":"","overlay-opacity":"","overlay-gradient":""},"mobile":{"background-color":"","background-image":"","background-repeat":"repeat","background-position":"center center","background-size":"auto","background-attachment":"scroll","background-type":"","background-media":"","overlay-type":"","overlay-color":"","overlay-opacity":"","overlay-gradient":""}},"ast-content-background-meta":{"desktop":{"background-color":"var(--ast-global-color-5)","background-image":"","background-repeat":"repeat","background-position":"center center","background-size":"auto","background-attachment":"scroll","background-type":"","background-media":"","overlay-type":"","overlay-color":"","overlay-opacity":"","overlay-gradient":""},"tablet":{"background-color":"var(--ast-global-color-5)","background-image":"","background-repeat":"repeat","background-position":"center center","background-size":"auto","background-attachment":"scroll","background-type":"","background-media":"","overlay-type":"","overlay-color":"","overlay-opacity":"","overlay-gradient":""},"mobile":{"background-color":"var(--ast-global-color-5)","background-image":"","background-repeat":"repeat","background-position":"center center","background-size":"auto","background-attachment":"scroll","background-type":"","background-media":"","overlay-type":"","overlay-color":"","overlay-opacity":"","overlay-gradient":""}},"footnotes":""},"class_list":["post-12161","page","type-page","status-publish","hentry"],"post_mailing_queue_ids":[],"_links":{"self":[{"href":"https:\/\/serveiseducatius.xtec.cat\/vallesoccidental7\/wp-json\/wp\/v2\/pages\/12161","targetHints":{"allow":["GET"]}}],"collection":[{"href":"https:\/\/serveiseducatius.xtec.cat\/vallesoccidental7\/wp-json\/wp\/v2\/pages"}],"about":[{"href":"https:\/\/serveiseducatius.xtec.cat\/vallesoccidental7\/wp-json\/wp\/v2\/types\/page"}],"author":[{"embeddable":true,"href":"https:\/\/serveiseducatius.xtec.cat\/vallesoccidental7\/wp-json\/wp\/v2\/users\/5"}],"replies":[{"embeddable":true,"href":"https:\/\/serveiseducatius.xtec.cat\/vallesoccidental7\/wp-json\/wp\/v2\/comments?post=12161"}],"version-history":[{"count":6,"href":"https:\/\/serveiseducatius.xtec.cat\/vallesoccidental7\/wp-json\/wp\/v2\/pages\/12161\/revisions"}],"predecessor-version":[{"id":13920,"href":"https:\/\/serveiseducatius.xtec.cat\/vallesoccidental7\/wp-json\/wp\/v2\/pages\/12161\/revisions\/13920"}],"wp:attachment":[{"href":"https:\/\/serveiseducatius.xtec.cat\/vallesoccidental7\/wp-json\/wp\/v2\/media?parent=12161"}],"curies":[{"name":"wp","href":"https:\/\/api.w.org\/{rel}","templated":true}]}}