{"id":11612,"date":"2022-06-17T11:56:12","date_gmt":"2022-06-17T09:56:12","guid":{"rendered":"https:\/\/serveiseducatius.xtec.cat\/vallesoccidental7\/?page_id=11612"},"modified":"2022-09-20T10:18:33","modified_gmt":"2022-09-20T08:18:33","slug":"seminari-orientadors-es","status":"publish","type":"page","link":"https:\/\/serveiseducatius.xtec.cat\/vallesoccidental7\/formacio\/seminari-orientadors-es\/","title":{"rendered":"Seminari orientadors\/es"},"content":{"rendered":"<h3>Curs 2021\/2022<\/h3>\n<table style=\"border-collapse: collapse; width: 99.7576%; height: 169px;\">\n<tbody>\n<tr style=\"height: 30px;\">\n<td style=\"width: 100%; height: 30px;\"><a href=\"https:\/\/drive.google.com\/file\/d\/1ZlIGl3O2tyucQU6RmLNSomRxHbFDbD95\/view?usp=sharing\">Sessi\u00f3 1 (20-10-21)<\/a><\/td>\n<\/tr>\n<tr style=\"height: 30px;\">\n<td style=\"width: 100%; height: 30px;\"><a href=\"https:\/\/drive.google.com\/file\/d\/1_DmdZYjaau4htMjE5AQFdwNqEDmjPSnO\/view?usp=sharing\">Sessi\u00f3 2 (24-11-21<span style=\"font-weight: 400;\">)<\/span><\/a><\/td>\n<\/tr>\n<tr style=\"height: 30px;\">\n<td style=\"width: 100%; height: 30px;\"><a href=\"https:\/\/drive.google.com\/file\/d\/179KpccOPjaNUwLZ8uuQVhunh5Lmn9Gfs\/view?usp=sharing\">Sessi\u00f3 3\u00a0 (26-01-22)<\/a><\/td>\n<\/tr>\n<tr style=\"height: 30px;\">\n<td style=\"width: 100%; height: 49px;\"><a href=\"https:\/\/drive.google.com\/file\/d\/1haPXmfn0EUbkJ9wLK19NLVFlKVeg_Egg\/view?usp=sharing\">Sessi\u00f3 4\u00a0 (09-03-22)<\/a><\/td>\n<\/tr>\n<tr style=\"height: 30px;\">\n<td style=\"width: 100%; height: 30px;\"><\/td>\n<\/tr>\n<\/tbody>\n<\/table>\n<h3>Curs 2020\/2021<\/h3>\n<p>Presentacions de les Sessions del Seminari:<\/p>\n<p><a href=\"https:\/\/drive.google.com\/file\/d\/1wULizYFo6TWKS8tDp0GDJXZ-ONzDKQhQ\/view?usp=sharing\">Sessi\u00f3 1. 06\/11\/2020<\/a><\/p>\n<p><a href=\"https:\/\/docs.google.com\/presentation\/d\/1f_RnPQjdVPb5ttfiQgJ2gZGXq_AjeeQ1rYh2T01K-9I\/edit?usp=sharing\">Sessi\u00f3 2. 19\/03\/2021<\/a><\/p>\n<p><a href=\"https:\/\/docs.google.com\/presentation\/d\/1dhAFYTe_0iIcl3DBWDMeMaCyYHQAVqkO2AxO4T2Hpz0\/edit?usp=sharing\">Sessi\u00f3 3. 16\/04\/2021<\/a><\/p>\n<p><span style=\"font-family: inherit; font-size: 1em;\">Documentaci\u00f3 i bibliografia:<\/span><\/p>\n<ul>\n<li style=\"font-weight: 400;\" aria-level=\"1\"><span style=\"font-weight: 400;\">S\u00c1NCHEZ-CANO, Manuel y Bonals, Joan (Coords.) (2005) <\/span><i><span style=\"font-weight: 400;\">La evaluaci\u00f3n psicopedag\u00f3gica.\u00a0<\/span><\/i><\/li>\n<\/ul>\n<p><span style=\"font-weight: 400;\">Barcelona: Gra\u00f3.<\/span><\/p>\n<ul>\n<li style=\"font-weight: 400;\" aria-level=\"1\"><a href=\"https:\/\/ateneu.xtec.cat\/wikiform\/wikiexport\/cursos\/escola_inclusiva\/avpp\/modul_1\/practica_1\"><span style=\"font-weight: 400;\">https:\/\/ateneu.xtec.cat\/wikiform\/wikiexport\/cursos\/escola_inclusiva\/avpp\/modul_1\/practica_1<\/span><\/a><\/li>\n<li style=\"font-weight: 400;\" aria-level=\"1\"><a href=\"https:\/\/docs.google.com\/presentation\/d\/1lSzK4AB2tRq3KDX_qrkR_MuMpQqnQaRIZyi614Dte9k\/edit#slide=id.p1\"><span style=\"font-weight: 400;\">M\u00faltiples estrat\u00e8gies d&#8217;ensenyar i aprendre<\/span><\/a><\/li>\n<li style=\"font-weight: 400;\" aria-level=\"1\"><a href=\"https:\/\/drive.google.com\/drive\/folders\/1zwt-iaGQymTxJhXfCnHhcOMWU3KTfzDl?usp=sharing\"><span style=\"font-weight: 400;\">Banc de recursos<\/span><\/a><\/li>\n<\/ul>\n","protected":false},"excerpt":{"rendered":"<p>Curs 2021\/2022 Sessi\u00f3 1 (20-10-21) Sessi\u00f3 2 (24-11-21) Sessi\u00f3 3\u00a0 (26-01-22) Sessi\u00f3 4\u00a0 (09-03-22) Curs 2020\/2021 Presentacions de les Sessions del Seminari: Sessi\u00f3 1. 06\/11\/2020 Sessi\u00f3 2. 19\/03\/2021 Sessi\u00f3 3. 16\/04\/2021 Documentaci\u00f3 i bibliografia: S\u00c1NCHEZ-CANO, Manuel y Bonals, Joan (Coords.) (2005) La evaluaci\u00f3n psicopedag\u00f3gica.\u00a0 Barcelona: Gra\u00f3. https:\/\/ateneu.xtec.cat\/wikiform\/wikiexport\/cursos\/escola_inclusiva\/avpp\/modul_1\/practica_1 M\u00faltiples estrat\u00e8gies d&#8217;ensenyar i aprendre Banc de recursos<\/p>\n","protected":false},"author":1,"featured_media":0,"parent":416,"menu_order":0,"comment_status":"closed","ping_status":"closed","template":"page-templates\/side-menu.php","meta":{"_bbp_topic_count":0,"_bbp_reply_count":0,"_bbp_total_topic_count":0,"_bbp_total_reply_count":0,"_bbp_voice_count":0,"_bbp_anonymous_reply_count":0,"_bbp_topic_count_hidden":0,"_bbp_reply_count_hidden":0,"_bbp_forum_subforum_count":0,"site-sidebar-layout":"default","site-content-layout":"","ast-site-content-layout":"","site-content-style":"default","site-sidebar-style":"default","ast-global-header-display":"","ast-banner-title-visibility":"","ast-main-header-display":"","ast-hfb-above-header-display":"","ast-hfb-below-header-display":"","ast-hfb-mobile-header-display":"","site-post-title":"","ast-breadcrumbs-content":"","ast-featured-img":"","footer-sml-layout":"","theme-transparent-header-meta":"","adv-header-id-meta":"","stick-header-meta":"","header-above-stick-meta":"","header-main-stick-meta":"","header-below-stick-meta":"","astra-migrate-meta-layouts":"default","ast-page-background-enabled":"default","ast-page-background-meta":{"desktop":{"background-color":"var(--ast-global-color-4)","background-image":"","background-repeat":"repeat","background-position":"center center","background-size":"auto","background-attachment":"scroll","background-type":"","background-media":"","overlay-type":"","overlay-color":"","overlay-opacity":"","overlay-gradient":""},"tablet":{"background-color":"","background-image":"","background-repeat":"repeat","background-position":"center center","background-size":"auto","background-attachment":"scroll","background-type":"","background-media":"","overlay-type":"","overlay-color":"","overlay-opacity":"","overlay-gradient":""},"mobile":{"background-color":"","background-image":"","background-repeat":"repeat","background-position":"center center","background-size":"auto","background-attachment":"scroll","background-type":"","background-media":"","overlay-type":"","overlay-color":"","overlay-opacity":"","overlay-gradient":""}},"ast-content-background-meta":{"desktop":{"background-color":"var(--ast-global-color-5)","background-image":"","background-repeat":"repeat","background-position":"center center","background-size":"auto","background-attachment":"scroll","background-type":"","background-media":"","overlay-type":"","overlay-color":"","overlay-opacity":"","overlay-gradient":""},"tablet":{"background-color":"var(--ast-global-color-5)","background-image":"","background-repeat":"repeat","background-position":"center center","background-size":"auto","background-attachment":"scroll","background-type":"","background-media":"","overlay-type":"","overlay-color":"","overlay-opacity":"","overlay-gradient":""},"mobile":{"background-color":"var(--ast-global-color-5)","background-image":"","background-repeat":"repeat","background-position":"center center","background-size":"auto","background-attachment":"scroll","background-type":"","background-media":"","overlay-type":"","overlay-color":"","overlay-opacity":"","overlay-gradient":""}},"footnotes":""},"class_list":["post-11612","page","type-page","status-publish","hentry"],"post_mailing_queue_ids":[],"_links":{"self":[{"href":"https:\/\/serveiseducatius.xtec.cat\/vallesoccidental7\/wp-json\/wp\/v2\/pages\/11612","targetHints":{"allow":["GET"]}}],"collection":[{"href":"https:\/\/serveiseducatius.xtec.cat\/vallesoccidental7\/wp-json\/wp\/v2\/pages"}],"about":[{"href":"https:\/\/serveiseducatius.xtec.cat\/vallesoccidental7\/wp-json\/wp\/v2\/types\/page"}],"author":[{"embeddable":true,"href":"https:\/\/serveiseducatius.xtec.cat\/vallesoccidental7\/wp-json\/wp\/v2\/users\/1"}],"replies":[{"embeddable":true,"href":"https:\/\/serveiseducatius.xtec.cat\/vallesoccidental7\/wp-json\/wp\/v2\/comments?post=11612"}],"version-history":[{"count":3,"href":"https:\/\/serveiseducatius.xtec.cat\/vallesoccidental7\/wp-json\/wp\/v2\/pages\/11612\/revisions"}],"predecessor-version":[{"id":11663,"href":"https:\/\/serveiseducatius.xtec.cat\/vallesoccidental7\/wp-json\/wp\/v2\/pages\/11612\/revisions\/11663"}],"up":[{"embeddable":true,"href":"https:\/\/serveiseducatius.xtec.cat\/vallesoccidental7\/wp-json\/wp\/v2\/pages\/416"}],"wp:attachment":[{"href":"https:\/\/serveiseducatius.xtec.cat\/vallesoccidental7\/wp-json\/wp\/v2\/media?parent=11612"}],"curies":[{"name":"wp","href":"https:\/\/api.w.org\/{rel}","templated":true}]}}