{"id":11291,"date":"2022-02-23T12:17:56","date_gmt":"2022-02-23T11:17:56","guid":{"rendered":"https:\/\/serveiseducatius.xtec.cat\/vallesoccidental7\/?page_id=11291"},"modified":"2025-07-15T13:22:18","modified_gmt":"2025-07-15T11:22:18","slug":"__trashed","status":"publish","type":"page","link":"https:\/\/serveiseducatius.xtec.cat\/vallesoccidental7\/__trashed\/","title":{"rendered":"Curr\u00edculum"},"content":{"rendered":"<h5>Trobareu els diferents decrets i orientacions a la p\u00e0gina <em>EL NOU CURR\u00cdCULUM, una oportunitat per aprendre amb sentit<\/em><\/h5>\n<p><a href=\"https:\/\/projectes.xtec.cat\/nou-curriculum\/\" target=\"_blank\" rel=\"noopener\"><img loading=\"lazy\" decoding=\"async\" class=\"alignnone wp-image-11871 size-large\" src=\"https:\/\/serveiseducatius.xtec.cat\/vallesoccidental7\/wp-content\/uploads\/usu1104\/2023\/02\/nou-curr-1024x84.jpg\" alt=\"\" width=\"1024\" height=\"84\" srcset=\"https:\/\/serveiseducatius.xtec.cat\/vallesoccidental7\/wp-content\/uploads\/usu1104\/2023\/02\/nou-curr-1024x84.jpg 1024w, https:\/\/serveiseducatius.xtec.cat\/vallesoccidental7\/wp-content\/uploads\/usu1104\/2023\/02\/nou-curr-300x25.jpg 300w, https:\/\/serveiseducatius.xtec.cat\/vallesoccidental7\/wp-content\/uploads\/usu1104\/2023\/02\/nou-curr-768x63.jpg 768w, https:\/\/serveiseducatius.xtec.cat\/vallesoccidental7\/wp-content\/uploads\/usu1104\/2023\/02\/nou-curr.jpg 1222w\" sizes=\"auto, (max-width: 1024px) 100vw, 1024px\" \/><\/a><\/p>\n<p>&nbsp;<\/p>\n<p>_______________________________________________________________________________________________________________________<\/p>\n<p>Podeu consultar tamb\u00e9 les confer\u00e8ncies que el professor Andy Morodo va fer el <a href=\"https:\/\/serveiseducatius.xtec.cat\/vallesoccidental7\/general\/el-nou-curriculum-per-on-comencem\/\">23 de gener de 2023<\/a>\u00a0 i el <a href=\"https:\/\/serveiseducatius.xtec.cat\/vallesoccidental7\/portada\/segona-conferencia-dandy-morodo-sobre-curriculum\/\">2 de mar\u00e7 de 2023<\/a> al nostre Servei Educatiu.<\/p>\n<p>____________________________________________________________________________________________<\/p>\n<p><a href=\"https:\/\/serveiseducatius.xtec.cat\/vallesoccidental7\/wp-content\/uploads\/usu1104\/2022\/04\/curriculum.png\"><img loading=\"lazy\" decoding=\"async\" class=\"wp-image-11430 alignleft\" src=\"https:\/\/serveiseducatius.xtec.cat\/vallesoccidental7\/wp-content\/uploads\/usu1104\/2022\/04\/curriculum.png\" alt=\"\" width=\"502\" height=\"364\" srcset=\"https:\/\/serveiseducatius.xtec.cat\/vallesoccidental7\/wp-content\/uploads\/usu1104\/2022\/04\/curriculum.png 767w, https:\/\/serveiseducatius.xtec.cat\/vallesoccidental7\/wp-content\/uploads\/usu1104\/2022\/04\/curriculum-300x217.png 300w\" sizes=\"auto, (max-width: 502px) 100vw, 502px\" \/><\/a><\/p>\n<p>&nbsp;<\/p>\n<p>&nbsp;<\/p>\n<p>&nbsp;<\/p>\n<p>El 6 d&#8217;abril de 2022 es van presentar els segons esborranys dels Curr\u00edculums de Prim\u00e0ria, Secund\u00e0ria i Batxillerat als equips directius del Vall\u00e8s Occidental.<\/p>\n<p>Trobareu aqu\u00ed la <a href=\"https:\/\/govern.cat\/govern\/docs\/2022\/03\/18\/14\/40\/3165dd28-2d65-4ae3-9097-d242aa7d730d.pdf\" target=\"_blank\" rel=\"noopener\" data-saferedirecturl=\"https:\/\/www.google.com\/url?q=https:\/\/govern.cat\/govern\/docs\/2022\/03\/18\/14\/40\/3165dd28-2d65-4ae3-9097-d242aa7d730d.pdf&amp;source=gmail&amp;ust=1649400184405000&amp;usg=AOvVaw3TDeV7vE0y1MdF-Lty1adb\">presentaci\u00f3 <\/a>\u00a0i la informaci\u00f3 m\u00e9s detallada <a href=\"https:\/\/educacio.gencat.cat\/ca\/inici\/nota-premsa\/?id=430973\" target=\"_blank\" rel=\"noopener\" data-saferedirecturl=\"https:\/\/www.google.com\/url?q=https:\/\/educacio.gencat.cat\/ca\/inici\/nota-premsa\/?id%3D430973&amp;source=gmail&amp;ust=1649400184405000&amp;usg=AOvVaw0hhoAeA6sAiQGOCd-SRFcn\">a la web del Departament.<\/a><\/p>\n<p>&nbsp;<\/p>\n<p>________________________________________________________________________________________________________________________________<\/p>\n<p>El febrer de 2022 s&#8217;han publicat els <strong>esborranys<\/strong> de Curr\u00edculum per Prim\u00e0ria i Secund\u00e0ria.<\/p>\n<p>En els enlla\u00e7os seg\u00fcents trobareu l&#8217;articulat del decret i el desenvolupament\u00a0curricular\u00a0de les \u00e0rees i mat\u00e8ries:<\/p>\n<ul style=\"font-weight: 400;\">\n<li><a href=\"https:\/\/eur03.safelinks.protection.outlook.com\/?url=https%3A%2F%2Fdocuments.espai.educacio.gencat.cat%2Fdocuments_publics%2FCentres%2F20220119_Articulat-Decret.pdf&amp;data=04%7C01%7Cjbiayna%40gencat.cat%7C597efec7c8904557742f08d9e63b1d27%7C3b9427dcd30e43bc8c06ff7253676fec%7C1%7C0%7C637793963830453033%7CUnknown%7CTWFpbGZsb3d8eyJWIjoiMC4wLjAwMDAiLCJQIjoiV2luMzIiLCJBTiI6Ik1haWwiLCJXVCI6Mn0%3D%7C3000&amp;sdata=1A6A0r8dBO%2B1dkwAlg%2BBkf14cLyDEh57l%2B5yJ3ykjn0%3D&amp;reserved=0\" data-saferedirecturl=\"https:\/\/www.google.com\/url?q=https:\/\/eur03.safelinks.protection.outlook.com\/?url%3Dhttps%253A%252F%252Fdocuments.espai.educacio.gencat.cat%252Fdocuments_publics%252FCentres%252F20220119_Articulat-Decret.pdf%26data%3D04%257C01%257Cjbiayna%2540gencat.cat%257C597efec7c8904557742f08d9e63b1d27%257C3b9427dcd30e43bc8c06ff7253676fec%257C1%257C0%257C637793963830453033%257CUnknown%257CTWFpbGZsb3d8eyJWIjoiMC4wLjAwMDAiLCJQIjoiV2luMzIiLCJBTiI6Ik1haWwiLCJXVCI6Mn0%253D%257C3000%26sdata%3D1A6A0r8dBO%252B1dkwAlg%252BBkf14cLyDEh57l%252B5yJ3ykjn0%253D%26reserved%3D0&amp;source=gmail&amp;ust=1645700644191000&amp;usg=AOvVaw0YNvwqe8tqCUf3zEu6XhJr\">Articulat del decret d\u2019ordenaci\u00f3 dels ensenyaments de l\u2019educaci\u00f3 b\u00e0sica<\/a><\/li>\n<li><a href=\"https:\/\/eur03.safelinks.protection.outlook.com\/?url=https%3A%2F%2Fdocuments.espai.educacio.gencat.cat%2Fdocuments_publics%2FCentres%2F20220119AAnnex1CompetenciesClauPerfilCompetencial.pdf&amp;data=04%7C01%7Cjbiayna%40gencat.cat%7C597efec7c8904557742f08d9e63b1d27%7C3b9427dcd30e43bc8c06ff7253676fec%7C1%7C0%7C637793963830453033%7CUnknown%7CTWFpbGZsb3d8eyJWIjoiMC4wLjAwMDAiLCJQIjoiV2luMzIiLCJBTiI6Ik1haWwiLCJXVCI6Mn0%3D%7C3000&amp;sdata=j6%2FpoGchN43lMjudokKMDyj%2BTw9gzLhZH4I4tj752Sk%3D&amp;reserved=0\" data-saferedirecturl=\"https:\/\/www.google.com\/url?q=https:\/\/eur03.safelinks.protection.outlook.com\/?url%3Dhttps%253A%252F%252Fdocuments.espai.educacio.gencat.cat%252Fdocuments_publics%252FCentres%252F20220119AAnnex1CompetenciesClauPerfilCompetencial.pdf%26data%3D04%257C01%257Cjbiayna%2540gencat.cat%257C597efec7c8904557742f08d9e63b1d27%257C3b9427dcd30e43bc8c06ff7253676fec%257C1%257C0%257C637793963830453033%257CUnknown%257CTWFpbGZsb3d8eyJWIjoiMC4wLjAwMDAiLCJQIjoiV2luMzIiLCJBTiI6Ik1haWwiLCJXVCI6Mn0%253D%257C3000%26sdata%3Dj6%252FpoGchN43lMjudokKMDyj%252BTw9gzLhZH4I4tj752Sk%253D%26reserved%3D0&amp;source=gmail&amp;ust=1645700644191000&amp;usg=AOvVaw0GBQj2IVXCvgh-snavZGe5\">Annex I. Compet\u00e8ncies clau i perfil competencial de sortida de l&#8217;alumnat al final de l\u2019educaci\u00f3 b\u00e0sica<\/a><\/li>\n<li><a href=\"https:\/\/eur03.safelinks.protection.outlook.com\/?url=https%3A%2F%2Fdocuments.espai.educacio.gencat.cat%2Fdocuments_publics%2FCentres%2F20220119-Annex2AreesPrimaria.pdf&amp;data=04%7C01%7Cjbiayna%40gencat.cat%7C597efec7c8904557742f08d9e63b1d27%7C3b9427dcd30e43bc8c06ff7253676fec%7C1%7C0%7C637793963830453033%7CUnknown%7CTWFpbGZsb3d8eyJWIjoiMC4wLjAwMDAiLCJQIjoiV2luMzIiLCJBTiI6Ik1haWwiLCJXVCI6Mn0%3D%7C3000&amp;sdata=vr7p11fPlNpOZic7eMpiSbnQLN0rP1onYgOjEZlEoWM%3D&amp;reserved=0\" data-saferedirecturl=\"https:\/\/www.google.com\/url?q=https:\/\/eur03.safelinks.protection.outlook.com\/?url%3Dhttps%253A%252F%252Fdocuments.espai.educacio.gencat.cat%252Fdocuments_publics%252FCentres%252F20220119-Annex2AreesPrimaria.pdf%26data%3D04%257C01%257Cjbiayna%2540gencat.cat%257C597efec7c8904557742f08d9e63b1d27%257C3b9427dcd30e43bc8c06ff7253676fec%257C1%257C0%257C637793963830453033%257CUnknown%257CTWFpbGZsb3d8eyJWIjoiMC4wLjAwMDAiLCJQIjoiV2luMzIiLCJBTiI6Ik1haWwiLCJXVCI6Mn0%253D%257C3000%26sdata%3Dvr7p11fPlNpOZic7eMpiSbnQLN0rP1onYgOjEZlEoWM%253D%26reserved%3D0&amp;source=gmail&amp;ust=1645700644191000&amp;usg=AOvVaw217GyqFbRhlUrIjqa9r9sv\">Annex 2. \u00c0rees d\u2019educaci\u00f3 prim\u00e0ria<\/a><\/li>\n<li><a href=\"https:\/\/eur03.safelinks.protection.outlook.com\/?url=https%3A%2F%2Fdocuments.espai.educacio.gencat.cat%2Fdocuments_publics%2FCentres%2F20220119-Annex3MateriesSecundariaObligatoria.pdf&amp;data=04%7C01%7Cjbiayna%40gencat.cat%7C597efec7c8904557742f08d9e63b1d27%7C3b9427dcd30e43bc8c06ff7253676fec%7C1%7C0%7C637793963830453033%7CUnknown%7CTWFpbGZsb3d8eyJWIjoiMC4wLjAwMDAiLCJQIjoiV2luMzIiLCJBTiI6Ik1haWwiLCJXVCI6Mn0%3D%7C3000&amp;sdata=UoZ4OBOVH3E9csKZH5xC%2BdR%2FzPcHJA%2BcdBaI1zrWnXo%3D&amp;reserved=0\" data-saferedirecturl=\"https:\/\/www.google.com\/url?q=https:\/\/eur03.safelinks.protection.outlook.com\/?url%3Dhttps%253A%252F%252Fdocuments.espai.educacio.gencat.cat%252Fdocuments_publics%252FCentres%252F20220119-Annex3MateriesSecundariaObligatoria.pdf%26data%3D04%257C01%257Cjbiayna%2540gencat.cat%257C597efec7c8904557742f08d9e63b1d27%257C3b9427dcd30e43bc8c06ff7253676fec%257C1%257C0%257C637793963830453033%257CUnknown%257CTWFpbGZsb3d8eyJWIjoiMC4wLjAwMDAiLCJQIjoiV2luMzIiLCJBTiI6Ik1haWwiLCJXVCI6Mn0%253D%257C3000%26sdata%3DUoZ4OBOVH3E9csKZH5xC%252BdR%252FzPcHJA%252BcdBaI1zrWnXo%253D%26reserved%3D0&amp;source=gmail&amp;ust=1645700644191000&amp;usg=AOvVaw3e70BFlNHakItWEHTr-4NZ\">Annex 3. Mat\u00e8ries d\u2019educaci\u00f3 secund\u00e0ria obligat\u00f2ria<\/a><\/li>\n<li><a href=\"https:\/\/eur03.safelinks.protection.outlook.com\/?url=https%3A%2F%2Fdocuments.espai.educacio.gencat.cat%2Fdocuments_publics%2FCentres%2F20220119-Annex4AprenentatgeSituacions.pdf&amp;data=04%7C01%7Cjbiayna%40gencat.cat%7C597efec7c8904557742f08d9e63b1d27%7C3b9427dcd30e43bc8c06ff7253676fec%7C1%7C0%7C637793963830453033%7CUnknown%7CTWFpbGZsb3d8eyJWIjoiMC4wLjAwMDAiLCJQIjoiV2luMzIiLCJBTiI6Ik1haWwiLCJXVCI6Mn0%3D%7C3000&amp;sdata=Af9YiNcvJA%2Bd5Pu2k9RSyQRG8WCzZ3EJNSgDHiOyyOI%3D&amp;reserved=0\" data-saferedirecturl=\"https:\/\/www.google.com\/url?q=https:\/\/eur03.safelinks.protection.outlook.com\/?url%3Dhttps%253A%252F%252Fdocuments.espai.educacio.gencat.cat%252Fdocuments_publics%252FCentres%252F20220119-Annex4AprenentatgeSituacions.pdf%26data%3D04%257C01%257Cjbiayna%2540gencat.cat%257C597efec7c8904557742f08d9e63b1d27%257C3b9427dcd30e43bc8c06ff7253676fec%257C1%257C0%257C637793963830453033%257CUnknown%257CTWFpbGZsb3d8eyJWIjoiMC4wLjAwMDAiLCJQIjoiV2luMzIiLCJBTiI6Ik1haWwiLCJXVCI6Mn0%253D%257C3000%26sdata%3DAf9YiNcvJA%252Bd5Pu2k9RSyQRG8WCzZ3EJNSgDHiOyyOI%253D%26reserved%3D0&amp;source=gmail&amp;ust=1645700644191000&amp;usg=AOvVaw0_9heKGOT3QCThU2dkEH5A\">Annex 4. Aprenentatge basat en situacions<\/a><\/li>\n<li><a href=\"https:\/\/eur03.safelinks.protection.outlook.com\/?url=https%3A%2F%2Fdocuments.espai.educacio.gencat.cat%2Fdocuments_publics%2FCentres%2F20220119-Annex5AmbitsCFGrauBasic.pdf&amp;data=04%7C01%7Cjbiayna%40gencat.cat%7C597efec7c8904557742f08d9e63b1d27%7C3b9427dcd30e43bc8c06ff7253676fec%7C1%7C0%7C637793963830453033%7CUnknown%7CTWFpbGZsb3d8eyJWIjoiMC4wLjAwMDAiLCJQIjoiV2luMzIiLCJBTiI6Ik1haWwiLCJXVCI6Mn0%3D%7C3000&amp;sdata=swQDLD1KHudLEHcQkhUh7O1QCQ8Yn%2F73uhSaiy0CxhU%3D&amp;reserved=0\" data-saferedirecturl=\"https:\/\/www.google.com\/url?q=https:\/\/eur03.safelinks.protection.outlook.com\/?url%3Dhttps%253A%252F%252Fdocuments.espai.educacio.gencat.cat%252Fdocuments_publics%252FCentres%252F20220119-Annex5AmbitsCFGrauBasic.pdf%26data%3D04%257C01%257Cjbiayna%2540gencat.cat%257C597efec7c8904557742f08d9e63b1d27%257C3b9427dcd30e43bc8c06ff7253676fec%257C1%257C0%257C637793963830453033%257CUnknown%257CTWFpbGZsb3d8eyJWIjoiMC4wLjAwMDAiLCJQIjoiV2luMzIiLCJBTiI6Ik1haWwiLCJXVCI6Mn0%253D%257C3000%26sdata%3DswQDLD1KHudLEHcQkhUh7O1QCQ8Yn%252F73uhSaiy0CxhU%253D%26reserved%3D0&amp;source=gmail&amp;ust=1645700644191000&amp;usg=AOvVaw196ETLzXob08QuBfP15MxQ\">Annex 5. \u00c0mbits dels cicles formatius de grau b\u00e0sic<\/a><\/li>\n<li><a href=\"https:\/\/eur03.safelinks.protection.outlook.com\/?url=https%3A%2F%2Fdocuments.espai.educacio.gencat.cat%2Fdocuments_publics%2FCentres%2F20220119-Annex6Horaris.pdf&amp;data=04%7C01%7Cjbiayna%40gencat.cat%7C597efec7c8904557742f08d9e63b1d27%7C3b9427dcd30e43bc8c06ff7253676fec%7C1%7C0%7C637793963830453033%7CUnknown%7CTWFpbGZsb3d8eyJWIjoiMC4wLjAwMDAiLCJQIjoiV2luMzIiLCJBTiI6Ik1haWwiLCJXVCI6Mn0%3D%7C3000&amp;sdata=HYkkTXi2mRpm21GGjmZpWdawonNiBgtFGjzZWkY6rDg%3D&amp;reserved=0\" data-saferedirecturl=\"https:\/\/www.google.com\/url?q=https:\/\/eur03.safelinks.protection.outlook.com\/?url%3Dhttps%253A%252F%252Fdocuments.espai.educacio.gencat.cat%252Fdocuments_publics%252FCentres%252F20220119-Annex6Horaris.pdf%26data%3D04%257C01%257Cjbiayna%2540gencat.cat%257C597efec7c8904557742f08d9e63b1d27%257C3b9427dcd30e43bc8c06ff7253676fec%257C1%257C0%257C637793963830453033%257CUnknown%257CTWFpbGZsb3d8eyJWIjoiMC4wLjAwMDAiLCJQIjoiV2luMzIiLCJBTiI6Ik1haWwiLCJXVCI6Mn0%253D%257C3000%26sdata%3DHYkkTXi2mRpm21GGjmZpWdawonNiBgtFGjzZWkY6rDg%253D%26reserved%3D0&amp;source=gmail&amp;ust=1645700644191000&amp;usg=AOvVaw2jAPdph3jBUzxyL6n3q2k2\">Annex 6. Horaris<\/a><\/li>\n<\/ul>\n<p>______________________________________________________________________________________________________________________________<\/p>\n<p><a style=\"color: #2795b6;\" href=\"https:\/\/educacio.gencat.cat\/ca\/departament\/publicacions\/colleccions\/curriculum\/\" target=\"_blank\" rel=\"noopener\">ENLLA\u00c7 ALS CURR\u00cdCULUMS DEL 2016<\/a><a href=\"https:\/\/serveiseducatius.xtec.cat\/vallesoccidental7\/wp-content\/uploads\/usu1104\/2022\/02\/Captura-3.png\"><img loading=\"lazy\" decoding=\"async\" class=\"wp-image-11294 alignright\" src=\"https:\/\/serveiseducatius.xtec.cat\/vallesoccidental7\/wp-content\/uploads\/usu1104\/2022\/02\/Captura-3.png\" alt=\"\" width=\"495\" height=\"369\" srcset=\"https:\/\/serveiseducatius.xtec.cat\/vallesoccidental7\/wp-content\/uploads\/usu1104\/2022\/02\/Captura-3.png 767w, https:\/\/serveiseducatius.xtec.cat\/vallesoccidental7\/wp-content\/uploads\/usu1104\/2022\/02\/Captura-3-300x224.png 300w, https:\/\/serveiseducatius.xtec.cat\/vallesoccidental7\/wp-content\/uploads\/usu1104\/2022\/02\/Captura-3-200x150.png 200w\" sizes=\"auto, (max-width: 495px) 100vw, 495px\" \/><\/a><\/p>\n","protected":false},"excerpt":{"rendered":"<p>Trobareu els diferents decrets i orientacions a la p\u00e0gina EL NOU CURR\u00cdCULUM, una oportunitat per aprendre amb sentit &nbsp; _______________________________________________________________________________________________________________________ Podeu consultar tamb\u00e9 les confer\u00e8ncies que el professor Andy Morodo va fer el 23 de gener de 2023\u00a0 i el 2 de mar\u00e7 de 2023 al nostre Servei Educatiu. ____________________________________________________________________________________________ &nbsp; &nbsp; &nbsp; El 6 [&hellip;]<\/p>\n","protected":false},"author":5,"featured_media":0,"parent":0,"menu_order":0,"comment_status":"closed","ping_status":"closed","template":"","meta":{"_bbp_topic_count":0,"_bbp_reply_count":0,"_bbp_total_topic_count":0,"_bbp_total_reply_count":0,"_bbp_voice_count":0,"_bbp_anonymous_reply_count":0,"_bbp_topic_count_hidden":0,"_bbp_reply_count_hidden":0,"_bbp_forum_subforum_count":0,"site-sidebar-layout":"default","site-content-layout":"","ast-site-content-layout":"default","site-content-style":"default","site-sidebar-style":"default","ast-global-header-display":"","ast-banner-title-visibility":"","ast-main-header-display":"","ast-hfb-above-header-display":"","ast-hfb-below-header-display":"","ast-hfb-mobile-header-display":"","site-post-title":"","ast-breadcrumbs-content":"","ast-featured-img":"","footer-sml-layout":"","theme-transparent-header-meta":"default","adv-header-id-meta":"","stick-header-meta":"","header-above-stick-meta":"","header-main-stick-meta":"","header-below-stick-meta":"","astra-migrate-meta-layouts":"set","ast-page-background-enabled":"default","ast-page-background-meta":{"desktop":{"background-color":"var(--ast-global-color-4)","background-image":"","background-repeat":"repeat","background-position":"center center","background-size":"auto","background-attachment":"scroll","background-type":"","background-media":"","overlay-type":"","overlay-color":"","overlay-opacity":"","overlay-gradient":""},"tablet":{"background-color":"","background-image":"","background-repeat":"repeat","background-position":"center center","background-size":"auto","background-attachment":"scroll","background-type":"","background-media":"","overlay-type":"","overlay-color":"","overlay-opacity":"","overlay-gradient":""},"mobile":{"background-color":"","background-image":"","background-repeat":"repeat","background-position":"center center","background-size":"auto","background-attachment":"scroll","background-type":"","background-media":"","overlay-type":"","overlay-color":"","overlay-opacity":"","overlay-gradient":""}},"ast-content-background-meta":{"desktop":{"background-color":"var(--ast-global-color-5)","background-image":"","background-repeat":"repeat","background-position":"center center","background-size":"auto","background-attachment":"scroll","background-type":"","background-media":"","overlay-type":"","overlay-color":"","overlay-opacity":"","overlay-gradient":""},"tablet":{"background-color":"var(--ast-global-color-5)","background-image":"","background-repeat":"repeat","background-position":"center center","background-size":"auto","background-attachment":"scroll","background-type":"","background-media":"","overlay-type":"","overlay-color":"","overlay-opacity":"","overlay-gradient":""},"mobile":{"background-color":"var(--ast-global-color-5)","background-image":"","background-repeat":"repeat","background-position":"center center","background-size":"auto","background-attachment":"scroll","background-type":"","background-media":"","overlay-type":"","overlay-color":"","overlay-opacity":"","overlay-gradient":""}},"footnotes":""},"class_list":["post-11291","page","type-page","status-publish","hentry"],"post_mailing_queue_ids":[],"_links":{"self":[{"href":"https:\/\/serveiseducatius.xtec.cat\/vallesoccidental7\/wp-json\/wp\/v2\/pages\/11291","targetHints":{"allow":["GET"]}}],"collection":[{"href":"https:\/\/serveiseducatius.xtec.cat\/vallesoccidental7\/wp-json\/wp\/v2\/pages"}],"about":[{"href":"https:\/\/serveiseducatius.xtec.cat\/vallesoccidental7\/wp-json\/wp\/v2\/types\/page"}],"author":[{"embeddable":true,"href":"https:\/\/serveiseducatius.xtec.cat\/vallesoccidental7\/wp-json\/wp\/v2\/users\/5"}],"replies":[{"embeddable":true,"href":"https:\/\/serveiseducatius.xtec.cat\/vallesoccidental7\/wp-json\/wp\/v2\/comments?post=11291"}],"version-history":[{"count":4,"href":"https:\/\/serveiseducatius.xtec.cat\/vallesoccidental7\/wp-json\/wp\/v2\/pages\/11291\/revisions"}],"predecessor-version":[{"id":13264,"href":"https:\/\/serveiseducatius.xtec.cat\/vallesoccidental7\/wp-json\/wp\/v2\/pages\/11291\/revisions\/13264"}],"wp:attachment":[{"href":"https:\/\/serveiseducatius.xtec.cat\/vallesoccidental7\/wp-json\/wp\/v2\/media?parent=11291"}],"curies":[{"name":"wp","href":"https:\/\/api.w.org\/{rel}","templated":true}]}}