{"id":385,"date":"2015-11-25T14:26:15","date_gmt":"2015-11-25T13:26:15","guid":{"rendered":"http:\/\/serveiseducatius.xtec.cat\/se-vallesoccidental6\/?page_id=385"},"modified":"2025-04-02T14:01:55","modified_gmt":"2025-04-02T12:01:55","slug":"centres-ripollet-contactes","status":"publish","type":"page","link":"https:\/\/serveiseducatius.xtec.cat\/vallesoccidental6\/centres-educatius\/centres-ripollet-contactes\/","title":{"rendered":"Informaci\u00f3 de contacte dels centres educatius de Ripollet"},"content":{"rendered":"\n<h4 class=\"wp-block-heading has-ast-global-color-1-color has-text-color has-link-color wp-elements-158af4addd25e1faa1a326b8a7b07d12\">ESCOLES BRESSOL I LLARS D&#8217;INFANTS<\/h4>\n\n\n\n<!DOCTYPE html>\n<html lang=\"ca\">\n<head>\n    <meta charset=\"UTF-8\">\n    <meta name=\"viewport\" content=\"width=device-width, initial-scale=1.0\">\n    <title>Taula HTML<\/title>\n    <style>\n        body {\n            font-family: sans-serif; \/* Tipus de lletra sans-serif *\/\n        }\n        table {\n            width: 100%;\n            border-collapse: collapse;\n            background-color: #f7f7f7; \/* gris molt suau *\/\n        }\n        th, td {\n            border: 1px solid white; \/* l\u00ednies de taula en blanc *\/\n            padding: 10px;\n            text-align: center;\n        }\n        th {\n            background-color: #f0f0f0; \/* gris suau diferenciat per a la fila de t\u00edtol *\/\n        }\n    <\/style>\n<\/head>\n<body>\n\n    <table>\n        <tr>\n            <th>CENTRE<\/th>\n            <th>ADRE\u00c7A<\/th>\n            <th>TEL\u00c8FON<\/th>\n            <th>E-MAIL<\/th>\n        <\/tr>\n        <tr>\n            <td>EBM LA RODETA DEL MOL\u00cd<\/td>\n            <td>C. Magallanes, 33<\/td>\n            <td>935 946 738<\/td>\n            <td>ebmlarodeta@ripollet.cat<\/td>\n        <\/tr>\n <tr>\n            <td>EBM LA VEREMA<\/td>\n            <td>C. Barber\u00e0 del Vall\u00e8s, 10<\/td>\n            <td>935 944 619<\/td>\n            <td>LaVerema@ebpripollet.cat<\/td>\n        <\/tr>\n        <tr>\n            <td>LLAR D&#8217;INFANTS SOMNIS<\/td>\n            <td><\/td>\n            <td><\/td>\n            <td>somnis2025@gmail.com<\/td>\n        <\/tr>\n        <tr>\n            <td>LLAR D&#8217;INFANTS XIQUIL\u00c0NDIA<\/td>\n            <td><\/td>\n            <td><\/td>\n            <td>xiquilandia21@gmail.com<\/td>\n        <\/tr>\n    <\/table>\n\n<\/body>\n<\/html>\n\n\n\n<div style=\"height:30px\" aria-hidden=\"true\" class=\"wp-block-spacer\"><\/div>\n\n\n\n<h4 class=\"wp-block-heading has-ast-global-color-1-color has-text-color has-link-color wp-elements-bffe32accb22182008a75476bd5bc6ef\">ESCOLES D&#8217;INFANTIL I PRIM\u00c0RIA<\/h4>\n\n\n\n<!DOCTYPE html>\n<html lang=\"ca\">\n<head>\n    <meta charset=\"UTF-8\">\n    <meta name=\"viewport\" content=\"width=device-width, initial-scale=1.0\">\n    <title>Taula HTML<\/title>\n    <style>\n        body {\n            font-family: sans-serif; \/* Tipus de lletra sans-serif *\/\n        }\n        table {\n            width: 100%;\n            border-collapse: collapse;\n            background-color: #f7f7f7; \/* gris molt suau *\/\n        }\n        th, td {\n            border: 1px solid white; \/* l\u00ednies de taula en blanc *\/\n            padding: 10px;\n            text-align: center;\n        }\n        th {\n            background-color: #f0f0f0; \/* gris suau diferenciat per a la fila de t\u00edtol *\/\n        }\n    <\/style>\n<\/head>\n<body>\n\n    <table>\n        <tr>\n            <th>CENTRE<\/th>\n            <th>ADRE\u00c7A<\/th>\n            <th>TEL\u00c8FON<\/th>\n            <th>E-MAIL<\/th>\n        <\/tr>\n        <tr>\n            <td>ESCOLA JOSEP M GINESTA<\/td>\n            <td>C. de Puigmal, 59<\/td>\n            <td>936 922 791<\/td>\n            <td>a8023554@xtec.cat<\/td>\n        <\/tr>\n        <tr>\n            <td>ESCOLA TIANA DE LA RIBA<\/td>\n            <td>V. de Montserrat,25<\/td>\n            <td>936924094<\/td>\n            <td>a8023542@xtec.cat<\/td>\n        <\/tr>\n        <tr>\n            <td>ESCOLA FRANCESC ESCURSELL<\/td>\n            <td>Ctra. de l\u2019Estaci\u00f3, 9<\/td>\n            <td>936 917 701 \/ 669 897 941<\/td>\n            <td>a8038156@xtec.cat<\/td>\n        <\/tr>\n        <tr>\n            <td>ESCOLA E.TATCH\u00c9 I POL<\/td>\n            <td>Pau Casals, 101<\/td>\n            <td> 935 808 523<\/td>\n            <td>a8033948@xtec.cat<\/td>\n        <\/tr>\n        <tr>\n            <td>ESCOLA ANSELM CLAV\u00c9<\/td>\n            <td>C. de les Escoles, s\/n<\/td>\n            <td>936 920 864<\/td>\n            <td>a8023566@xtec.cat<\/td>\n        <\/tr>\n        <tr>\n            <td>GASS\u00d3 I VIDAL<\/td>\n            <td>C. de Rocabruna, 1<\/td>\n            <td>936 920 725<\/td>\n            <td>a8023426@xtec.cat<\/td>\n        <\/tr>\n    <\/table>\n\n<\/body>\n<\/html>\n\n\n\n<div style=\"height:30px\" aria-hidden=\"true\" class=\"wp-block-spacer\"><\/div>\n\n\n\n<h4 class=\"wp-block-heading has-ast-global-color-1-color has-text-color has-link-color wp-elements-f4ab6deef0efd5b68a91314de2314c32\">INSTITUTS DE SECUND\u00c0RIA<\/h4>\n\n\n\n<!DOCTYPE html>\n<html lang=\"ca\">\n<head>\n    <meta charset=\"UTF-8\">\n    <meta name=\"viewport\" content=\"width=device-width, initial-scale=1.0\">\n    <title>Taula HTML<\/title>\n    <style>\n        body {\n            font-family: sans-serif; \/* Tipus de lletra sans-serif *\/\n        }\n        table {\n            width: 100%;\n            border-collapse: collapse;\n            background-color: #f7f7f7; \/* gris molt suau *\/\n        }\n        th, td {\n            border: 1px solid white; \/* l\u00ednies de taula en blanc *\/\n            padding: 10px;\n            text-align: center;\n        }\n        th {\n            background-color: #f0f0f0; \/* gris suau diferenciat per a la fila de t\u00edtol *\/\n        }\n    <\/style>\n<\/head>\n<body>\n\n    <table>\n        <tr>\n            <th>CENTRE<\/th>\n            <th>ADRE\u00c7A<\/th>\n            <th>TEL\u00c8FON<\/th>\n            <th>E-MAIL<\/th>\n        <\/tr>\n        <tr>\n            <td>INS LLU\u00cdS COMPANYS<\/td>\n            <td>Ctra. de l\u2019Estaci\u00f3 7<\/td>\n            <td>935 803 142<\/td>\n            <td>a8037206@xtec.cat<\/td>\n        <\/tr>\n        <tr>\n            <td>INS CAN MAS<\/td>\n            <td>Pau Casals 102-104<\/td>\n            <td>935 944 880<\/td>\n            <td>a8054186@xtec.cat<\/td>\n        <\/tr>\n        <tr>\n            <td>INS PALAU AUSIT<\/td>\n            <td>Ctra. de Santiga, 56<\/td>\n            <td>936 923 204<\/td>\n            <td>a8035295@xtec.cat<\/td>\n        <\/tr>\n    <\/table>\n\n<\/body>\n<\/html>\n\n\n\n<div style=\"height:30px\" aria-hidden=\"true\" class=\"wp-block-spacer\"><\/div>\n\n\n\n<h4 class=\"wp-block-heading has-ast-global-color-1-color has-text-color has-link-color wp-elements-c9c2f86af7d9851f44e3882e0b36bb7f\">INSTITUTS-ESCOLA<\/h4>\n\n\n\n<!DOCTYPE html>\n<html lang=\"ca\">\n<head>\n    <meta charset=\"UTF-8\">\n    <meta name=\"viewport\" content=\"width=device-width, initial-scale=1.0\">\n    <title>Taula HTML<\/title>\n    <style>\n        body {\n            font-family: sans-serif; \/* Tipus de lletra sans-serif *\/\n        }\n        table {\n            width: 100%;\n            border-collapse: collapse;\n            background-color: #f7f7f7; \/* gris molt suau *\/\n        }\n        th, td {\n            border: 1px solid white; \/* l\u00ednies de taula en blanc *\/\n            padding: 10px;\n            text-align: center;\n        }\n        th {\n            background-color: #f0f0f0; \/* gris suau diferenciat per a la fila de t\u00edtol *\/\n        }\n    <\/style>\n<\/head>\n<body>\n\n    <table>\n        <tr>\n            <th>CENTRE<\/th>\n            <th>ADRE\u00c7A<\/th>\n            <th>TEL\u00c8FON<\/th>\n            <th>E-MAIL<\/th>\n        <\/tr>\n        <tr>\n            <td>IE ELS PINETONS<\/td>\n            <td>Av. de Catalunya, 16<\/td>\n            <td>935 946 722<\/td>\n            <td>a8076583@xtec.cat<\/td>\n        <\/tr>\n        <tr>\n            <td>IE MARTINET<\/td>\n            <td>Sant Jaume, 30<\/td>\n            <td>935 947 522<\/td>\n            <td>a8076571@xtec.cat<\/td>\n        <\/tr>\n    <\/table>\n<\/body>\n<\/html>\n\n\n\n<div style=\"height:30px\" aria-hidden=\"true\" class=\"wp-block-spacer\"><\/div>\n\n\n\n<h4 class=\"wp-block-heading has-ast-global-color-1-color has-text-color has-link-color wp-elements-f40094f4c3ed1861c12742678dc471c4\">CENTRE DE FORMACI\u00d3 D&#8217;ADULTS<\/h4>\n\n\n\n<!DOCTYPE html>\n<html lang=\"ca\">\n<head>\n    <meta charset=\"UTF-8\">\n    <meta name=\"viewport\" content=\"width=device-width, initial-scale=1.0\">\n    <title>Taula HTML<\/title>\n    <style>\n        body {\n            font-family: sans-serif; \/* Tipus de lletra sans-serif *\/\n        }\n        table {\n            width: 100%;\n            border-collapse: collapse;\n            background-color: #f7f7f7; \/* gris molt suau *\/\n        }\n        th, td {\n            border: 1px solid white; \/* l\u00ednies de taula en blanc *\/\n            padding: 10px;\n            text-align: center;\n        }\n        th {\n            background-color: #f0f0f0; \/* gris suau diferenciat per a la fila de t\u00edtol *\/\n        }\n    <\/style>\n<\/head>\n<body>\n\n    <table>\n        <tr>\n            <th>CENTRE<\/th>\n            <th>ADRE\u00c7A<\/th>\n            <th>TEL\u00c8FON<\/th>\n            <th>E-MAIL<\/th>\n        <\/tr>\n        <tr>\n            <td>CFA JAUME TUSET<\/td>\n            <td>Rbla. dels Pinetons, 1<\/td>\n            <td>936 914 700<\/td>\n            <td>a8055397@xtec.cat<\/td>\n        <\/tr>\n    <\/table>\n<\/body>\n<\/html>\n\n\n\n<div style=\"height:30px\" aria-hidden=\"true\" class=\"wp-block-spacer\"><\/div>\n\n\n\n<h4 class=\"wp-block-heading has-ast-global-color-1-color has-text-color has-link-color wp-elements-6460a7cab55faed0538b40baa08bdcc0\">CENTRES EDUCATIUS CONCERTATS<\/h4>\n\n\n\n<!DOCTYPE html>\n<html lang=\"ca\">\n<head>\n    <meta charset=\"UTF-8\">\n    <meta name=\"viewport\" content=\"width=device-width, initial-scale=1.0\">\n    <title>Taula HTML<\/title>\n    <style>\n        body {\n            font-family: sans-serif; \/* Tipus de lletra sans-serif *\/\n        }\n        table {\n            width: 100%;\n            border-collapse: collapse;\n            background-color: #f7f7f7; \/* gris molt suau *\/\n        }\n        th, td {\n            border: 1px solid white; \/* l\u00ednies de taula en blanc *\/\n            padding: 10px;\n            text-align: center;\n        }\n        th {\n            background-color: #f0f0f0; \/* gris suau diferenciat per a la fila de t\u00edtol *\/\n        }\n    <\/style>\n<\/head>\n<body>\n\n    <table>\n        <tr>\n            <th>CENTRE<\/th>\n            <th>ADRE\u00c7A<\/th>\n            <th>TEL\u00c8FON<\/th>\n            <th>E-MAIL<\/th>\n        <\/tr>\n        <tr>\n            <td>COL\u00b7LEGI SANT GABRIEL<\/td>\n            <td>C. del Nord, 32<\/td>\n            <td>935 809 898<\/td>\n            <td>a8023475@xtec.cat<\/td>\n        <\/tr>\n        <tr>\n            <td>COL\u00b7LEGI SANT JOAN DE LA CREU<\/td>\n            <td>C. de Sant Josep, 27<\/td>\n            <td>935 809 958<\/td>\n            <td>08023487@xtec.cat<\/td>\n        <\/tr>\n        <tr>\n            <td>COL\u00b7LEGI FEDAC RIPOLLET<\/td>\n            <td>C. d\u2019Isabel la Cat\u00f2lica, 20<\/td>\n            <td> 935 809 566<\/td>\n            <td>fedac.ripollet@fedac.cat<\/td>\n        <\/tr>\n    <\/table>\n<\/body>\n<\/html>\n","protected":false},"excerpt":{"rendered":"<p>ESCOLES BRESSOL I LLARS D&#8217;INFANTS Taula HTML CENTRE ADRE\u00c7A TEL\u00c8FON E-MAIL EBM LA RODETA DEL MOL\u00cd C. Magallanes, 33 935 [&hellip;]<\/p>\n","protected":false},"author":1,"featured_media":0,"parent":338,"menu_order":10,"comment_status":"closed","ping_status":"closed","template":"","meta":{"_bbp_topic_count":0,"_bbp_reply_count":0,"_bbp_total_topic_count":0,"_bbp_total_reply_count":0,"_bbp_voice_count":0,"_bbp_anonymous_reply_count":0,"_bbp_topic_count_hidden":0,"_bbp_reply_count_hidden":0,"_bbp_forum_subforum_count":0,"site-sidebar-layout":"default","site-content-layout":"","ast-site-content-layout":"default","site-content-style":"default","site-sidebar-style":"default","ast-global-header-display":"","ast-banner-title-visibility":"","ast-main-header-display":"","ast-hfb-above-header-display":"","ast-hfb-below-header-display":"","ast-hfb-mobile-header-display":"","site-post-title":"","ast-breadcrumbs-content":"","ast-featured-img":"","footer-sml-layout":"","theme-transparent-header-meta":"","adv-header-id-meta":"","stick-header-meta":"","header-above-stick-meta":"","header-main-stick-meta":"","header-below-stick-meta":"","astra-migrate-meta-layouts":"set","ast-page-background-enabled":"default","ast-page-background-meta":{"desktop":{"background-color":"var(--ast-global-color-4)","background-image":"","background-repeat":"repeat","background-position":"center center","background-size":"auto","background-attachment":"scroll","background-type":"","background-media":"","overlay-type":"","overlay-color":"","overlay-opacity":"","overlay-gradient":""},"tablet":{"background-color":"","background-image":"","background-repeat":"repeat","background-position":"center center","background-size":"auto","background-attachment":"scroll","background-type":"","background-media":"","overlay-type":"","overlay-color":"","overlay-opacity":"","overlay-gradient":""},"mobile":{"background-color":"","background-image":"","background-repeat":"repeat","background-position":"center center","background-size":"auto","background-attachment":"scroll","background-type":"","background-media":"","overlay-type":"","overlay-color":"","overlay-opacity":"","overlay-gradient":""}},"ast-content-background-meta":{"desktop":{"background-color":"var(--ast-global-color-5)","background-image":"","background-repeat":"repeat","background-position":"center center","background-size":"auto","background-attachment":"scroll","background-type":"","background-media":"","overlay-type":"","overlay-color":"","overlay-opacity":"","overlay-gradient":""},"tablet":{"background-color":"var(--ast-global-color-5)","background-image":"","background-repeat":"repeat","background-position":"center center","background-size":"auto","background-attachment":"scroll","background-type":"","background-media":"","overlay-type":"","overlay-color":"","overlay-opacity":"","overlay-gradient":""},"mobile":{"background-color":"var(--ast-global-color-5)","background-image":"","background-repeat":"repeat","background-position":"center center","background-size":"auto","background-attachment":"scroll","background-type":"","background-media":"","overlay-type":"","overlay-color":"","overlay-opacity":"","overlay-gradient":""}},"footnotes":""},"class_list":["post-385","page","type-page","status-publish","hentry"],"post_mailing_queue_ids":[],"_links":{"self":[{"href":"https:\/\/serveiseducatius.xtec.cat\/vallesoccidental6\/wp-json\/wp\/v2\/pages\/385","targetHints":{"allow":["GET"]}}],"collection":[{"href":"https:\/\/serveiseducatius.xtec.cat\/vallesoccidental6\/wp-json\/wp\/v2\/pages"}],"about":[{"href":"https:\/\/serveiseducatius.xtec.cat\/vallesoccidental6\/wp-json\/wp\/v2\/types\/page"}],"author":[{"embeddable":true,"href":"https:\/\/serveiseducatius.xtec.cat\/vallesoccidental6\/wp-json\/wp\/v2\/users\/1"}],"replies":[{"embeddable":true,"href":"https:\/\/serveiseducatius.xtec.cat\/vallesoccidental6\/wp-json\/wp\/v2\/comments?post=385"}],"version-history":[{"count":6,"href":"https:\/\/serveiseducatius.xtec.cat\/vallesoccidental6\/wp-json\/wp\/v2\/pages\/385\/revisions"}],"predecessor-version":[{"id":17776,"href":"https:\/\/serveiseducatius.xtec.cat\/vallesoccidental6\/wp-json\/wp\/v2\/pages\/385\/revisions\/17776"}],"up":[{"embeddable":true,"href":"https:\/\/serveiseducatius.xtec.cat\/vallesoccidental6\/wp-json\/wp\/v2\/pages\/338"}],"wp:attachment":[{"href":"https:\/\/serveiseducatius.xtec.cat\/vallesoccidental6\/wp-json\/wp\/v2\/media?parent=385"}],"curies":[{"name":"wp","href":"https:\/\/api.w.org\/{rel}","templated":true}]}}