{"id":17535,"date":"2025-03-27T11:05:06","date_gmt":"2025-03-27T10:05:06","guid":{"rendered":"https:\/\/serveiseducatius.xtec.cat\/vallesoccidental6\/?page_id=17535"},"modified":"2025-05-29T14:15:08","modified_gmt":"2025-05-29T12:15:08","slug":"funcions-del-se","status":"publish","type":"page","link":"https:\/\/serveiseducatius.xtec.cat\/vallesoccidental6\/inici\/presentacio-serveis-educatius\/funcions-del-se\/","title":{"rendered":"Funcions del SE"},"content":{"rendered":"\n<figure class=\"wp-block-image size-full\"><a href=\"https:\/\/serveiseducatius.xtec.cat\/vallesoccidental6\/wp-content\/uploads\/usu1109\/2025\/05\/capcaleres-NODES-10.png\"><img loading=\"lazy\" decoding=\"async\" width=\"960\" height=\"280\" src=\"https:\/\/serveiseducatius.xtec.cat\/vallesoccidental6\/wp-content\/uploads\/usu1109\/2025\/05\/capcaleres-NODES-10.png\" alt=\"\" class=\"wp-image-18392\" srcset=\"https:\/\/serveiseducatius.xtec.cat\/vallesoccidental6\/wp-content\/uploads\/usu1109\/2025\/05\/capcaleres-NODES-10.png 960w, https:\/\/serveiseducatius.xtec.cat\/vallesoccidental6\/wp-content\/uploads\/usu1109\/2025\/05\/capcaleres-NODES-10-300x88.png 300w, https:\/\/serveiseducatius.xtec.cat\/vallesoccidental6\/wp-content\/uploads\/usu1109\/2025\/05\/capcaleres-NODES-10-768x224.png 768w\" sizes=\"auto, (max-width: 960px) 100vw, 960px\" \/><\/a><\/figure>\n\n\n\n<p>Els&nbsp;<strong>Serveis Educatius<\/strong>&nbsp;del Departament d\u2019Educaci\u00f3 donen suport i assessorament als centres educatius p\u00fablics i privats concertats de nivells educatius no universitaris. Cada servei educatiu est\u00e0 format per un equip multidisciplinar que ofereix els seg\u00fcents serveis:<\/p>\n\n\n\n<div class=\"wp-block-getwid-accordion has-icon-left\" data-active-element=\"none\">\n<div class=\"wp-block-getwid-accordion__header-wrapper\"><span class=\"wp-block-getwid-accordion__header\"><a href=\"#\"><span class=\"wp-block-getwid-accordion__header-title\">Suport, assessorament i orientaci\u00f3 en diversos \u00e0mbits<\/span><span class=\"wp-block-getwid-accordion__icon is-active\"><i class=\"fas fa-plus\"><\/i><\/span><span class=\"wp-block-getwid-accordion__icon is-passive\"><i class=\"fas fa-minus\"><\/i><\/span><\/a><\/span><\/div><div class=\"wp-block-getwid-accordion__content-wrapper\"><div class=\"wp-block-getwid-accordion__content\">\n<ul class=\"wp-block-list has-small-font-size\">\n<li>Processos d\u2019ensenyament i aprenentatge, de gesti\u00f3 d\u2019aula i d\u2019aplicaci\u00f3 de metodologies flexibles que afavoreixin la participaci\u00f3 i l\u2019aprenentatge competencial de tots els alumnes en un marc d\u2019escola inclusiva.<\/li>\n\n\n\n<li>Materials did\u00e0ctics, curriculars i altres recursos educatius, donant a con\u00e8ixer, especialment, els recursos publicats pel Departament d\u2019Educaci\u00f3.<\/li>\n\n\n\n<li>Integraci\u00f3 i gesti\u00f3 de les tecnologies digitals tant pel que fa a l\u2019assoliment de la compet\u00e8ncia digital com per facilitar l\u2019acc\u00e9s a l\u2019aprenentatge de tots els alumnes.<\/li>\n\n\n\n<li>Suport i formaci\u00f3 en did\u00e0ctica de la llengua (habilitats ling\u00fc\u00edstiques, ensenyament integrat de lleng\u00fces i de llengua i continguts), assessorament en estrat\u00e8gies, recursos organitzatius i \u00fas de materials que afavoreixin l\u2019acollida i la conviv\u00e8ncia de l\u2019alumnat des d\u2019una perspectiva intercultural que afavoreixi la cohesi\u00f3 social.<\/li>\n\n\n\n<li>Avaluaci\u00f3 psicopedag\u00f2gica i atenci\u00f3 educativa a l\u2019alumnat amb necessitats espec\u00edfiques de suport educatiu.<\/li>\n\n\n\n<li>Implementaci\u00f3 del servei comunitari i d\u2019altres programes en els centres de secund\u00e0ria.<\/li>\n\n\n\n<li>Proc\u00e9s de transici\u00f3 de les diferents etapes educatives.<\/li>\n\n\n\n<li>Corresponsabilitat entre fam\u00edlia i escola; millora de la implicaci\u00f3 de les fam\u00edlies i la seva participaci\u00f3 als centres.<\/li>\n\n\n\n<li>Plans, projectes, processos de millora i d\u2019innovaci\u00f3, formaci\u00f3 i recerca educativa.<\/li>\n\n\n\n<li>Identificaci\u00f3 de pr\u00e0ctiques de refer\u00e8ncia.<\/li>\n\n\n\n<li>Educaci\u00f3 intercultural.<\/li>\n<\/ul>\n<\/div><\/div>\n\n\n\n<div class=\"wp-block-getwid-accordion__header-wrapper\"><span class=\"wp-block-getwid-accordion__header\"><a href=\"#\"><span class=\"wp-block-getwid-accordion__header-title\">Col\u00b7laboraci\u00f3 i impuls en activitats i dinamitzaci\u00f3 de la zona<\/span><span class=\"wp-block-getwid-accordion__icon is-active\"><i class=\"fas fa-plus\"><\/i><\/span><span class=\"wp-block-getwid-accordion__icon is-passive\"><i class=\"fas fa-minus\"><\/i><\/span><\/a><\/span><\/div><div class=\"wp-block-getwid-accordion__content-wrapper\"><div class=\"wp-block-getwid-accordion__content\">\n<ul class=\"wp-block-list has-small-font-size\">\n<li class=\"has-small-font-size\">Formaci\u00f3 permanent dels professorats en totes les modalitats i continguts previstos.<\/li>\n\n\n\n<li>Activitats de dinamitzaci\u00f3 educativa per a l\u2019alumnat.<\/li>\n\n\n\n<li>Coneixement de l\u2019entorn i aprofitament did\u00e0ctic dels seus recursos i de les actuacions de formaci\u00f3 i orientaci\u00f3.<\/li>\n\n\n\n<li>Suport a les xarxes de centres (projectes espec\u00edfics, centres amb SIEI\u2026), a les xarxes de biblioteques escolars i a projectes cooperatius.<\/li>\n\n\n\n<li>Programes educatius impulsats pel Departament d\u2019Educaci\u00f3.<\/li>\n\n\n\n<li>Plans i projectes de la Uni\u00f3 Europea per al desenvolupament de les compet\u00e8ncies b\u00e0siques dels alumnes i les compet\u00e8ncies professionals dels docents.<\/li>\n\n\n\n<li>Plans educatius d\u2019entorn.<\/li>\n\n\n\n<li>Programes d\u2019innovaci\u00f3 educativa.<\/li>\n\n\n\n<li>Orientaci\u00f3 educativa i acci\u00f3 tutorial.<\/li>\n\n\n\n<li>Treball en xarxa amb altres serveis educatius, i d\u2019altres programes, institucions i entitats.<\/li>\n<\/ul>\n<\/div><\/div>\n\n\n\n<div class=\"wp-block-getwid-accordion__header-wrapper\"><span class=\"wp-block-getwid-accordion__header\"><a href=\"#\"><span class=\"wp-block-getwid-accordion__header-title\">Accions amb alumnat i fam\u00edlies dels centres educatius<\/span><span class=\"wp-block-getwid-accordion__icon is-active\"><i class=\"fas fa-plus\"><\/i><\/span><span class=\"wp-block-getwid-accordion__icon is-passive\"><i class=\"fas fa-minus\"><\/i><\/span><\/a><\/span><\/div><div class=\"wp-block-getwid-accordion__content-wrapper\"><div class=\"wp-block-getwid-accordion__content\">\n<ul class=\"wp-block-list has-small-font-size\">\n<li>Col\u00b7laboraci\u00f3 i coordinaci\u00f3 entre els diferents agents per donar una resposta coherent i adequada a les necessitats de l\u2019alumnat i les seves fam\u00edlies.<\/li>\n\n\n\n<li>Avaluaci\u00f3 psicopedag\u00f2gica i seguiment al llarg de tota l\u2019escolaritat.<\/li>\n\n\n\n<li>Seguiment i acompanyament en les transicions educatives de de l\u2019alumnat amb necessitats espec\u00edfiques de suport educatiu, per afavorir la continu\u00eftat de les mesures i suports que han tingut \u00e8xit en l\u2019etapa seg\u00fcent.<\/li>\n\n\n\n<li>Informaci\u00f3 i assessorament a les fam\u00edlies sobre recursos que poden afavorir el desenvolupament integral de l\u2019alumnat, especialment els publicats pel Departament d\u2019Educaci\u00f3 (beques, recursos de la zona, curr\u00edculums de prim\u00e0ria i secund\u00e0ria, web Fam\u00edlia i Escola, etc.).<\/li>\n<\/ul>\n<\/div><\/div>\n<\/div>\n","protected":false},"excerpt":{"rendered":"<p>Els&nbsp;Serveis Educatius&nbsp;del Departament d\u2019Educaci\u00f3 donen suport i assessorament als centres educatius p\u00fablics i privats concertats de nivells educatius no universitaris. [&hellip;]<\/p>\n","protected":false},"author":1,"featured_media":0,"parent":12496,"menu_order":5,"comment_status":"closed","ping_status":"close","template":"","meta":{"_bbp_topic_count":0,"_bbp_reply_count":0,"_bbp_total_topic_count":0,"_bbp_total_reply_count":0,"_bbp_voice_count":0,"_bbp_anonymous_reply_count":0,"_bbp_topic_count_hidden":0,"_bbp_reply_count_hidden":0,"_bbp_forum_subforum_count":0,"site-sidebar-layout":"default","site-content-layout":"","ast-site-content-layout":"default","site-content-style":"default","site-sidebar-style":"default","ast-global-header-display":"","ast-banner-title-visibility":"","ast-main-header-display":"","ast-hfb-above-header-display":"","ast-hfb-below-header-display":"","ast-hfb-mobile-header-display":"","site-post-title":"","ast-breadcrumbs-content":"","ast-featured-img":"","footer-sml-layout":"","theme-transparent-header-meta":"","adv-header-id-meta":"","stick-header-meta":"","header-above-stick-meta":"","header-main-stick-meta":"","header-below-stick-meta":"","astra-migrate-meta-layouts":"set","ast-page-background-enabled":"default","ast-page-background-meta":{"desktop":{"background-color":"var(--ast-global-color-4)","background-image":"","background-repeat":"repeat","background-position":"center center","background-size":"auto","background-attachment":"scroll","background-type":"","background-media":"","overlay-type":"","overlay-color":"","overlay-opacity":"","overlay-gradient":""},"tablet":{"background-color":"","background-image":"","background-repeat":"repeat","background-position":"center center","background-size":"auto","background-attachment":"scroll","background-type":"","background-media":"","overlay-type":"","overlay-color":"","overlay-opacity":"","overlay-gradient":""},"mobile":{"background-color":"","background-image":"","background-repeat":"repeat","background-position":"center center","background-size":"auto","background-attachment":"scroll","background-type":"","background-media":"","overlay-type":"","overlay-color":"","overlay-opacity":"","overlay-gradient":""}},"ast-content-background-meta":{"desktop":{"background-color":"var(--ast-global-color-5)","background-image":"","background-repeat":"repeat","background-position":"center center","background-size":"auto","background-attachment":"scroll","background-type":"","background-media":"","overlay-type":"","overlay-color":"","overlay-opacity":"","overlay-gradient":""},"tablet":{"background-color":"var(--ast-global-color-5)","background-image":"","background-repeat":"repeat","background-position":"center center","background-size":"auto","background-attachment":"scroll","background-type":"","background-media":"","overlay-type":"","overlay-color":"","overlay-opacity":"","overlay-gradient":""},"mobile":{"background-color":"var(--ast-global-color-5)","background-image":"","background-repeat":"repeat","background-position":"center center","background-size":"auto","background-attachment":"scroll","background-type":"","background-media":"","overlay-type":"","overlay-color":"","overlay-opacity":"","overlay-gradient":""}},"footnotes":""},"class_list":["post-17535","page","type-page","status-publish","hentry"],"post_mailing_queue_ids":[],"_links":{"self":[{"href":"https:\/\/serveiseducatius.xtec.cat\/vallesoccidental6\/wp-json\/wp\/v2\/pages\/17535","targetHints":{"allow":["GET"]}}],"collection":[{"href":"https:\/\/serveiseducatius.xtec.cat\/vallesoccidental6\/wp-json\/wp\/v2\/pages"}],"about":[{"href":"https:\/\/serveiseducatius.xtec.cat\/vallesoccidental6\/wp-json\/wp\/v2\/types\/page"}],"author":[{"embeddable":true,"href":"https:\/\/serveiseducatius.xtec.cat\/vallesoccidental6\/wp-json\/wp\/v2\/users\/1"}],"replies":[{"embeddable":true,"href":"https:\/\/serveiseducatius.xtec.cat\/vallesoccidental6\/wp-json\/wp\/v2\/comments?post=17535"}],"version-history":[{"count":6,"href":"https:\/\/serveiseducatius.xtec.cat\/vallesoccidental6\/wp-json\/wp\/v2\/pages\/17535\/revisions"}],"predecessor-version":[{"id":18393,"href":"https:\/\/serveiseducatius.xtec.cat\/vallesoccidental6\/wp-json\/wp\/v2\/pages\/17535\/revisions\/18393"}],"up":[{"embeddable":true,"href":"https:\/\/serveiseducatius.xtec.cat\/vallesoccidental6\/wp-json\/wp\/v2\/pages\/12496"}],"wp:attachment":[{"href":"https:\/\/serveiseducatius.xtec.cat\/vallesoccidental6\/wp-json\/wp\/v2\/media?parent=17535"}],"curies":[{"name":"wp","href":"https:\/\/api.w.org\/{rel}","templated":true}]}}

<figure class="wp-block-image size-full"><a href="https://serveiseducatius.xtec.cat/vallesoccidental6/wp-content/uploads/usu1109/2025/05/capcaleres-NODES-10.png"><img loading="lazy" decoding="async" width="960" height="280" src="https://serveiseducatius.xtec.cat/vallesoccidental6/wp-content/uploads/usu1109/2025/05/capcaleres-NODES-10.png" alt="" class="wp-image-18392" srcset="https://serveiseducatius.xtec.cat/vallesoccidental6/wp-content/uploads/usu1109/2025/05/capcaleres-NODES-10.png 960w, https://serveiseducatius.xtec.cat/vallesoccidental6/wp-content/uploads/usu1109/2025/05/capcaleres-NODES-10-300x88.png 300w, https://serveiseducatius.xtec.cat/vallesoccidental6/wp-content/uploads/usu1109/2025/05/capcaleres-NODES-10-768x224.png 768w" sizes="auto, (max-width: 960px) 100vw, 960px" /></a></figure>



<p>Els&nbsp;<strong>Serveis Educatius</strong>&nbsp;del Departament d’Educació donen suport i assessorament als centres educatius públics i privats concertats de nivells educatius no universitaris. Cada servei educatiu està format per un equip multidisciplinar que ofereix els següents serveis:</p>



<div class="wp-block-getwid-accordion has-icon-left" data-active-element="none">
<div class="wp-block-getwid-accordion__header-wrapper"><span class="wp-block-getwid-accordion__header"><a href="#"><span class="wp-block-getwid-accordion__header-title">Suport, assessorament i orientació en diversos àmbits</span><span class="wp-block-getwid-accordion__icon is-active"><i class="fas fa-plus"></i></span><span class="wp-block-getwid-accordion__icon is-passive"><i class="fas fa-minus"></i></span></a></span></div><div class="wp-block-getwid-accordion__content-wrapper"><div class="wp-block-getwid-accordion__content">
<ul class="wp-block-list has-small-font-size">
<li>Processos d’ensenyament i aprenentatge, de gestió d’aula i d’aplicació de metodologies flexibles que afavoreixin la participació i l’aprenentatge competencial de tots els alumnes en un marc d’escola inclusiva.</li>



<li>Materials didàctics, curriculars i altres recursos educatius, donant a conèixer, especialment, els recursos publicats pel Departament d’Educació.</li>



<li>Integració i gestió de les tecnologies digitals tant pel que fa a l’assoliment de la competència digital com per facilitar l’accés a l’aprenentatge de tots els alumnes.</li>



<li>Suport i formació en didàctica de la llengua (habilitats lingüístiques, ensenyament integrat de llengües i de llengua i continguts), assessorament en estratègies, recursos organitzatius i ús de materials que afavoreixin l’acollida i la convivència de l’alumnat des d’una perspectiva intercultural que afavoreixi la cohesió social.</li>



<li>Avaluació psicopedagògica i atenció educativa a l’alumnat amb necessitats específiques de suport educatiu.</li>



<li>Implementació del servei comunitari i d’altres programes en els centres de secundària.</li>



<li>Procés de transició de les diferents etapes educatives.</li>



<li>Corresponsabilitat entre família i escola; millora de la implicació de les famílies i la seva participació als centres.</li>



<li>Plans, projectes, processos de millora i d’innovació, formació i recerca educativa.</li>



<li>Identificació de pràctiques de referència.</li>



<li>Educació intercultural.</li>
</ul>
</div></div>



<div class="wp-block-getwid-accordion__header-wrapper"><span class="wp-block-getwid-accordion__header"><a href="#"><span class="wp-block-getwid-accordion__header-title">Col·laboració i impuls en activitats i dinamització de la zona</span><span class="wp-block-getwid-accordion__icon is-active"><i class="fas fa-plus"></i></span><span class="wp-block-getwid-accordion__icon is-passive"><i class="fas fa-minus"></i></span></a></span></div><div class="wp-block-getwid-accordion__content-wrapper"><div class="wp-block-getwid-accordion__content">
<ul class="wp-block-list has-small-font-size">
<li class="has-small-font-size">Formació permanent dels professorats en totes les modalitats i continguts previstos.</li>



<li>Activitats de dinamització educativa per a l’alumnat.</li>



<li>Coneixement de l’entorn i aprofitament didàctic dels seus recursos i de les actuacions de formació i orientació.</li>



<li>Suport a les xarxes de centres (projectes específics, centres amb SIEI…), a les xarxes de biblioteques escolars i a projectes cooperatius.</li>



<li>Programes educatius impulsats pel Departament d’Educació.</li>



<li>Plans i projectes de la Unió Europea per al desenvolupament de les competències bàsiques dels alumnes i les competències professionals dels docents.</li>



<li>Plans educatius d’entorn.</li>



<li>Programes d’innovació educativa.</li>



<li>Orientació educativa i acció tutorial.</li>



<li>Treball en xarxa amb altres serveis educatius, i d’altres programes, institucions i entitats.</li>
</ul>
</div></div>



<div class="wp-block-getwid-accordion__header-wrapper"><span class="wp-block-getwid-accordion__header"><a href="#"><span class="wp-block-getwid-accordion__header-title">Accions amb alumnat i famílies dels centres educatius</span><span class="wp-block-getwid-accordion__icon is-active"><i class="fas fa-plus"></i></span><span class="wp-block-getwid-accordion__icon is-passive"><i class="fas fa-minus"></i></span></a></span></div><div class="wp-block-getwid-accordion__content-wrapper"><div class="wp-block-getwid-accordion__content">
<ul class="wp-block-list has-small-font-size">
<li>Col·laboració i coordinació entre els diferents agents per donar una resposta coherent i adequada a les necessitats de l’alumnat i les seves famílies.</li>



<li>Avaluació psicopedagògica i seguiment al llarg de tota l’escolaritat.</li>



<li>Seguiment i acompanyament en les transicions educatives de de l’alumnat amb necessitats específiques de suport educatiu, per afavorir la continuïtat de les mesures i suports que han tingut èxit en l’etapa següent.</li>



<li>Informació i assessorament a les famílies sobre recursos que poden afavorir el desenvolupament integral de l’alumnat, especialment els publicats pel Departament d’Educació (beques, recursos de la zona, currículums de primària i secundària, web Família i Escola, etc.).</li>
</ul>
</div></div>
</div>

<p>Els&nbsp;Serveis Educatius&nbsp;del Departament d’Educació donen suport i assessorament als centres educatius públics i privats concertats de nivells educatius no universitaris. [&hellip;]</p>
