{"id":12975,"date":"2021-04-13T15:18:04","date_gmt":"2021-04-13T13:18:04","guid":{"rendered":"http:\/\/serveiseducatius.xtec.cat\/vallesoccidental5\/?page_id=12975"},"modified":"2024-06-05T13:39:02","modified_gmt":"2024-06-05T11:39:02","slug":"albums-il%c2%b7lustrats-2","status":"publish","type":"page","link":"https:\/\/serveiseducatius.xtec.cat\/vallesoccidental5\/maletes-pedagogiques-en-prestec\/albums-il%c2%b7lustrats-2\/","title":{"rendered":"Coeducaci\u00f3 &#8211; Diversitat &#8211; Perspectiva de g\u00e8nere &#8211; Ed. Afectivosexual"},"content":{"rendered":"<div class=\"container-wrapper-genially\" style=\"position: relative; min-height: 400px; max-width: 100%;\">\n<p>Des del Servei Educatiu hem dissenyat un <span style=\"color: #993366;\"><strong>SITES<\/strong> <\/span>anomenat <a href=\"https:\/\/sites.google.com\/xtec.cat\/racolila\/p%C3%A0gina-dinici\" target=\"_blank\" rel=\"noopener\"><span style=\"color: #993366;\"><strong>RAC\u00d3 LILA<\/strong><\/span><\/a> amb diversos apartats al voltant de la <strong>COEDUCACi\u00d3<\/strong>:<\/p>\n<p><a href=\"https:\/\/sites.google.com\/xtec.cat\/racolila\/p%C3%A0gina-dinici\" target=\"_blank\" rel=\"noopener\"><img loading=\"lazy\" decoding=\"async\" class=\"wp-image-14026 alignleft\" src=\"https:\/\/serveiseducatius.xtec.cat\/vallesoccidental5\/wp-content\/uploads\/usu1111\/2023\/02\/raco-Lila.jpg\" alt=\"\" width=\"724\" height=\"242\" srcset=\"https:\/\/serveiseducatius.xtec.cat\/vallesoccidental5\/wp-content\/uploads\/usu1111\/2023\/02\/raco-Lila.jpg 583w, https:\/\/serveiseducatius.xtec.cat\/vallesoccidental5\/wp-content\/uploads\/usu1111\/2023\/02\/raco-Lila-300x100.jpg 300w\" sizes=\"auto, (max-width: 724px) 100vw, 724px\" \/><\/a><strong>\u00c0lbums il\u00b7lustrats<\/strong><\/p>\n<p><strong>Jocs cooperatius<\/strong><\/p>\n<p><strong>Actualitat<\/strong><\/p>\n<p><strong>Curr\u00edculum<\/strong><\/p>\n<p><strong>Llenguatge inclusiu<\/strong><\/p>\n<p><strong>Dones que fan hist\u00f2ria<\/strong><\/p>\n<p>Tamb\u00e9 us presentem un Genially amb molts recursos per a Infantil, Prim\u00e0ria i Secund\u00e0ria, des d&#8217;\u00e0lbums il\u00b7lustrats, jocs de taula, llibres de lectura, descoberta de la sexualitat i propostes did\u00e0ctiques molt interessants que us poden ajudar a promoure situacions d&#8217;aprenentatges contextualitzades en l&#8217;edat de l&#8217;alumnat.<\/p>\n<div class=\"container-wrapper-genially\" style=\"position: relative; min-height: 400px; max-width: 100%;\">\n<div><\/div>\n<div style=\"width: 100%;\">\n<div style=\"position: relative; padding-bottom: 56.25%; padding-top: 0; height: 0;\"><iframe loading=\"lazy\" style=\"position: absolute; top: 0; left: 0; width: 100%; height: 100%;\" title=\"COEDUCACI\u00d3\" src=\"https:\/\/view.genial.ly\/61b1c021abd38f0d5a5d54a8\" width=\"1200\" height=\"675\" frameborder=\"0\" scrolling=\"yes\" allowfullscreen=\"allowfullscreen\"><\/iframe><\/div>\n<\/div>\n<\/div>\n<p>&nbsp;<\/p>\n<div style=\"width: 100%;\">\n<p><strong>Aqu\u00ed teniu el <a href=\"https:\/\/docs.google.com\/forms\/d\/e\/1FAIpQLSeSg-cypbou1VG-z6z_PHPKMBZhaawy9tg9CMliswPHQnM-Bg\/viewform\" target=\"_blank\" rel=\"noopener\"><span style=\"color: #ff0000;\">FORMULARI<\/span><\/a> de SOL\u00b7LICITUD de pr\u00e9stec.<\/strong><\/p>\n<div><span style=\"text-decoration: underline;\"><strong>PROPOSTES DID\u00c0CTIQUES:<\/strong><\/span><\/div>\n<div><\/div>\n<\/div>\n<ul style=\"list-style-type: circle;\">\n<li><a href=\"https:\/\/drive.google.com\/file\/d\/1xM-dwBvuDqG-Ptt9xwjKzCDn8OwWQh8N\/view?usp=sharing\" target=\"_blank\" rel=\"noopener\">ESCOLA COLLSEROLA\u00a0 DE CERDANYOLA<\/a><\/li>\n<li><a href=\"https:\/\/drive.google.com\/file\/d\/14VBgTVzlhCj-W5mlxOnJGkcAPriAqsUN\/view?usp=drive_link\">EL PAPER DELS DOCENTS I ELS INFANTS EN LA TRANSFORMACI\u00d3<\/a><\/li>\n<li><a href=\"https:\/\/drive.google.com\/file\/d\/1HUVabp3tYnVeYeqC1T6YQGz9vGf9i9fn\/view?usp=drive_link\">CURR\u00cdCULUM, METODOLOGIES I PR\u00c0CTIQUES DOCENTS COEDUCATIVES<\/a><\/li>\n<li><a href=\"https:\/\/drive.google.com\/file\/d\/1OLhpZcdS8frA8yOP9J-FvC_TMA3SLrbE\/view?usp=drive_link\">RECURSOS PER A FAM\u00cdLIES<\/a><\/li>\n<li><a href=\"https:\/\/drive.google.com\/file\/d\/1xM-dwBvuDqG-Ptt9xwjKzCDn8OwWQh8N\/view?usp=drive_link\">DRETS SEXUALS I REPRODUCTIUS A SIS\u00c8 DE PRIM\u00c0RIA<\/a><\/li>\n<li><a href=\"https:\/\/drive.google.com\/file\/d\/181yYIZgvmcrOty8xq-7iHcWyul5cUaw5\/view?usp=drive_link\">INFOGRAFIA SEXAFIN-PENED\u00c8S<\/a><\/li>\n<li><a href=\"https:\/\/drive.google.com\/file\/d\/1b4KnfMzGfULNRipII3EPwW3jmJ0jh4Gu\/view?usp=drive_link\">WEBINAR COEDUCACI\u00d3<\/a><\/li>\n<\/ul>\n<p>&nbsp;<\/p>\n<\/div>\n","protected":false},"excerpt":{"rendered":"<p>Des del Servei Educatiu hem dissenyat un SITES anomenat RAC\u00d3 LILA amb diversos apartats al voltant de la COEDUCACi\u00d3: \u00c0lbums il\u00b7lustrats Jocs cooperatius Actualitat Curr\u00edculum Llenguatge inclusiu Dones que fan hist\u00f2ria Tamb\u00e9 us presentem un Genially amb molts recursos per a Infantil, Prim\u00e0ria i Secund\u00e0ria, des d&#8217;\u00e0lbums il\u00b7lustrats, jocs de taula, llibres de lectura, descoberta [&hellip;]<\/p>\n","protected":false},"author":1,"featured_media":0,"parent":8622,"menu_order":40,"comment_status":"closed","ping_status":"closed","template":"page-templates\/side-menu.php","meta":{"_bbp_topic_count":0,"_bbp_reply_count":0,"_bbp_total_topic_count":0,"_bbp_total_reply_count":0,"_bbp_voice_count":0,"_bbp_anonymous_reply_count":0,"_bbp_topic_count_hidden":0,"_bbp_reply_count_hidden":0,"_bbp_forum_subforum_count":0,"site-sidebar-layout":"default","site-content-layout":"","ast-site-content-layout":"","site-content-style":"default","site-sidebar-style":"default","ast-global-header-display":"","ast-banner-title-visibility":"","ast-main-header-display":"","ast-hfb-above-header-display":"","ast-hfb-below-header-display":"","ast-hfb-mobile-header-display":"","site-post-title":"","ast-breadcrumbs-content":"","ast-featured-img":"","footer-sml-layout":"","theme-transparent-header-meta":"","adv-header-id-meta":"","stick-header-meta":"","header-above-stick-meta":"","header-main-stick-meta":"","header-below-stick-meta":"","astra-migrate-meta-layouts":"default","ast-page-background-enabled":"default","ast-page-background-meta":{"desktop":{"background-color":"var(--ast-global-color-4)","background-image":"","background-repeat":"repeat","background-position":"center center","background-size":"auto","background-attachment":"scroll","background-type":"","background-media":"","overlay-type":"","overlay-color":"","overlay-opacity":"","overlay-gradient":""},"tablet":{"background-color":"","background-image":"","background-repeat":"repeat","background-position":"center center","background-size":"auto","background-attachment":"scroll","background-type":"","background-media":"","overlay-type":"","overlay-color":"","overlay-opacity":"","overlay-gradient":""},"mobile":{"background-color":"","background-image":"","background-repeat":"repeat","background-position":"center center","background-size":"auto","background-attachment":"scroll","background-type":"","background-media":"","overlay-type":"","overlay-color":"","overlay-opacity":"","overlay-gradient":""}},"ast-content-background-meta":{"desktop":{"background-color":"var(--ast-global-color-5)","background-image":"","background-repeat":"repeat","background-position":"center center","background-size":"auto","background-attachment":"scroll","background-type":"","background-media":"","overlay-type":"","overlay-color":"","overlay-opacity":"","overlay-gradient":""},"tablet":{"background-color":"var(--ast-global-color-5)","background-image":"","background-repeat":"repeat","background-position":"center center","background-size":"auto","background-attachment":"scroll","background-type":"","background-media":"","overlay-type":"","overlay-color":"","overlay-opacity":"","overlay-gradient":""},"mobile":{"background-color":"var(--ast-global-color-5)","background-image":"","background-repeat":"repeat","background-position":"center center","background-size":"auto","background-attachment":"scroll","background-type":"","background-media":"","overlay-type":"","overlay-color":"","overlay-opacity":"","overlay-gradient":""}},"footnotes":""},"class_list":["post-12975","page","type-page","status-publish","hentry"],"post_mailing_queue_ids":[],"_links":{"self":[{"href":"https:\/\/serveiseducatius.xtec.cat\/vallesoccidental5\/wp-json\/wp\/v2\/pages\/12975","targetHints":{"allow":["GET"]}}],"collection":[{"href":"https:\/\/serveiseducatius.xtec.cat\/vallesoccidental5\/wp-json\/wp\/v2\/pages"}],"about":[{"href":"https:\/\/serveiseducatius.xtec.cat\/vallesoccidental5\/wp-json\/wp\/v2\/types\/page"}],"author":[{"embeddable":true,"href":"https:\/\/serveiseducatius.xtec.cat\/vallesoccidental5\/wp-json\/wp\/v2\/users\/1"}],"replies":[{"embeddable":true,"href":"https:\/\/serveiseducatius.xtec.cat\/vallesoccidental5\/wp-json\/wp\/v2\/comments?post=12975"}],"version-history":[{"count":6,"href":"https:\/\/serveiseducatius.xtec.cat\/vallesoccidental5\/wp-json\/wp\/v2\/pages\/12975\/revisions"}],"predecessor-version":[{"id":15469,"href":"https:\/\/serveiseducatius.xtec.cat\/vallesoccidental5\/wp-json\/wp\/v2\/pages\/12975\/revisions\/15469"}],"up":[{"embeddable":true,"href":"https:\/\/serveiseducatius.xtec.cat\/vallesoccidental5\/wp-json\/wp\/v2\/pages\/8622"}],"wp:attachment":[{"href":"https:\/\/serveiseducatius.xtec.cat\/vallesoccidental5\/wp-json\/wp\/v2\/media?parent=12975"}],"curies":[{"name":"wp","href":"https:\/\/api.w.org\/{rel}","templated":true}]}}