{"id":9291,"date":"2020-02-26T18:02:32","date_gmt":"2020-02-26T17:02:32","guid":{"rendered":"http:\/\/serveiseducatius.xtec.cat\/vallesoccidental4\/?page_id=9291"},"modified":"2025-12-19T09:16:17","modified_gmt":"2025-12-19T08:16:17","slug":"catalegs-de-maletes-pedagogiques","status":"publish","type":"page","link":"https:\/\/serveiseducatius.xtec.cat\/vallesoccidental4\/recursos\/catalegs-de-maletes-pedagogiques\/","title":{"rendered":"Cat\u00e0legs de Maletes pedag\u00f2giques"},"content":{"rendered":"<p>Aqu\u00ed podeu accedir a tots el cat\u00e0legs de les diferents <strong>Maletes pedag\u00f2giques<\/strong> al Centre de Recursos Pedag\u00f2gics.<\/p>\n<p>A m\u00e9s trobareu totes les nostres novetats en maletes i llibres a la <a href=\"https:\/\/serveiseducatius.xtec.cat\/vallesoccidental4\/categoria\/recursos\/maletes-pedagogiques\/\">secci\u00f3 de not\u00edcies<\/a>.<\/p>\n<table class=\" aligncenter\" style=\"height: 1015px; width: 56.9625%;\">\n<tbody>\n<tr style=\"height: 118px;\">\n<td style=\"width: 34.9259%; height: 118px; text-align: center;\"><a href=\"http:\/\/serveiseducatius.xtec.cat\/vallesoccidental4\/recursos\/catalegs-de-maletes-pedagogiques\/albums-illustrats-petits\/\"><img loading=\"lazy\" decoding=\"async\" class=\"alignnone wp-image-8604 size-full\" src=\"https:\/\/serveiseducatius.xtec.cat\/vallesoccidental4\/wp-content\/uploads\/usu1114\/2019\/07\/\u00c0LBUMS.png\" alt=\"\" width=\"520\" height=\"451\" srcset=\"https:\/\/serveiseducatius.xtec.cat\/vallesoccidental4\/wp-content\/uploads\/usu1114\/2019\/07\/\u00c0LBUMS.png 520w, https:\/\/serveiseducatius.xtec.cat\/vallesoccidental4\/wp-content\/uploads\/usu1114\/2019\/07\/\u00c0LBUMS-300x260.png 300w\" sizes=\"auto, (max-width: 520px) 100vw, 520px\" \/><\/a><\/p>\n<p><a href=\"http:\/\/serveiseducatius.xtec.cat\/vallesoccidental4\/recursos\/catalegs-de-maletes-pedagogiques\/albums-illustrats-petits\/\" target=\"_blank\" rel=\"noopener\"><strong>\u00c0lbums Il\u00b7lustrats <\/strong><strong>Petits<\/strong><\/a><\/td>\n<td style=\"width: 32.6194%; height: 118px; text-align: center;\"><a href=\"https:\/\/serveiseducatius.xtec.cat\/vallesoccidental4\/recursos\/catalegs-de-maletes-pedagogiques\/albums-illustrats-mitjans\/\"><img loading=\"lazy\" decoding=\"async\" class=\"alignnone wp-image-9292 size-full\" src=\"https:\/\/serveiseducatius.xtec.cat\/vallesoccidental4\/wp-content\/uploads\/usu1114\/2020\/02\/canvi2-e1582736219349.jpg\" alt=\"\" width=\"705\" height=\"665\" srcset=\"https:\/\/serveiseducatius.xtec.cat\/vallesoccidental4\/wp-content\/uploads\/usu1114\/2020\/02\/canvi2-e1582736219349.jpg 705w, https:\/\/serveiseducatius.xtec.cat\/vallesoccidental4\/wp-content\/uploads\/usu1114\/2020\/02\/canvi2-e1582736219349-300x283.jpg 300w\" sizes=\"auto, (max-width: 705px) 100vw, 705px\" \/><\/a><\/p>\n<p><a href=\"http:\/\/serveiseducatius.xtec.cat\/vallesoccidental4\/recursos\/catalegs-de-maletes-pedagogiques\/albums-illustrats-mitjans\" target=\"_blank\" rel=\"noopener\"><strong>\u00c0lbums Il\u00b7lustrats <\/strong><strong>Mitjans<\/strong><\/a><\/td>\n<td style=\"width: 33.4922%; height: 118px; text-align: center;\"><a href=\"http:\/\/serveiseducatius.xtec.cat\/vallesoccidental4\/recursos\/catalegs-de-maletes-pedagogiques\/albums-illustrats-grans\/\"><img loading=\"lazy\" decoding=\"async\" class=\"alignnone wp-image-9294 size-full\" src=\"https:\/\/serveiseducatius.xtec.cat\/vallesoccidental4\/wp-content\/uploads\/usu1114\/2020\/02\/alice.jpg\" alt=\"\" width=\"735\" height=\"725\" srcset=\"https:\/\/serveiseducatius.xtec.cat\/vallesoccidental4\/wp-content\/uploads\/usu1114\/2020\/02\/alice.jpg 735w, https:\/\/serveiseducatius.xtec.cat\/vallesoccidental4\/wp-content\/uploads\/usu1114\/2020\/02\/alice-300x296.jpg 300w\" sizes=\"auto, (max-width: 735px) 100vw, 735px\" \/><\/a><\/p>\n<p><a href=\"http:\/\/serveiseducatius.xtec.cat\/vallesoccidental4\/recursos\/catalegs-de-maletes-pedagogiques\/albums-illustrats-grans\/\" target=\"_blank\" rel=\"noopener\"><strong>\u00c0lbums Il\u00b7lustrats <\/strong><strong>Grans<\/strong><\/a><\/td>\n<\/tr>\n<tr style=\"height: 62px;\">\n<td style=\"width: 34.9259%; height: 62px; text-align: center;\"><a href=\"https:\/\/docs.google.com\/document\/d\/1hpFyLJ8ZOoTFzZ15hfNFsCAJjjvTX2waiRZHPvf1yr0\/edit?usp=sharing\" target=\"_blank\" rel=\"noopener\"><img loading=\"lazy\" decoding=\"async\" class=\"alignnone wp-image-9295 size-large\" src=\"https:\/\/serveiseducatius.xtec.cat\/vallesoccidental4\/wp-content\/uploads\/usu1114\/2020\/02\/CybKCvaXgAAj56K-1024x1024.jpg\" alt=\"\" width=\"1024\" height=\"1024\" srcset=\"https:\/\/serveiseducatius.xtec.cat\/vallesoccidental4\/wp-content\/uploads\/usu1114\/2020\/02\/CybKCvaXgAAj56K-1024x1024.jpg 1024w, https:\/\/serveiseducatius.xtec.cat\/vallesoccidental4\/wp-content\/uploads\/usu1114\/2020\/02\/CybKCvaXgAAj56K-150x150.jpg 150w, https:\/\/serveiseducatius.xtec.cat\/vallesoccidental4\/wp-content\/uploads\/usu1114\/2020\/02\/CybKCvaXgAAj56K-300x300.jpg 300w, https:\/\/serveiseducatius.xtec.cat\/vallesoccidental4\/wp-content\/uploads\/usu1114\/2020\/02\/CybKCvaXgAAj56K-768x768.jpg 768w, https:\/\/serveiseducatius.xtec.cat\/vallesoccidental4\/wp-content\/uploads\/usu1114\/2020\/02\/CybKCvaXgAAj56K.jpg 1200w\" sizes=\"auto, (max-width: 1024px) 100vw, 1024px\" \/><\/a><\/p>\n<p><a href=\"https:\/\/docs.google.com\/document\/d\/1hpFyLJ8ZOoTFzZ15hfNFsCAJjjvTX2waiRZHPvf1yr0\/edit?usp=sharing\" target=\"_blank\" rel=\"noopener\"><strong>Maleta de les Emocions<\/strong><\/a><\/td>\n<td style=\"width: 66.1116%; height: 62px; text-align: center;\" colspan=\"2\"><a href=\"https:\/\/serveiseducatius.xtec.cat\/vallesoccidental4\/recursos\/coeducacio\/\"><img loading=\"lazy\" decoding=\"async\" class=\"alignnone size-large wp-image-9296\" src=\"https:\/\/serveiseducatius.xtec.cat\/vallesoccidental4\/wp-content\/uploads\/usu1114\/2020\/02\/31230544_1723555341067451_3794432219641020416_o-1024x604.jpg\" alt=\"\" width=\"1024\" height=\"604\" srcset=\"https:\/\/serveiseducatius.xtec.cat\/vallesoccidental4\/wp-content\/uploads\/usu1114\/2020\/02\/31230544_1723555341067451_3794432219641020416_o-1024x604.jpg 1024w, https:\/\/serveiseducatius.xtec.cat\/vallesoccidental4\/wp-content\/uploads\/usu1114\/2020\/02\/31230544_1723555341067451_3794432219641020416_o-300x177.jpg 300w, https:\/\/serveiseducatius.xtec.cat\/vallesoccidental4\/wp-content\/uploads\/usu1114\/2020\/02\/31230544_1723555341067451_3794432219641020416_o-768x453.jpg 768w, https:\/\/serveiseducatius.xtec.cat\/vallesoccidental4\/wp-content\/uploads\/usu1114\/2020\/02\/31230544_1723555341067451_3794432219641020416_o.jpg 1030w\" sizes=\"auto, (max-width: 1024px) 100vw, 1024px\" \/><\/a><\/p>\n<p><a href=\"https:\/\/serveiseducatius.xtec.cat\/vallesoccidental4\/recursos\/coeducacio\/\" target=\"_blank\" rel=\"noopener\"><strong>Llibres Coeducaci\u00f3<\/strong><\/a><\/td>\n<\/tr>\n<tr style=\"height: 31px;\">\n<td style=\"width: 34.9259%; height: 31px; text-align: center;\"><a href=\"https:\/\/docs.google.com\/document\/d\/1gW9jlvXMe6GoXkqOE4y3O2dHs_eLMbISrKO_-2vWPNg\/edit?usp=sharing\" target=\"_blank\" rel=\"noopener\"><img loading=\"lazy\" decoding=\"async\" class=\"alignnone wp-image-9870 size-full\" src=\"https:\/\/serveiseducatius.xtec.cat\/vallesoccidental4\/wp-content\/uploads\/usu1114\/2021\/11\/Dol-e1638190072439.jpg\" alt=\"\" width=\"187\" height=\"229\" \/><\/a><\/p>\n<p><a href=\"https:\/\/docs.google.com\/document\/d\/1gW9jlvXMe6GoXkqOE4y3O2dHs_eLMbISrKO_-2vWPNg\/edit?usp=sharing\" target=\"_blank\" rel=\"noopener\"><strong>Maleta del Dol<\/strong><\/a><\/td>\n<td style=\"width: 32.6194%; height: 31px; text-align: center;\"><a href=\"https:\/\/www.macba.cat\/ca\/exposicions-activitats\/activitats\/expressart-museu-portatil-educacio-infantil-i-primaria-2014-2015\" target=\"_blank\" rel=\"noopener\"><img loading=\"lazy\" decoding=\"async\" class=\"alignnone size-full wp-image-9872\" src=\"https:\/\/serveiseducatius.xtec.cat\/vallesoccidental4\/wp-content\/uploads\/usu1114\/2021\/11\/expressart.jpg\" alt=\"\" width=\"225\" height=\"225\" srcset=\"https:\/\/serveiseducatius.xtec.cat\/vallesoccidental4\/wp-content\/uploads\/usu1114\/2021\/11\/expressart.jpg 225w, https:\/\/serveiseducatius.xtec.cat\/vallesoccidental4\/wp-content\/uploads\/usu1114\/2021\/11\/expressart-150x150.jpg 150w\" sizes=\"auto, (max-width: 225px) 100vw, 225px\" \/><\/a><\/p>\n<p><a href=\"https:\/\/www.macba.cat\/ca\/exposicions-activitats\/activitats\/expressart-museu-portatil-educacio-infantil-i-primaria-2014-2015\" target=\"_blank\" rel=\"noopener\"><strong>Maleta Expressart del MACBA<\/strong><\/a><\/td>\n<td style=\"width: 33.4922%; height: 31px; text-align: center;\"><a href=\"https:\/\/docs.google.com\/document\/d\/1hpFyLJ8ZOoTFzZ15hfNFsCAJjjvTX2waiRZHPvf1yr0\/edit?usp=sharing\" target=\"_blank\" rel=\"noopener\"><img loading=\"lazy\" decoding=\"async\" class=\"size-full wp-image-10485 alignnone\" src=\"https:\/\/serveiseducatius.xtec.cat\/vallesoccidental4\/wp-content\/uploads\/usu1114\/2025\/12\/ressorgir-dels-dracs.jpg\" alt=\"\" width=\"782\" height=\"787\" srcset=\"https:\/\/serveiseducatius.xtec.cat\/vallesoccidental4\/wp-content\/uploads\/usu1114\/2025\/12\/ressorgir-dels-dracs.jpg 782w, https:\/\/serveiseducatius.xtec.cat\/vallesoccidental4\/wp-content\/uploads\/usu1114\/2025\/12\/ressorgir-dels-dracs-298x300.jpg 298w, https:\/\/serveiseducatius.xtec.cat\/vallesoccidental4\/wp-content\/uploads\/usu1114\/2025\/12\/ressorgir-dels-dracs-150x150.jpg 150w, https:\/\/serveiseducatius.xtec.cat\/vallesoccidental4\/wp-content\/uploads\/usu1114\/2025\/12\/ressorgir-dels-dracs-768x773.jpg 768w\" sizes=\"auto, (max-width: 782px) 100vw, 782px\" \/><\/a><\/p>\n<p><a href=\"https:\/\/drive.google.com\/file\/d\/1kvtdu3U-vDxIluW0ZMroymjtNpbSK1QQ\/view?usp=sharing\"><strong>Capses d&#8217;aprenentatge e<\/strong><strong>l ressorgir dels dracs\u00a0\u00a0<\/strong><\/a><\/td>\n<\/tr>\n<\/tbody>\n<\/table>\n","protected":false},"excerpt":{"rendered":"<p>Aqu\u00ed podeu accedir a tots el cat\u00e0legs de les diferents Maletes pedag\u00f2giques al Centre de Recursos Pedag\u00f2gics. A m\u00e9s trobareu totes les nostres novetats en maletes i llibres a la secci\u00f3 de not\u00edcies. \u00c0lbums Il\u00b7lustrats Petits \u00c0lbums Il\u00b7lustrats Mitjans \u00c0lbums Il\u00b7lustrats Grans Maleta de les Emocions Llibres Coeducaci\u00f3 Maleta del Dol Maleta Expressart del MACBA [&hellip;]<\/p>\n","protected":false},"author":1,"featured_media":0,"parent":906,"menu_order":2,"comment_status":"closed","ping_status":"closed","template":"","meta":{"_bbp_topic_count":0,"_bbp_reply_count":0,"_bbp_total_topic_count":0,"_bbp_total_reply_count":0,"_bbp_voice_count":0,"_bbp_anonymous_reply_count":0,"_bbp_topic_count_hidden":0,"_bbp_reply_count_hidden":0,"_bbp_forum_subforum_count":0,"site-sidebar-layout":"default","site-content-layout":"","ast-site-content-layout":"default","site-content-style":"default","site-sidebar-style":"default","ast-global-header-display":"","ast-banner-title-visibility":"","ast-main-header-display":"","ast-hfb-above-header-display":"","ast-hfb-below-header-display":"","ast-hfb-mobile-header-display":"","site-post-title":"","ast-breadcrumbs-content":"","ast-featured-img":"","footer-sml-layout":"","theme-transparent-header-meta":"default","adv-header-id-meta":"","stick-header-meta":"","header-above-stick-meta":"","header-main-stick-meta":"","header-below-stick-meta":"","astra-migrate-meta-layouts":"set","ast-page-background-enabled":"default","ast-page-background-meta":{"desktop":{"background-color":"var(--ast-global-color-4)","background-image":"","background-repeat":"repeat","background-position":"center center","background-size":"auto","background-attachment":"scroll","background-type":"","background-media":"","overlay-type":"","overlay-color":"","overlay-opacity":"","overlay-gradient":""},"tablet":{"background-color":"","background-image":"","background-repeat":"repeat","background-position":"center center","background-size":"auto","background-attachment":"scroll","background-type":"","background-media":"","overlay-type":"","overlay-color":"","overlay-opacity":"","overlay-gradient":""},"mobile":{"background-color":"","background-image":"","background-repeat":"repeat","background-position":"center center","background-size":"auto","background-attachment":"scroll","background-type":"","background-media":"","overlay-type":"","overlay-color":"","overlay-opacity":"","overlay-gradient":""}},"ast-content-background-meta":{"desktop":{"background-color":"var(--ast-global-color-5)","background-image":"","background-repeat":"repeat","background-position":"center center","background-size":"auto","background-attachment":"scroll","background-type":"","background-media":"","overlay-type":"","overlay-color":"","overlay-opacity":"","overlay-gradient":""},"tablet":{"background-color":"var(--ast-global-color-5)","background-image":"","background-repeat":"repeat","background-position":"center center","background-size":"auto","background-attachment":"scroll","background-type":"","background-media":"","overlay-type":"","overlay-color":"","overlay-opacity":"","overlay-gradient":""},"mobile":{"background-color":"var(--ast-global-color-5)","background-image":"","background-repeat":"repeat","background-position":"center center","background-size":"auto","background-attachment":"scroll","background-type":"","background-media":"","overlay-type":"","overlay-color":"","overlay-opacity":"","overlay-gradient":""}},"footnotes":""},"class_list":["post-9291","page","type-page","status-publish","hentry"],"post_mailing_queue_ids":[],"_links":{"self":[{"href":"https:\/\/serveiseducatius.xtec.cat\/vallesoccidental4\/wp-json\/wp\/v2\/pages\/9291","targetHints":{"allow":["GET"]}}],"collection":[{"href":"https:\/\/serveiseducatius.xtec.cat\/vallesoccidental4\/wp-json\/wp\/v2\/pages"}],"about":[{"href":"https:\/\/serveiseducatius.xtec.cat\/vallesoccidental4\/wp-json\/wp\/v2\/types\/page"}],"author":[{"embeddable":true,"href":"https:\/\/serveiseducatius.xtec.cat\/vallesoccidental4\/wp-json\/wp\/v2\/users\/1"}],"replies":[{"embeddable":true,"href":"https:\/\/serveiseducatius.xtec.cat\/vallesoccidental4\/wp-json\/wp\/v2\/comments?post=9291"}],"version-history":[{"count":4,"href":"https:\/\/serveiseducatius.xtec.cat\/vallesoccidental4\/wp-json\/wp\/v2\/pages\/9291\/revisions"}],"predecessor-version":[{"id":10486,"href":"https:\/\/serveiseducatius.xtec.cat\/vallesoccidental4\/wp-json\/wp\/v2\/pages\/9291\/revisions\/10486"}],"up":[{"embeddable":true,"href":"https:\/\/serveiseducatius.xtec.cat\/vallesoccidental4\/wp-json\/wp\/v2\/pages\/906"}],"wp:attachment":[{"href":"https:\/\/serveiseducatius.xtec.cat\/vallesoccidental4\/wp-json\/wp\/v2\/media?parent=9291"}],"curies":[{"name":"wp","href":"https:\/\/api.w.org\/{rel}","templated":true}]}}