{"id":8985,"date":"2019-12-19T16:58:31","date_gmt":"2019-12-19T15:58:31","guid":{"rendered":"http:\/\/serveiseducatius.xtec.cat\/vallesoccidental4\/?page_id=8985"},"modified":"2020-01-21T14:15:06","modified_gmt":"2020-01-21T13:15:06","slug":"centres-densenyaments-artistics","status":"publish","type":"page","link":"https:\/\/serveiseducatius.xtec.cat\/vallesoccidental4\/comunitat\/centres-educatius\/centres-densenyaments-artistics\/","title":{"rendered":"Centres d&#8217;ensenyaments art\u00edstics"},"content":{"rendered":"<p><img loading=\"lazy\" decoding=\"async\" class=\"wp-image-8992 aligncenter\" src=\"https:\/\/serveiseducatius.xtec.cat\/vallesoccidental4\/wp-content\/uploads\/usu1114\/2019\/12\/ESC_disseny-e1576772155211.jpg\" alt=\"\" width=\"831\" height=\"245\" srcset=\"https:\/\/serveiseducatius.xtec.cat\/vallesoccidental4\/wp-content\/uploads\/usu1114\/2019\/12\/ESC_disseny-e1576772155211.jpg 598w, https:\/\/serveiseducatius.xtec.cat\/vallesoccidental4\/wp-content\/uploads\/usu1114\/2019\/12\/ESC_disseny-e1576772155211-300x88.jpg 300w\" sizes=\"auto, (max-width: 831px) 100vw, 831px\" \/><\/p>\n<h1 style=\"text-align: center;\"><strong>Escola Municipal d&#8217;Arts Pl\u00e0stiques i Disseny<\/strong><\/h1>\n<p><a href=\"http:\/\/conservatorisantcugat.blogspot.com\/\" target=\"_blank\" rel=\"noopener noreferrer\"><br \/>\n<\/a><a href=\"http:\/\/escoladart.com\/\" target=\"_blank\" rel=\"noopener noreferrer\"><img loading=\"lazy\" decoding=\"async\" class=\"alignright wp-image-8990\" src=\"https:\/\/serveiseducatius.xtec.cat\/vallesoccidental4\/wp-content\/uploads\/usu1114\/2019\/12\/Escola-d_art-i-disseny.png\" alt=\"\" width=\"507\" height=\"255\" srcset=\"https:\/\/serveiseducatius.xtec.cat\/vallesoccidental4\/wp-content\/uploads\/usu1114\/2019\/12\/Escola-d_art-i-disseny.png 322w, https:\/\/serveiseducatius.xtec.cat\/vallesoccidental4\/wp-content\/uploads\/usu1114\/2019\/12\/Escola-d_art-i-disseny-300x151.png 300w\" sizes=\"auto, (max-width: 507px) 100vw, 507px\" \/><\/a><a href=\"https:\/\/goo.gl\/maps\/HVVYtEk1oAqLBtv8A\" target=\"_blank\" rel=\"noopener noreferrer\">Avinguda de Gr\u00e0cia, 50<\/a><br \/>\nTel. 936 741 310<br \/>\nCorreu electr\u00f2nic: <a href=\"mailto:info@escoladart.com\">info@escoladart.com<\/a><br \/>\nWeb: <a href=\"http:\/\/www.escoladart.com\/\" target=\"_blank\" rel=\"noopener noreferrer\">http:\/\/www.escoladart.com\/<\/a><br \/>\nCicle mitj\u00e0, de 8,30 a 14,30h<br \/>\nCicles superiors, de 15,30 a 21,30h<br \/>\nOFERTA FORMATIVA<br \/>\n&#8211; Ensenyaments d&#8217;arts pl\u00e0stiques i disseny, fam\u00edlia comunicaci\u00f3 gr\u00e0fica i audiovisual:<br \/>\n&#8211; Cicle formatiu de grau mitj\u00e0:<br \/>\n&#8211; Assistent al producte gr\u00e0fic<br \/>\n&#8211; Cicle formatiu de grau superior:<br \/>\n&#8211; Animaci\u00f3, Gr\u00e0fica impresa<br \/>\n&#8211; Gr\u00e0fica interactiva<br \/>\n&#8211; Il\u00b7lustraci\u00f3<\/p>\n<h5><\/h5>\n<p>&nbsp;<\/p>\n<p><img loading=\"lazy\" decoding=\"async\" class=\"wp-image-8987 aligncenter\" src=\"https:\/\/serveiseducatius.xtec.cat\/vallesoccidental4\/wp-content\/uploads\/usu1114\/2019\/12\/Cons_mus-e1576771093956.jpg\" alt=\"\" width=\"840\" height=\"239\" srcset=\"https:\/\/serveiseducatius.xtec.cat\/vallesoccidental4\/wp-content\/uploads\/usu1114\/2019\/12\/Cons_mus-e1576771093956.jpg 960w, https:\/\/serveiseducatius.xtec.cat\/vallesoccidental4\/wp-content\/uploads\/usu1114\/2019\/12\/Cons_mus-e1576771093956-300x85.jpg 300w, https:\/\/serveiseducatius.xtec.cat\/vallesoccidental4\/wp-content\/uploads\/usu1114\/2019\/12\/Cons_mus-e1576771093956-768x218.jpg 768w\" sizes=\"auto, (max-width: 840px) 100vw, 840px\" \/><\/p>\n<h1 style=\"text-align: center;\"><strong>Escola Municipal Vict\u00f2ria dels \u00c0ngels i Conservatori de Sant Cugat<\/strong><\/h1>\n<p><a href=\"http:\/\/conservatorisantcugat.blogspot.com\/\" target=\"_blank\" rel=\"noopener noreferrer\"><br \/>\n<\/a><a href=\"http:\/\/conservatorisantcugat.blogspot.com\/\" target=\"_blank\" rel=\"noopener noreferrer\"><img loading=\"lazy\" decoding=\"async\" class=\"wp-image-8991 alignleft\" src=\"https:\/\/serveiseducatius.xtec.cat\/vallesoccidental4\/wp-content\/uploads\/usu1114\/2019\/12\/Conservatori-de-musica.jpg\" alt=\"\" width=\"259\" height=\"259\" srcset=\"https:\/\/serveiseducatius.xtec.cat\/vallesoccidental4\/wp-content\/uploads\/usu1114\/2019\/12\/Conservatori-de-musica.jpg 960w, https:\/\/serveiseducatius.xtec.cat\/vallesoccidental4\/wp-content\/uploads\/usu1114\/2019\/12\/Conservatori-de-musica-150x150.jpg 150w, https:\/\/serveiseducatius.xtec.cat\/vallesoccidental4\/wp-content\/uploads\/usu1114\/2019\/12\/Conservatori-de-musica-300x300.jpg 300w, https:\/\/serveiseducatius.xtec.cat\/vallesoccidental4\/wp-content\/uploads\/usu1114\/2019\/12\/Conservatori-de-musica-768x768.jpg 768w\" sizes=\"auto, (max-width: 259px) 100vw, 259px\" \/><\/a><a href=\"https:\/\/goo.gl\/maps\/ZtEkKJMxDswudtcB9\" target=\"_blank\" rel=\"noopener noreferrer\">Pla\u00e7a de Vict\u00f2ria dels \u00c0ngels, 2 <\/a><br \/>\nTel. 935 890 551<br \/>\nCorreu electr\u00f2nic: <a href=\"mailto:a8040643@xtec.cat\">a8040643@xtec.cat<\/a><br \/>\nWeb: <a href=\"http:\/\/conservatorisantcugat.blogspot.com\/\" target=\"_blank\" rel=\"noopener noreferrer\">http:\/\/conservatorisantcugat.blogspot.com\/<\/a><br \/>\nSecretaria:<br \/>\nDilluns a dijous: 17:00 a 20:00<br \/>\nDimecres i divendres: 11:00 a 13:00<br \/>\nOFERTA FORMATIVA<br \/>\n&#8211; Grau professional de m\u00fasica.<br \/>\n&#8211; Especialitats instrumentals: percussi\u00f3, flauta de bec, flauta travessera, obo\u00e8, clarinet, sax\u00f2fon, fagot, trompa, trompeta, tromb\u00f3, fiscorn, vol\u00ed, viola, violoncel, contrabaix, piano, guitarra i cant.<\/p>\n","protected":false},"excerpt":{"rendered":"<p>Escola Municipal d&#8217;Arts Pl\u00e0stiques i Disseny Avinguda de Gr\u00e0cia, 50 Tel. 936 741 310 Correu electr\u00f2nic: info@escoladart.com Web: http:\/\/www.escoladart.com\/ Cicle mitj\u00e0, de 8,30 a 14,30h Cicles superiors, de 15,30 a 21,30h OFERTA FORMATIVA &#8211; Ensenyaments d&#8217;arts pl\u00e0stiques i disseny, fam\u00edlia comunicaci\u00f3 gr\u00e0fica i audiovisual: &#8211; Cicle formatiu de grau mitj\u00e0: &#8211; Assistent al producte gr\u00e0fic [&hellip;]<\/p>\n","protected":false},"author":1,"featured_media":0,"parent":338,"menu_order":60,"comment_status":"closed","ping_status":"closed","template":"page-templates\/side-menu.php","meta":{"_bbp_topic_count":0,"_bbp_reply_count":0,"_bbp_total_topic_count":0,"_bbp_total_reply_count":0,"_bbp_voice_count":0,"_bbp_anonymous_reply_count":0,"_bbp_topic_count_hidden":0,"_bbp_reply_count_hidden":0,"_bbp_forum_subforum_count":0,"site-sidebar-layout":"default","site-content-layout":"","ast-site-content-layout":"","site-content-style":"default","site-sidebar-style":"default","ast-global-header-display":"","ast-banner-title-visibility":"","ast-main-header-display":"","ast-hfb-above-header-display":"","ast-hfb-below-header-display":"","ast-hfb-mobile-header-display":"","site-post-title":"","ast-breadcrumbs-content":"","ast-featured-img":"","footer-sml-layout":"","theme-transparent-header-meta":"","adv-header-id-meta":"","stick-header-meta":"","header-above-stick-meta":"","header-main-stick-meta":"","header-below-stick-meta":"","astra-migrate-meta-layouts":"default","ast-page-background-enabled":"default","ast-page-background-meta":{"desktop":{"background-color":"var(--ast-global-color-4)","background-image":"","background-repeat":"repeat","background-position":"center center","background-size":"auto","background-attachment":"scroll","background-type":"","background-media":"","overlay-type":"","overlay-color":"","overlay-opacity":"","overlay-gradient":""},"tablet":{"background-color":"","background-image":"","background-repeat":"repeat","background-position":"center center","background-size":"auto","background-attachment":"scroll","background-type":"","background-media":"","overlay-type":"","overlay-color":"","overlay-opacity":"","overlay-gradient":""},"mobile":{"background-color":"","background-image":"","background-repeat":"repeat","background-position":"center center","background-size":"auto","background-attachment":"scroll","background-type":"","background-media":"","overlay-type":"","overlay-color":"","overlay-opacity":"","overlay-gradient":""}},"ast-content-background-meta":{"desktop":{"background-color":"var(--ast-global-color-5)","background-image":"","background-repeat":"repeat","background-position":"center center","background-size":"auto","background-attachment":"scroll","background-type":"","background-media":"","overlay-type":"","overlay-color":"","overlay-opacity":"","overlay-gradient":""},"tablet":{"background-color":"var(--ast-global-color-5)","background-image":"","background-repeat":"repeat","background-position":"center center","background-size":"auto","background-attachment":"scroll","background-type":"","background-media":"","overlay-type":"","overlay-color":"","overlay-opacity":"","overlay-gradient":""},"mobile":{"background-color":"var(--ast-global-color-5)","background-image":"","background-repeat":"repeat","background-position":"center center","background-size":"auto","background-attachment":"scroll","background-type":"","background-media":"","overlay-type":"","overlay-color":"","overlay-opacity":"","overlay-gradient":""}},"footnotes":""},"class_list":["post-8985","page","type-page","status-publish","hentry"],"post_mailing_queue_ids":[],"_links":{"self":[{"href":"https:\/\/serveiseducatius.xtec.cat\/vallesoccidental4\/wp-json\/wp\/v2\/pages\/8985","targetHints":{"allow":["GET"]}}],"collection":[{"href":"https:\/\/serveiseducatius.xtec.cat\/vallesoccidental4\/wp-json\/wp\/v2\/pages"}],"about":[{"href":"https:\/\/serveiseducatius.xtec.cat\/vallesoccidental4\/wp-json\/wp\/v2\/types\/page"}],"author":[{"embeddable":true,"href":"https:\/\/serveiseducatius.xtec.cat\/vallesoccidental4\/wp-json\/wp\/v2\/users\/1"}],"replies":[{"embeddable":true,"href":"https:\/\/serveiseducatius.xtec.cat\/vallesoccidental4\/wp-json\/wp\/v2\/comments?post=8985"}],"version-history":[{"count":3,"href":"https:\/\/serveiseducatius.xtec.cat\/vallesoccidental4\/wp-json\/wp\/v2\/pages\/8985\/revisions"}],"predecessor-version":[{"id":9084,"href":"https:\/\/serveiseducatius.xtec.cat\/vallesoccidental4\/wp-json\/wp\/v2\/pages\/8985\/revisions\/9084"}],"up":[{"embeddable":true,"href":"https:\/\/serveiseducatius.xtec.cat\/vallesoccidental4\/wp-json\/wp\/v2\/pages\/338"}],"wp:attachment":[{"href":"https:\/\/serveiseducatius.xtec.cat\/vallesoccidental4\/wp-json\/wp\/v2\/media?parent=8985"}],"curies":[{"name":"wp","href":"https:\/\/api.w.org\/{rel}","templated":true}]}}