{"id":608,"date":"2015-11-27T10:04:51","date_gmt":"2015-11-27T09:04:51","guid":{"rendered":"http:\/\/serveiseducatius.xtec.cat\/se-vallesoccidental4\/?page_id=608"},"modified":"2023-09-12T10:14:10","modified_gmt":"2023-09-12T08:14:10","slug":"horari-i-calendari","status":"publish","type":"page","link":"https:\/\/serveiseducatius.xtec.cat\/vallesoccidental4\/el-servei-educatiu\/horari-i-calendari\/","title":{"rendered":"Horari i calendari"},"content":{"rendered":"<h5><span style=\"text-decoration: underline;\">Horari<\/span><\/h5>\n<p>De dilluns a\u00a0divendres<\/p>\n<ul>\n<li>Mat\u00ed: de<strong> 10<\/strong>\u00a0a <strong>14 <\/strong>h<\/li>\n<li>Tarda: de<strong> 16,15<\/strong> a <strong>17,15<\/strong>\u00a0h<\/li>\n<\/ul>\n<h5><span style=\"text-decoration: underline;\">Horari intensiu<\/span><\/h5>\n<p>De <strong>9<\/strong> a <strong>15<\/strong>\u00a0h:<\/p>\n<ul>\n<li>21 de desembre de 2023<\/li>\n<li>Del 5 de juny al 14 de juliol de 2023<\/li>\n<\/ul>\n<h5><span style=\"text-decoration: underline;\">Vacances:<\/span><\/h5>\n<ul>\n<li><strong>Nadal<\/strong>: del 21 de desembre de 2023 al 7 de gener de 2023, ambd\u00f3s\u00a0 inclosos.<\/li>\n<li><strong>Setmana Santa<\/strong>: del 23 de mar\u00e7 a l&#8217;1 d\u2019abril de 2024, ambd\u00f3s inclosos.<\/li>\n<\/ul>\n<p>El nostre servei educatiu romandr\u00e0 tancat al p\u00fablic, a part dels per\u00edodes de vacances escolars i dels dies de festes laborals oficials a Catalunya, els seg\u00fcents dies de festa local i de lliure disposici\u00f3, acordats pel Consell Escolar Municipal de Sant Cugat del Vall\u00e8s:<\/p>\n<ul>\n<li>11 de setembre de 223<\/li>\n<li>12 d&#8217;octubre de 2023 <em>(Festiu)<\/em><\/li>\n<li>13 d&#8217;octubre de 2023 (festa de lliure disposici\u00f3)<\/li>\n<li>1 de novembre de 2023 <em>(Festiu)<\/em><\/li>\n<li>6 de desembre de 2023 <em>(Festiu)<\/em><\/li>\n<li>7 de desembre de 2023 <em>(festa de lliure disposici\u00f3)<\/em><\/li>\n<li>8 de desembre de 2023 <em>(Festiu)<\/em><\/li>\n<li>12 de febrer de 2024 <em>(festa de lliure disposici\u00f3)<\/em><\/li>\n<li>4 de mar\u00e7 de 2024 <em>(festa de lliure disposici\u00f3)<\/em><\/li>\n<li>15 d&#8217;abril de 2024 <em>(festa de lliure disposici\u00f3)<\/em><\/li>\n<li>1 de maig de 2024 <em>(Festiu)<\/em><\/li>\n<li>20 de maig de 2024 <em>(festa local &#8211; Sant Medir)<\/em><\/li>\n<li>24 de juny de 2024 <em>(festiu)<\/em><\/li>\n<li>28 de juny de 2024 <em>(festa local- Sant Pere)<\/em><\/li>\n<\/ul>\n","protected":false},"excerpt":{"rendered":"<p>Horari De dilluns a\u00a0divendres Mat\u00ed: de 10\u00a0a 14 h Tarda: de 16,15 a 17,15\u00a0h Horari intensiu De 9 a 15\u00a0h: 21 de desembre de 2023 Del 5 de juny al 14 de juliol de 2023 Vacances: Nadal: del 21 de desembre de 2023 al 7 de gener de 2023, ambd\u00f3s\u00a0 inclosos. Setmana Santa: del 23 [&hellip;]<\/p>\n","protected":false},"author":1,"featured_media":0,"parent":806,"menu_order":30,"comment_status":"closed","ping_status":"closed","template":"page-templates\/side-menu.php","meta":{"_bbp_topic_count":0,"_bbp_reply_count":0,"_bbp_total_topic_count":0,"_bbp_total_reply_count":0,"_bbp_voice_count":0,"_bbp_anonymous_reply_count":0,"_bbp_topic_count_hidden":0,"_bbp_reply_count_hidden":0,"_bbp_forum_subforum_count":0,"site-sidebar-layout":"default","site-content-layout":"","ast-site-content-layout":"","site-content-style":"default","site-sidebar-style":"default","ast-global-header-display":"","ast-banner-title-visibility":"","ast-main-header-display":"","ast-hfb-above-header-display":"","ast-hfb-below-header-display":"","ast-hfb-mobile-header-display":"","site-post-title":"","ast-breadcrumbs-content":"","ast-featured-img":"","footer-sml-layout":"","theme-transparent-header-meta":"","adv-header-id-meta":"","stick-header-meta":"","header-above-stick-meta":"","header-main-stick-meta":"","header-below-stick-meta":"","astra-migrate-meta-layouts":"default","ast-page-background-enabled":"default","ast-page-background-meta":{"desktop":{"background-color":"var(--ast-global-color-4)","background-image":"","background-repeat":"repeat","background-position":"center center","background-size":"auto","background-attachment":"scroll","background-type":"","background-media":"","overlay-type":"","overlay-color":"","overlay-opacity":"","overlay-gradient":""},"tablet":{"background-color":"","background-image":"","background-repeat":"repeat","background-position":"center center","background-size":"auto","background-attachment":"scroll","background-type":"","background-media":"","overlay-type":"","overlay-color":"","overlay-opacity":"","overlay-gradient":""},"mobile":{"background-color":"","background-image":"","background-repeat":"repeat","background-position":"center center","background-size":"auto","background-attachment":"scroll","background-type":"","background-media":"","overlay-type":"","overlay-color":"","overlay-opacity":"","overlay-gradient":""}},"ast-content-background-meta":{"desktop":{"background-color":"var(--ast-global-color-5)","background-image":"","background-repeat":"repeat","background-position":"center center","background-size":"auto","background-attachment":"scroll","background-type":"","background-media":"","overlay-type":"","overlay-color":"","overlay-opacity":"","overlay-gradient":""},"tablet":{"background-color":"var(--ast-global-color-5)","background-image":"","background-repeat":"repeat","background-position":"center center","background-size":"auto","background-attachment":"scroll","background-type":"","background-media":"","overlay-type":"","overlay-color":"","overlay-opacity":"","overlay-gradient":""},"mobile":{"background-color":"var(--ast-global-color-5)","background-image":"","background-repeat":"repeat","background-position":"center center","background-size":"auto","background-attachment":"scroll","background-type":"","background-media":"","overlay-type":"","overlay-color":"","overlay-opacity":"","overlay-gradient":""}},"footnotes":""},"class_list":["post-608","page","type-page","status-publish","hentry"],"post_mailing_queue_ids":[],"_links":{"self":[{"href":"https:\/\/serveiseducatius.xtec.cat\/vallesoccidental4\/wp-json\/wp\/v2\/pages\/608","targetHints":{"allow":["GET"]}}],"collection":[{"href":"https:\/\/serveiseducatius.xtec.cat\/vallesoccidental4\/wp-json\/wp\/v2\/pages"}],"about":[{"href":"https:\/\/serveiseducatius.xtec.cat\/vallesoccidental4\/wp-json\/wp\/v2\/types\/page"}],"author":[{"embeddable":true,"href":"https:\/\/serveiseducatius.xtec.cat\/vallesoccidental4\/wp-json\/wp\/v2\/users\/1"}],"replies":[{"embeddable":true,"href":"https:\/\/serveiseducatius.xtec.cat\/vallesoccidental4\/wp-json\/wp\/v2\/comments?post=608"}],"version-history":[{"count":3,"href":"https:\/\/serveiseducatius.xtec.cat\/vallesoccidental4\/wp-json\/wp\/v2\/pages\/608\/revisions"}],"predecessor-version":[{"id":10155,"href":"https:\/\/serveiseducatius.xtec.cat\/vallesoccidental4\/wp-json\/wp\/v2\/pages\/608\/revisions\/10155"}],"up":[{"embeddable":true,"href":"https:\/\/serveiseducatius.xtec.cat\/vallesoccidental4\/wp-json\/wp\/v2\/pages\/806"}],"wp:attachment":[{"href":"https:\/\/serveiseducatius.xtec.cat\/vallesoccidental4\/wp-json\/wp\/v2\/media?parent=608"}],"curies":[{"name":"wp","href":"https:\/\/api.w.org\/{rel}","templated":true}]}}