{"id":608,"date":"2015-11-27T10:04:51","date_gmt":"2015-11-27T09:04:51","guid":{"rendered":"http:\/\/serveiseducatius.xtec.cat\/se-vallesoccidental3\/?page_id=608"},"modified":"2026-09-03T13:42:09","modified_gmt":"2026-09-03T11:42:09","slug":"horari-i-calendari","status":"publish","type":"page","link":"https:\/\/serveiseducatius.xtec.cat\/vallesoccidental3\/horari-i-calendari\/","title":{"rendered":"Horari i calendari"},"content":{"rendered":"\n<p>Horari d&#8217;atenci\u00f3 al p\u00fablic:<\/p>\n\n\n\n<ul class=\"wp-block-list\">\n<li>De dilluns a dijous, de 9 a 14 h i de 16 a 18 h. Divendres, de 9 a 14 h.<\/li>\n\n\n\n<li>Del 9 de juny al 15 de juliol i de l\u20191 al 7 de setembre, de 9 a 14 h.<\/li>\n<\/ul>\n\n\n\n<p>L\u2019atenci\u00f3 presencial es far\u00e0 preferiblement amb cita pr\u00e8via, que es podr\u00e0 sol\u00b7licitar de dilluns a divendres.<\/p>\n\n\n\n<h4 class=\"wp-block-heading\">Curs 2026-2027. <a href=\"https:\/\/web.gencat.cat\/content\/dam\/webgencat\/documents\/ciutadania\/serveis\/educacio-i-formaci%C3%B3\/calendari-escolar.pdf\">Calendari<\/a><\/h4>\n\n\n\n<p><strong>Vacances escolars:<\/strong><\/p>\n\n\n\n<p><strong>1r Trimestre<\/strong>: Inici 8 de setembre, \u00faltim dia de classe 21 de desembre.<br><strong>2n Trimestre<\/strong>: Inici 8 de gener, \u00faltim dia de classe 19 de mar\u00e7.<br><strong>3r Trimestre<\/strong>: Inici 30 de mar\u00e7, \u00faltim dia de classe 21 de juny.<\/p>\n\n\n\n<p>El nostre Servei Educatiu <strong>romandr\u00e0 tancat al p\u00fablic<\/strong>, a part dels per\u00edodes de <strong>vacances escolars<\/strong> i dels dies de<strong> festes laborals oficials a Catalunya<\/strong>, els seg\u00fcents dies de festa local i de lliure disposici\u00f3, acordats pel Consell Escolar Municipal de Rub\u00ed:<\/p>\n\n\n\n<ul class=\"wp-block-list\">\n<li>divendres 9 d\u2019octubre<\/li>\n\n\n\n<li>dilluns 2 de novembre<\/li>\n\n\n\n<li>dilluns 7 de desembre<\/li>\n\n\n\n<li>dilluns 8 de febrer <\/li>\n\n\n\n<li>divendres 30 d\u2019abril<\/li>\n\n\n\n<li>dilluns 17 de maig<\/li>\n<\/ul>\n\n\n\n<p class=\"has-text-align-left\">Festes locals: 28 i 29 de juny<br>Festa auton\u00f2mica: 11 de setembre<\/p>\n\n\n\n<p>Us informem de les dates de les festes de lliure disposici\u00f3 i festes locals de Castellbisbal, tot i que, si no coincideixen amb els festius a Rub\u00ed, el Servei Educatiu romandr\u00e0 obert al p\u00fablic:<\/p>\n\n\n\n<ul class=\"wp-block-list\">\n<li>dilluns 2 de novembre <\/li>\n\n\n\n<li>dilluns 7 de desembre<\/li>\n\n\n\n<li>dilluns 8 de febrer <\/li>\n\n\n\n<li>divendres 30 d\u2019abril<\/li>\n\n\n\n<li>dilluns 17 de maig<\/li>\n<\/ul>\n\n\n\n<p>Festes locals: 22 de gener<br>Festa auton\u00f2mica: 11 de setembre<\/p>\n\n\n\n<p><\/p>\n\n\n\n<p><\/p>\n\n\n\n<p><\/p>\n","protected":false},"excerpt":{"rendered":"<p>Horari d&#8217;atenci\u00f3 al p\u00fablic: L\u2019atenci\u00f3 presencial es far\u00e0 preferiblement amb cita pr\u00e8via, que es podr\u00e0 sol\u00b7licitar de dilluns a divendres. Curs 2026-2027. Calendari Vacances escolars: 1r Trimestre: Inici 8 de setembre, \u00faltim dia de classe 21 de desembre.2n Trimestre: Inici 8 de gener, \u00faltim dia de classe 19 de mar\u00e7.3r Trimestre: Inici 30 de mar\u00e7, [&hellip;]<\/p>\n","protected":false},"author":1,"featured_media":0,"parent":0,"menu_order":30,"comment_status":"closed","ping_status":"closed","template":"","meta":{"_bbp_topic_count":0,"_bbp_reply_count":0,"_bbp_total_topic_count":0,"_bbp_total_reply_count":0,"_bbp_voice_count":0,"_bbp_anonymous_reply_count":0,"_bbp_topic_count_hidden":0,"_bbp_reply_count_hidden":0,"_bbp_forum_subforum_count":0,"site-sidebar-layout":"default","site-content-layout":"","ast-site-content-layout":"default","site-content-style":"default","site-sidebar-style":"default","ast-global-header-display":"","ast-banner-title-visibility":"","ast-main-header-display":"","ast-hfb-above-header-display":"","ast-hfb-below-header-display":"","ast-hfb-mobile-header-display":"","site-post-title":"","ast-breadcrumbs-content":"","ast-featured-img":"","footer-sml-layout":"","theme-transparent-header-meta":"","adv-header-id-meta":"","stick-header-meta":"","header-above-stick-meta":"","header-main-stick-meta":"","header-below-stick-meta":"","astra-migrate-meta-layouts":"set","ast-page-background-enabled":"default","ast-page-background-meta":{"desktop":{"background-color":"var(--ast-global-color-4)","background-image":"","background-repeat":"repeat","background-position":"center center","background-size":"auto","background-attachment":"scroll","background-type":"","background-media":"","overlay-type":"","overlay-color":"","overlay-opacity":"","overlay-gradient":""},"tablet":{"background-color":"","background-image":"","background-repeat":"repeat","background-position":"center center","background-size":"auto","background-attachment":"scroll","background-type":"","background-media":"","overlay-type":"","overlay-color":"","overlay-opacity":"","overlay-gradient":""},"mobile":{"background-color":"","background-image":"","background-repeat":"repeat","background-position":"center center","background-size":"auto","background-attachment":"scroll","background-type":"","background-media":"","overlay-type":"","overlay-color":"","overlay-opacity":"","overlay-gradient":""}},"ast-content-background-meta":{"desktop":{"background-color":"var(--ast-global-color-5)","background-image":"","background-repeat":"repeat","background-position":"center center","background-size":"auto","background-attachment":"scroll","background-type":"","background-media":"","overlay-type":"","overlay-color":"","overlay-opacity":"","overlay-gradient":""},"tablet":{"background-color":"var(--ast-global-color-5)","background-image":"","background-repeat":"repeat","background-position":"center center","background-size":"auto","background-attachment":"scroll","background-type":"","background-media":"","overlay-type":"","overlay-color":"","overlay-opacity":"","overlay-gradient":""},"mobile":{"background-color":"var(--ast-global-color-5)","background-image":"","background-repeat":"repeat","background-position":"center center","background-size":"auto","background-attachment":"scroll","background-type":"","background-media":"","overlay-type":"","overlay-color":"","overlay-opacity":"","overlay-gradient":""}},"footnotes":""},"class_list":["post-608","page","type-page","status-publish","hentry"],"post_mailing_queue_ids":[],"_links":{"self":[{"href":"https:\/\/serveiseducatius.xtec.cat\/vallesoccidental3\/wp-json\/wp\/v2\/pages\/608","targetHints":{"allow":["GET"]}}],"collection":[{"href":"https:\/\/serveiseducatius.xtec.cat\/vallesoccidental3\/wp-json\/wp\/v2\/pages"}],"about":[{"href":"https:\/\/serveiseducatius.xtec.cat\/vallesoccidental3\/wp-json\/wp\/v2\/types\/page"}],"author":[{"embeddable":true,"href":"https:\/\/serveiseducatius.xtec.cat\/vallesoccidental3\/wp-json\/wp\/v2\/users\/1"}],"replies":[{"embeddable":true,"href":"https:\/\/serveiseducatius.xtec.cat\/vallesoccidental3\/wp-json\/wp\/v2\/comments?post=608"}],"version-history":[{"count":6,"href":"https:\/\/serveiseducatius.xtec.cat\/vallesoccidental3\/wp-json\/wp\/v2\/pages\/608\/revisions"}],"predecessor-version":[{"id":19404,"href":"https:\/\/serveiseducatius.xtec.cat\/vallesoccidental3\/wp-json\/wp\/v2\/pages\/608\/revisions\/19404"}],"wp:attachment":[{"href":"https:\/\/serveiseducatius.xtec.cat\/vallesoccidental3\/wp-json\/wp\/v2\/media?parent=608"}],"curies":[{"name":"wp","href":"https:\/\/api.w.org\/{rel}","templated":true}]}}

<p>Horari d&#8217;atenció al públic:</p>



<ul class="wp-block-list">
<li>De dilluns a dijous, de 9 a 14 h i de 16 a 18 h. Divendres, de 9 a 14 h.</li>



<li>Del 9 de juny al 15 de juliol i de l’1 al 7 de setembre, de 9 a 14 h.</li>
</ul>



<p>L’atenció presencial es farà preferiblement amb cita prèvia, que es podrà sol·licitar de dilluns a divendres.</p>



<h4 class="wp-block-heading">Curs 2026-2027. <a href="https://web.gencat.cat/content/dam/webgencat/documents/ciutadania/serveis/educacio-i-formaci%C3%B3/calendari-escolar.pdf">Calendari</a></h4>



<p><strong>Vacances escolars:</strong></p>



<p><strong>1r Trimestre</strong>: Inici 8 de setembre, últim dia de classe 21 de desembre.<br><strong>2n Trimestre</strong>: Inici 8 de gener, últim dia de classe 19 de març.<br><strong>3r Trimestre</strong>: Inici 30 de març, últim dia de classe 21 de juny.</p>



<p>El nostre Servei Educatiu <strong>romandrà tancat al públic</strong>, a part dels períodes de <strong>vacances escolars</strong> i dels dies de<strong> festes laborals oficials a Catalunya</strong>, els següents dies de festa local i de lliure disposició, acordats pel Consell Escolar Municipal de Rubí:</p>



<ul class="wp-block-list">
<li>divendres 9 d’octubre</li>



<li>dilluns 2 de novembre</li>



<li>dilluns 7 de desembre</li>



<li>dilluns 8 de febrer </li>



<li>divendres 30 d’abril</li>



<li>dilluns 17 de maig</li>
</ul>



<p class="has-text-align-left">Festes locals: 28 i 29 de juny<br>Festa autonòmica: 11 de setembre</p>



<p>Us informem de les dates de les festes de lliure disposició i festes locals de Castellbisbal, tot i que, si no coincideixen amb els festius a Rubí, el Servei Educatiu romandrà obert al públic:</p>



<ul class="wp-block-list">
<li>dilluns 2 de novembre </li>



<li>dilluns 7 de desembre</li>



<li>dilluns 8 de febrer </li>



<li>divendres 30 d’abril</li>



<li>dilluns 17 de maig</li>
</ul>



<p>Festes locals: 22 de gener<br>Festa autonòmica: 11 de setembre</p>



<p></p>



<p></p>



<p></p>

<p>Horari d&#8217;atenció al públic: L’atenció presencial es farà preferiblement amb cita prèvia, que es podrà sol·licitar de dilluns a divendres. Curs 2026-2027. Calendari Vacances escolars: 1r Trimestre: Inici 8 de setembre, últim dia de classe 21 de desembre.2n Trimestre: Inici 8 de gener, últim dia de classe 19 de març.3r Trimestre: Inici 30 de març, [&hellip;]</p>
