{"id":377,"date":"2015-11-25T14:17:51","date_gmt":"2015-11-25T13:17:51","guid":{"rendered":"http:\/\/serveiseducatius.xtec.cat\/se-vallesoccidental3\/?page_id=377"},"modified":"2025-02-07T11:46:03","modified_gmt":"2025-02-07T10:46:03","slug":"escoles-bressol","status":"publish","type":"page","link":"https:\/\/serveiseducatius.xtec.cat\/vallesoccidental3\/centres-educatius\/escoles-bressol\/","title":{"rendered":"Escoles bressol"},"content":{"rendered":"<table style=\"width: 67.5889%; height: 675px;\" border=\"1\">\n<tbody>\n<tr style=\"height: 37px;\">\n<td style=\"width: 12.029%; height: 37px;\" height=\"10\">\n<div style=\"text-align: left;\" align=\"center\">Codi<\/div>\n<\/td>\n<td style=\"width: 20.9398%; height: 37px;\" height=\"10\">\n<div style=\"text-align: left;\" align=\"center\">Nom del centre<\/div>\n<\/td>\n<td style=\"width: 11.1874%; height: 37px;\" height=\"10\">\n<div style=\"text-align: left;\" align=\"center\">Tel\u00e8fon<\/div>\n<\/td>\n<td style=\"width: 35.8097%; height: 37px;\" height=\"10\">\n<div style=\"text-align: left;\" align=\"center\">Adre\u00e7a<\/div>\n<\/td>\n<td style=\"width: 37.065%; height: 37px; text-align: left;\" height=\"10\">Adre\u00e7a electr\u00f2nica<\/td>\n<\/tr>\n<tr style=\"height: 33px;\">\n<td style=\"width: 117.031%; height: 33px;\" colspan=\"5\"><span style=\"font-size: 11pt;\"><strong>Castellbisbal<\/strong><\/span><\/td>\n<\/tr>\n<tr style=\"height: 20px;\">\n<td style=\"height: 20px; width: 12.029%;\">08069840<\/td>\n<td style=\"height: 20px; width: 20.9398%;\"><a href=\"https:\/\/www.castellbisbal.cat\/guia-del-municipi\/guia-dequipaments\/2013-11-20-escola-bressol-municipal-la-caseta.html\" target=\"_blank\" rel=\"noopener noreferrer\">EBM La Caseta<\/a><\/td>\n<td style=\"height: 20px; width: 11.1874%;\">937724831<\/td>\n<td style=\"height: 20px; width: 35.8097%;\"><span style=\"font-size: 10pt;\">Bellavista, 47-49<\/span><\/td>\n<td style=\"width: 37.065%;\"><a href=\"mailto:ebmlacaseta@xtec.cat\">ebmlacaseta@xtec.cat<\/a><\/td>\n<\/tr>\n<tr style=\"height: 12px;\">\n<td style=\"height: 10px; width: 12.029%;\">08048873<\/td>\n<td style=\"height: 10px; width: 20.9398%;\"><a href=\"https:\/\/www.nostrejardi.com\/\" target=\"_blank\" rel=\"noopener noreferrer\">Llar d&#8217;Infants <\/a><br \/>\n<a href=\"https:\/\/www.nostrejardi.com\/\" target=\"_blank\" rel=\"noopener noreferrer\">El Nostre Jard\u00ed<\/a><\/td>\n<td style=\"height: 10px; width: 11.1874%;\">693038402<\/td>\n<td style=\"height: 10px; width: 35.8097%;\"><span style=\"font-size: 10pt;\">Pi i Margall, 45<\/span><\/td>\n<td style=\"width: 37.065%;\"><a href=\"mailto:a8048873@xtec.cat\">a8048873@xtec.cat<\/a><\/td>\n<\/tr>\n<tr style=\"height: 30px;\">\n<td style=\"width: 117.031%;\" colspan=\"5\">\n<div style=\"text-align: left;\" align=\"center\"><strong>Rub\u00ed<\/strong><\/div>\n<\/td>\n<\/tr>\n<tr style=\"height: 10px;\">\n<td style=\"height: 10px; width: 12.029%; vertical-align: middle;\" height=\"26\">08068677<\/td>\n<td style=\"height: 10px; width: 20.9398%; vertical-align: middle;\" height=\"26\"><a href=\"https:\/\/www.rubi.cat\/ca\/temes\/educacio\/educacio-infantil-de-primer-cicle\/escoles-bressol-municipals-1\/escola-bressol-municipal-la-bruna\" target=\"_blank\" rel=\"noopener noreferrer\">EBM La Bruna<\/a><\/td>\n<td style=\"height: 10px; width: 11.1874%; vertical-align: middle;\" height=\"26\">935887706<\/td>\n<td style=\"height: 10px; width: 35.8097%; vertical-align: middle;\" height=\"26\"><span style=\"font-size: 10pt;\">Calder\u00f3n de la Barca, 4<\/span><\/td>\n<td style=\"width: 37.065%;\" height=\"26\"><a title=\"Adre\u00e7a de correu electr\u00f2nic de l'EBM La Bruna\" href=\"mailto:eb.labruna@ajrubi.cat\" target=\"_blank\" rel=\"noopener noreferrer\">eb.labruna@ajrubi.cat\u00a0\u00a0<\/a><\/td>\n<\/tr>\n<tr style=\"height: 25px;\">\n<td style=\"height: 25px; width: 12.029%; vertical-align: middle;\" height=\"26\">08045951<\/td>\n<td style=\"height: 25px; width: 20.9398%; vertical-align: middle;\"><a href=\"https:\/\/www.rubi.cat\/ca\/temes\/educacio\/educacio-infantil-de-primer-cicle\/escoles-bressol-municipals-1\/escola-bressol-municipal-sol-solet\" target=\"_blank\" rel=\"noopener noreferrer\">EBM Sol Solet<\/a><\/td>\n<td style=\"height: 25px; width: 11.1874%; vertical-align: middle;\">935886488<\/td>\n<td style=\"height: 25px; width: 35.8097%; vertical-align: middle;\"><span style=\"font-size: 10pt;\">Joaquim Blume, 30<\/span><\/td>\n<td style=\"width: 37.065%;\"><a title=\"Adre\u00e7a de correu electr\u00f2nic de l'EBM Sol, solet\" href=\"mailto:eb.solsolet@ajrubi.cat\" target=\"_blank\" rel=\"noopener noreferrer\">eb.solsolet@ajrubi.cat\u00a0<\/a><\/td>\n<\/tr>\n<tr style=\"height: 10px;\">\n<td style=\"height: 10px; width: 12.029%; vertical-align: middle;\" height=\"26\">08066590<\/td>\n<td style=\"height: 10px; width: 20.9398%; vertical-align: middle;\"><a href=\"https:\/\/www.rubi.cat\/ca\/temes\/educacio\/educacio-infantil-de-primer-cicle\/escoles-bressol-municipals-1\/escola-bressol-municipal-lluna\" target=\"_blank\" rel=\"noopener noreferrer\">EBM La Lluna<\/a><\/td>\n<td style=\"height: 10px; width: 11.1874%; vertical-align: middle;\">935889526<\/td>\n<td style=\"height: 10px; width: 35.8097%; vertical-align: middle;\"><span style=\"font-size: 10pt;\">Barcelona, 65-67<\/span><\/td>\n<td style=\"width: 37.065%;\"><a title=\"Adre\u00e7a de correu electr\u00f2nic de l'EBM Lluna\" href=\"mailto:eb.lluna@ajrubi.cat\" target=\"_blank\" rel=\"noopener noreferrer\">eb.lluna@ajrubi.cat\u00a0<\/a><\/td>\n<\/tr>\n<tr style=\"height: 31px;\">\n<td style=\"width: 12.029%; vertical-align: middle; height: 31px;\">08061397<\/td>\n<td style=\"width: 20.9398%; vertical-align: middle; height: 31px;\"><a href=\"https:\/\/www.lamaduixa.es\/\" target=\"_blank\" rel=\"noopener noreferrer\">EB La Maduixa<\/a><\/td>\n<td style=\"width: 11.1874%; vertical-align: middle; height: 31px;\">636268995<\/td>\n<td style=\"width: 35.8097%; vertical-align: middle; height: 31px;\">Lluis Ribas 1 &#8211; Local 4<\/td>\n<td style=\"width: 37.065%;\"><a href=\"mailto:a8061397@xtec.cat\">a8061397@xtec.cat<\/a><\/td>\n<\/tr>\n<tr style=\"height: 10px;\">\n<td style=\"height: 10px; width: 12.029%; vertical-align: middle;\" height=\"26\">08059676<\/td>\n<td style=\"height: 10px; width: 20.9398%; vertical-align: middle;\" valign=\"top\"><a href=\"https:\/\/www.facebook.com\/infantssnoopy\" target=\"_blank\" rel=\"noopener noreferrer\">EB Snoopy<\/a><\/td>\n<td style=\"height: 10px; width: 11.1874%; vertical-align: middle;\" valign=\"top\">935880254<\/td>\n<td style=\"height: 10px; width: 35.8097%; vertical-align: middle;\" valign=\"top\"><span style=\"font-size: 10pt;\">\u00a0Orso, 30<\/span><\/td>\n<td style=\"width: 37.065%;\" valign=\"top\"><a href=\"mailto:a8059676@xtec.cat\">a8059676@xtec.cat<\/a><\/td>\n<\/tr>\n<tr style=\"height: 10px;\">\n<td style=\"height: 10px; width: 12.029%; vertical-align: middle;\" height=\"26\">08059561<\/td>\n<td style=\"height: 10px; width: 20.9398%; vertical-align: middle;\" valign=\"top\"><a href=\"http:\/\/www.trenoneill.com\/\" target=\"_blank\" rel=\"noopener noreferrer\">EB Tren O&#8217;Neill<\/a><\/td>\n<td style=\"height: 10px; width: 11.1874%; vertical-align: middle;\" valign=\"top\"><a href=\"tel:637354732\"><strong>\u00a0<\/strong><\/a> 637354732<\/td>\n<td style=\"height: 10px; width: 35.8097%; vertical-align: middle;\" valign=\"top\"><span style=\"font-size: 10pt;\">Bartrina, 13-15<\/span><\/td>\n<td style=\"vertical-align: middle; width: 37.065%;\" valign=\"top\"><a title=\"mailto:info@trenoneill.com\" href=\"mailto:info@trenoneill.com\">info@trenoneill.com<\/a><\/td>\n<\/tr>\n<tr style=\"height: 10px;\">\n<td style=\"height: 10px; width: 12.029%; vertical-align: middle;\" valign=\"top\">08052049<\/td>\n<td style=\"height: 10px; width: 20.9398%; vertical-align: middle;\" valign=\"top\"><a href=\"http:\/\/www.xtec.cat\/esc-tagarot\/\" target=\"_blank\" rel=\"noopener noreferrer\">EB Tagarot<\/a><\/td>\n<td style=\"height: 10px; width: 11.1874%; vertical-align: middle;\" valign=\"top\">936991867<\/td>\n<td style=\"height: 10px; width: 35.8097%; vertical-align: middle;\" valign=\"top\"><span style=\"font-size: 10pt;\">Calder\u00f3n de la Barca, 42<\/span><\/td>\n<td style=\"vertical-align: middle; width: 37.065%;\" valign=\"top\"><a href=\"mailto:a8052049@xtec.cat\">a8052049@xtec.cat<\/a><\/td>\n<\/tr>\n<tr style=\"height: 26px;\">\n<td style=\"height: 26px; width: 12.029%; vertical-align: middle;\" valign=\"top\">08065883<\/td>\n<td style=\"height: 26px; width: 20.9398%; vertical-align: middle;\" valign=\"top\"><a href=\"https:\/\/www.facebook.com\/llardinfantsbarrufets\" target=\"_blank\" rel=\"noopener noreferrer\">EB Barrufets<\/a><\/td>\n<td style=\"height: 26px; width: 11.1874%; vertical-align: middle;\" valign=\"top\">936970452<\/td>\n<td style=\"height: 26px; width: 35.8097%; vertical-align: middle;\" valign=\"top\"><span style=\"font-size: 10pt;\">Cam\u00ed de ca n&#8217;Oriol, 9<\/span><\/td>\n<td style=\"width: 37.065%;\" valign=\"top\"><a href=\"mailto:barrufetsdicae@hotmail.com\">barrufetsdicae@hotmail.com<\/a><\/td>\n<\/tr>\n<tr style=\"height: 10px;\">\n<td style=\"height: 10px; width: 12.029%; vertical-align: middle;\">08059172<\/td>\n<td style=\"height: 10px; width: 20.9398%; vertical-align: middle;\"><a href=\"http:\/\/www.elefantblaurubi.com\/\" target=\"_blank\" rel=\"noopener noreferrer\">EB Elefant Blau<\/a><\/td>\n<td style=\"height: 10px; width: 11.1874%; vertical-align: middle;\">936970506<\/td>\n<td style=\"height: 10px; width: 35.8097%; vertical-align: middle;\"><span style=\"font-size: 10pt;\">Parellada, 19<\/span><\/td>\n<td style=\"height: 10px; width: 37.065%; vertical-align: middle;\"><a href=\"mailto:escolabressolelefantblau@gmail.com\">escolabressolelefantblau@gmail.com<\/a><\/td>\n<\/tr>\n<\/tbody>\n<\/table>\n<p>&nbsp;<\/p>\n","protected":false},"excerpt":{"rendered":"<p>Codi Nom del centre Tel\u00e8fon Adre\u00e7a Adre\u00e7a electr\u00f2nica Castellbisbal 08069840 EBM La Caseta 937724831 Bellavista, 47-49 ebmlacaseta@xtec.cat 08048873 Llar d&#8217;Infants El Nostre Jard\u00ed 693038402 Pi i Margall, 45 a8048873@xtec.cat Rub\u00ed 08068677 EBM La Bruna 935887706 Calder\u00f3n de la Barca, 4 eb.labruna@ajrubi.cat\u00a0\u00a0 08045951 EBM Sol Solet 935886488 Joaquim Blume, 30 eb.solsolet@ajrubi.cat\u00a0 08066590 EBM La Lluna 935889526 [&hellip;]<\/p>\n","protected":false},"author":1,"featured_media":0,"parent":338,"menu_order":10,"comment_status":"closed","ping_status":"closed","template":"page-templates\/side-menu.php","meta":{"_bbp_topic_count":0,"_bbp_reply_count":0,"_bbp_total_topic_count":0,"_bbp_total_reply_count":0,"_bbp_voice_count":0,"_bbp_anonymous_reply_count":0,"_bbp_topic_count_hidden":0,"_bbp_reply_count_hidden":0,"_bbp_forum_subforum_count":0,"site-sidebar-layout":"default","site-content-layout":"","ast-site-content-layout":"","site-content-style":"default","site-sidebar-style":"default","ast-global-header-display":"","ast-banner-title-visibility":"","ast-main-header-display":"","ast-hfb-above-header-display":"","ast-hfb-below-header-display":"","ast-hfb-mobile-header-display":"","site-post-title":"","ast-breadcrumbs-content":"","ast-featured-img":"","footer-sml-layout":"","theme-transparent-header-meta":"","adv-header-id-meta":"","stick-header-meta":"","header-above-stick-meta":"","header-main-stick-meta":"","header-below-stick-meta":"","astra-migrate-meta-layouts":"default","ast-page-background-enabled":"default","ast-page-background-meta":{"desktop":{"background-color":"var(--ast-global-color-4)","background-image":"","background-repeat":"repeat","background-position":"center center","background-size":"auto","background-attachment":"scroll","background-type":"","background-media":"","overlay-type":"","overlay-color":"","overlay-opacity":"","overlay-gradient":""},"tablet":{"background-color":"","background-image":"","background-repeat":"repeat","background-position":"center center","background-size":"auto","background-attachment":"scroll","background-type":"","background-media":"","overlay-type":"","overlay-color":"","overlay-opacity":"","overlay-gradient":""},"mobile":{"background-color":"","background-image":"","background-repeat":"repeat","background-position":"center center","background-size":"auto","background-attachment":"scroll","background-type":"","background-media":"","overlay-type":"","overlay-color":"","overlay-opacity":"","overlay-gradient":""}},"ast-content-background-meta":{"desktop":{"background-color":"var(--ast-global-color-5)","background-image":"","background-repeat":"repeat","background-position":"center center","background-size":"auto","background-attachment":"scroll","background-type":"","background-media":"","overlay-type":"","overlay-color":"","overlay-opacity":"","overlay-gradient":""},"tablet":{"background-color":"var(--ast-global-color-5)","background-image":"","background-repeat":"repeat","background-position":"center center","background-size":"auto","background-attachment":"scroll","background-type":"","background-media":"","overlay-type":"","overlay-color":"","overlay-opacity":"","overlay-gradient":""},"mobile":{"background-color":"var(--ast-global-color-5)","background-image":"","background-repeat":"repeat","background-position":"center center","background-size":"auto","background-attachment":"scroll","background-type":"","background-media":"","overlay-type":"","overlay-color":"","overlay-opacity":"","overlay-gradient":""}},"footnotes":""},"class_list":["post-377","page","type-page","status-publish","hentry"],"post_mailing_queue_ids":[],"_links":{"self":[{"href":"https:\/\/serveiseducatius.xtec.cat\/vallesoccidental3\/wp-json\/wp\/v2\/pages\/377","targetHints":{"allow":["GET"]}}],"collection":[{"href":"https:\/\/serveiseducatius.xtec.cat\/vallesoccidental3\/wp-json\/wp\/v2\/pages"}],"about":[{"href":"https:\/\/serveiseducatius.xtec.cat\/vallesoccidental3\/wp-json\/wp\/v2\/types\/page"}],"author":[{"embeddable":true,"href":"https:\/\/serveiseducatius.xtec.cat\/vallesoccidental3\/wp-json\/wp\/v2\/users\/1"}],"replies":[{"embeddable":true,"href":"https:\/\/serveiseducatius.xtec.cat\/vallesoccidental3\/wp-json\/wp\/v2\/comments?post=377"}],"version-history":[{"count":7,"href":"https:\/\/serveiseducatius.xtec.cat\/vallesoccidental3\/wp-json\/wp\/v2\/pages\/377\/revisions"}],"predecessor-version":[{"id":17147,"href":"https:\/\/serveiseducatius.xtec.cat\/vallesoccidental3\/wp-json\/wp\/v2\/pages\/377\/revisions\/17147"}],"up":[{"embeddable":true,"href":"https:\/\/serveiseducatius.xtec.cat\/vallesoccidental3\/wp-json\/wp\/v2\/pages\/338"}],"wp:attachment":[{"href":"https:\/\/serveiseducatius.xtec.cat\/vallesoccidental3\/wp-json\/wp\/v2\/media?parent=377"}],"curies":[{"name":"wp","href":"https:\/\/api.w.org\/{rel}","templated":true}]}}