{"id":2065,"date":"2016-09-20T14:10:39","date_gmt":"2016-09-20T12:10:39","guid":{"rendered":"http:\/\/serveiseducatius.xtec.cat\/vallesoccidental3\/?page_id=2065"},"modified":"2020-11-24T11:23:49","modified_gmt":"2020-11-24T10:23:49","slug":"semtac-curs-2016-2017","status":"publish","type":"page","link":"https:\/\/serveiseducatius.xtec.cat\/vallesoccidental3\/seminaris\/semtac-curs-2016-2017\/","title":{"rendered":"SemTAC_Inici"},"content":{"rendered":"<p style=\"text-align: justify;\"><a href=\"https:\/\/sites.google.com\/xtec.cat\/seminari-tac\/sem-tac\"><img loading=\"lazy\" decoding=\"async\" class=\"alignleft wp-image-2066\" src=\"http:\/\/serveiseducatius.xtec.cat\/vallesoccidental3\/wp-content\/uploads\/usu1147\/2016\/09\/conjunto-de-dibujos-con-mesa-de-trabajo-de-fondo_1134-254-200x300.jpg\" alt=\"conjunto-de-dibujos-con-mesa-de-trabajo-de-fondo_1134-254\" width=\"163\" height=\"245\" srcset=\"https:\/\/serveiseducatius.xtec.cat\/vallesoccidental3\/wp-content\/uploads\/usu1147\/2016\/09\/conjunto-de-dibujos-con-mesa-de-trabajo-de-fondo_1134-254-200x300.jpg 200w, https:\/\/serveiseducatius.xtec.cat\/vallesoccidental3\/wp-content\/uploads\/usu1147\/2016\/09\/conjunto-de-dibujos-con-mesa-de-trabajo-de-fondo_1134-254.jpg 626w\" sizes=\"auto, (max-width: 163px) 100vw, 163px\" \/><\/a>Les sessions del <strong>seminari TAC<\/strong> tenen una estructura predeterminada, segons les directrius del Departament: s\u00f3n sessions formatives que ajuden a vincular els Centres de Recursos Pedag\u00f2gics amb els centres i, de retruc, amb les aules.<\/p>\n<p style=\"padding-left: 60px; text-align: justify;\">Pel que fa a la seva estructura el Departament, des de la seva \u00c0rea TAC,\u00a0 recomana una part b\u00e0sica i comuna amb, almenys, dues seccions:<\/p>\n<p style=\"padding-left: 30px;\"><strong>un eix central<\/strong>, proposat per l\u2019\u00c0rea TAC del Departament d\u2019Ensenyament.<\/p>\n<p style=\"padding-left: 30px;\"><strong>una part d\u2019intercanvi d\u2019experi\u00e8ncies i propostes dels centres. <\/strong>En aquesta part la participaci\u00f3 dels centres \u00e9s molt rellevant: la posada en com\u00fa d&#8217;inquietuds, les noves propostes de formaci\u00f3, la voluntat de compartir experi\u00e8ncies\u00a0 i recursos que de ben segur ens enriquiran.<\/p>\n<p style=\"padding-left: 60px; text-align: justify;\">Les informacions i recursos que es treballen en els seminaris no volen ser d\u2019\u00fas exclusiu dels coordinadors i coordinadores TAC dels centres, essent m\u00e9s profit\u00f3s que aquests puguin fer un trasp\u00e0s a la resta de l&#8217;equip docent de cada centre.<\/p>\n<p>Enlla\u00e7 al <a href=\"https:\/\/sites.google.com\/xtec.cat\/seminari-tac\/sem-tac\">Seminari TAC<\/a><\/p>\n<p><a href=\"https:\/\/sites.google.com\/xtec.cat\/seminari-tac\/sem-tac\" target=\"_blank\" rel=\"noopener noreferrer\"><img loading=\"lazy\" decoding=\"async\" class=\"aligncenter wp-image-4096 size-full\" src=\"https:\/\/serveiseducatius.xtec.cat\/vallesoccidental3\/wp-content\/uploads\/usu1147\/2018\/11\/Captura-de-pantalla-2018-11-07-a-les-13.23.28.png\" alt=\"\" width=\"1104\" height=\"314\" srcset=\"https:\/\/serveiseducatius.xtec.cat\/vallesoccidental3\/wp-content\/uploads\/usu1147\/2018\/11\/Captura-de-pantalla-2018-11-07-a-les-13.23.28.png 1104w, https:\/\/serveiseducatius.xtec.cat\/vallesoccidental3\/wp-content\/uploads\/usu1147\/2018\/11\/Captura-de-pantalla-2018-11-07-a-les-13.23.28-300x85.png 300w, https:\/\/serveiseducatius.xtec.cat\/vallesoccidental3\/wp-content\/uploads\/usu1147\/2018\/11\/Captura-de-pantalla-2018-11-07-a-les-13.23.28-768x218.png 768w, https:\/\/serveiseducatius.xtec.cat\/vallesoccidental3\/wp-content\/uploads\/usu1147\/2018\/11\/Captura-de-pantalla-2018-11-07-a-les-13.23.28-1024x291.png 1024w\" sizes=\"auto, (max-width: 1104px) 100vw, 1104px\" \/><\/a><\/p>\n<p>&nbsp;<\/p>\n","protected":false},"excerpt":{"rendered":"<p>Les sessions del seminari TAC tenen una estructura predeterminada, segons les directrius del Departament: s\u00f3n sessions formatives que ajuden a vincular els Centres de Recursos Pedag\u00f2gics amb els centres i, de retruc, amb les aules. Pel que fa a la seva estructura el Departament, des de la seva \u00c0rea TAC,\u00a0 recomana una part b\u00e0sica i [&hellip;]<\/p>\n","protected":false},"author":1,"featured_media":0,"parent":5250,"menu_order":0,"comment_status":"closed","ping_status":"closed","template":"page-templates\/side-menu.php","meta":{"_bbp_topic_count":0,"_bbp_reply_count":0,"_bbp_total_topic_count":0,"_bbp_total_reply_count":0,"_bbp_voice_count":0,"_bbp_anonymous_reply_count":0,"_bbp_topic_count_hidden":0,"_bbp_reply_count_hidden":0,"_bbp_forum_subforum_count":0,"site-sidebar-layout":"default","site-content-layout":"","ast-site-content-layout":"","site-content-style":"default","site-sidebar-style":"default","ast-global-header-display":"","ast-banner-title-visibility":"","ast-main-header-display":"","ast-hfb-above-header-display":"","ast-hfb-below-header-display":"","ast-hfb-mobile-header-display":"","site-post-title":"","ast-breadcrumbs-content":"","ast-featured-img":"","footer-sml-layout":"","theme-transparent-header-meta":"","adv-header-id-meta":"","stick-header-meta":"","header-above-stick-meta":"","header-main-stick-meta":"","header-below-stick-meta":"","astra-migrate-meta-layouts":"default","ast-page-background-enabled":"default","ast-page-background-meta":{"desktop":{"background-color":"var(--ast-global-color-4)","background-image":"","background-repeat":"repeat","background-position":"center center","background-size":"auto","background-attachment":"scroll","background-type":"","background-media":"","overlay-type":"","overlay-color":"","overlay-opacity":"","overlay-gradient":""},"tablet":{"background-color":"","background-image":"","background-repeat":"repeat","background-position":"center center","background-size":"auto","background-attachment":"scroll","background-type":"","background-media":"","overlay-type":"","overlay-color":"","overlay-opacity":"","overlay-gradient":""},"mobile":{"background-color":"","background-image":"","background-repeat":"repeat","background-position":"center center","background-size":"auto","background-attachment":"scroll","background-type":"","background-media":"","overlay-type":"","overlay-color":"","overlay-opacity":"","overlay-gradient":""}},"ast-content-background-meta":{"desktop":{"background-color":"var(--ast-global-color-5)","background-image":"","background-repeat":"repeat","background-position":"center center","background-size":"auto","background-attachment":"scroll","background-type":"","background-media":"","overlay-type":"","overlay-color":"","overlay-opacity":"","overlay-gradient":""},"tablet":{"background-color":"var(--ast-global-color-5)","background-image":"","background-repeat":"repeat","background-position":"center center","background-size":"auto","background-attachment":"scroll","background-type":"","background-media":"","overlay-type":"","overlay-color":"","overlay-opacity":"","overlay-gradient":""},"mobile":{"background-color":"var(--ast-global-color-5)","background-image":"","background-repeat":"repeat","background-position":"center center","background-size":"auto","background-attachment":"scroll","background-type":"","background-media":"","overlay-type":"","overlay-color":"","overlay-opacity":"","overlay-gradient":""}},"footnotes":""},"class_list":["post-2065","page","type-page","status-publish","hentry"],"post_mailing_queue_ids":[],"_links":{"self":[{"href":"https:\/\/serveiseducatius.xtec.cat\/vallesoccidental3\/wp-json\/wp\/v2\/pages\/2065","targetHints":{"allow":["GET"]}}],"collection":[{"href":"https:\/\/serveiseducatius.xtec.cat\/vallesoccidental3\/wp-json\/wp\/v2\/pages"}],"about":[{"href":"https:\/\/serveiseducatius.xtec.cat\/vallesoccidental3\/wp-json\/wp\/v2\/types\/page"}],"author":[{"embeddable":true,"href":"https:\/\/serveiseducatius.xtec.cat\/vallesoccidental3\/wp-json\/wp\/v2\/users\/1"}],"replies":[{"embeddable":true,"href":"https:\/\/serveiseducatius.xtec.cat\/vallesoccidental3\/wp-json\/wp\/v2\/comments?post=2065"}],"version-history":[{"count":3,"href":"https:\/\/serveiseducatius.xtec.cat\/vallesoccidental3\/wp-json\/wp\/v2\/pages\/2065\/revisions"}],"predecessor-version":[{"id":8193,"href":"https:\/\/serveiseducatius.xtec.cat\/vallesoccidental3\/wp-json\/wp\/v2\/pages\/2065\/revisions\/8193"}],"up":[{"embeddable":true,"href":"https:\/\/serveiseducatius.xtec.cat\/vallesoccidental3\/wp-json\/wp\/v2\/pages\/5250"}],"wp:attachment":[{"href":"https:\/\/serveiseducatius.xtec.cat\/vallesoccidental3\/wp-json\/wp\/v2\/media?parent=2065"}],"curies":[{"name":"wp","href":"https:\/\/api.w.org\/{rel}","templated":true}]}}

<p style="text-align: justify;"><a href="https://sites.google.com/xtec.cat/seminari-tac/sem-tac"><img loading="lazy" decoding="async" class="alignleft wp-image-2066" src="http://serveiseducatius.xtec.cat/vallesoccidental3/wp-content/uploads/usu1147/2016/09/conjunto-de-dibujos-con-mesa-de-trabajo-de-fondo_1134-254-200x300.jpg" alt="conjunto-de-dibujos-con-mesa-de-trabajo-de-fondo_1134-254" width="163" height="245" srcset="https://serveiseducatius.xtec.cat/vallesoccidental3/wp-content/uploads/usu1147/2016/09/conjunto-de-dibujos-con-mesa-de-trabajo-de-fondo_1134-254-200x300.jpg 200w, https://serveiseducatius.xtec.cat/vallesoccidental3/wp-content/uploads/usu1147/2016/09/conjunto-de-dibujos-con-mesa-de-trabajo-de-fondo_1134-254.jpg 626w" sizes="auto, (max-width: 163px) 100vw, 163px" /></a>Les sessions del <strong>seminari TAC</strong> tenen una estructura predeterminada, segons les directrius del Departament: són sessions formatives que ajuden a vincular els Centres de Recursos Pedagògics amb els centres i, de retruc, amb les aules.</p>
<p style="padding-left: 60px; text-align: justify;">Pel que fa a la seva estructura el Departament, des de la seva Àrea TAC,  recomana una part bàsica i comuna amb, almenys, dues seccions:</p>
<p style="padding-left: 30px;"><strong>un eix central</strong>, proposat per l’Àrea TAC del Departament d’Ensenyament.</p>
<p style="padding-left: 30px;"><strong>una part d’intercanvi d’experiències i propostes dels centres. </strong>En aquesta part la participació dels centres és molt rellevant: la posada en comú d&#8217;inquietuds, les noves propostes de formació, la voluntat de compartir experiències  i recursos que de ben segur ens enriquiran.</p>
<p style="padding-left: 60px; text-align: justify;">Les informacions i recursos que es treballen en els seminaris no volen ser d’ús exclusiu dels coordinadors i coordinadores TAC dels centres, essent més profitós que aquests puguin fer un traspàs a la resta de l&#8217;equip docent de cada centre.</p>
<p>Enllaç al <a href="https://sites.google.com/xtec.cat/seminari-tac/sem-tac">Seminari TAC</a></p>
<p><a href="https://sites.google.com/xtec.cat/seminari-tac/sem-tac" target="_blank" rel="noopener noreferrer"><img loading="lazy" decoding="async" class="aligncenter wp-image-4096 size-full" src="https://serveiseducatius.xtec.cat/vallesoccidental3/wp-content/uploads/usu1147/2018/11/Captura-de-pantalla-2018-11-07-a-les-13.23.28.png" alt="" width="1104" height="314" srcset="https://serveiseducatius.xtec.cat/vallesoccidental3/wp-content/uploads/usu1147/2018/11/Captura-de-pantalla-2018-11-07-a-les-13.23.28.png 1104w, https://serveiseducatius.xtec.cat/vallesoccidental3/wp-content/uploads/usu1147/2018/11/Captura-de-pantalla-2018-11-07-a-les-13.23.28-300x85.png 300w, https://serveiseducatius.xtec.cat/vallesoccidental3/wp-content/uploads/usu1147/2018/11/Captura-de-pantalla-2018-11-07-a-les-13.23.28-768x218.png 768w, https://serveiseducatius.xtec.cat/vallesoccidental3/wp-content/uploads/usu1147/2018/11/Captura-de-pantalla-2018-11-07-a-les-13.23.28-1024x291.png 1024w" sizes="auto, (max-width: 1104px) 100vw, 1104px" /></a></p>
<p>&nbsp;</p>

<p>Les sessions del seminari TAC tenen una estructura predeterminada, segons les directrius del Departament: són sessions formatives que ajuden a vincular els Centres de Recursos Pedagògics amb els centres i, de retruc, amb les aules. Pel que fa a la seva estructura el Departament, des de la seva Àrea TAC,  recomana una part bàsica i [&hellip;]</p>
