{"id":379,"date":"2015-11-25T14:19:13","date_gmt":"2015-11-25T13:19:13","guid":{"rendered":"http:\/\/serveiseducatius.xtec.cat\/vallesoccidental2\/?page_id=379"},"modified":"2020-04-30T23:41:27","modified_gmt":"2020-04-30T21:41:27","slug":"educacio-infantil-i-primaria","status":"publish","type":"page","link":"https:\/\/serveiseducatius.xtec.cat\/vallesoccidental2\/comunitat\/centres-educatius\/educacio-infantil-i-primaria\/","title":{"rendered":"Escoles p\u00fabliques d&#8217;Educaci\u00f3 infantil i prim\u00e0ria"},"content":{"rendered":"<p><a href=\"https:\/\/www.google.com\/search?safe=strict&amp;rlz=1C1CHBF_esES864ES864&amp;q=escoles+primaria+terrassa&amp;npsic=0&amp;rflfq=1&amp;rlha=0&amp;rllag=41573291,2015447,927&amp;tbm=lcl&amp;ved=2ahUKEwiRhcb105DpAhXh8eAKHYFkClYQtgN6BAgJEAQ&amp;tbs=lrf:!1m4!1u3!2m2!3m1!1e1!1m4!1u2!2m2!2m1!1e1!2m1!1e2!2m1!1e3!3sIAE,lf:1,lf_ui:2&amp;rldoc=1#rlfi=hd:;si:;mv:[[41.578619,2.0412258],[41.5548546,1.9850298]];tbs:lrf:!1m4!1u3!2m2!3m1!1e1!1m4!1u2!2m2!2m1!1e1!2m1!1e2!2m1!1e3!3sIAE,lf:1,lf_ui:2\"><img loading=\"lazy\" decoding=\"async\" class=\"wp-image-8369 alignleft\" src=\"https:\/\/serveiseducatius.xtec.cat\/vallesoccidental2\/wp-content\/uploads\/usu1116\/2020\/04\/EP.jpg\" alt=\"\" width=\"570\" height=\"429\" srcset=\"https:\/\/serveiseducatius.xtec.cat\/vallesoccidental2\/wp-content\/uploads\/usu1116\/2020\/04\/EP.jpg 508w, https:\/\/serveiseducatius.xtec.cat\/vallesoccidental2\/wp-content\/uploads\/usu1116\/2020\/04\/EP-300x226.jpg 300w, https:\/\/serveiseducatius.xtec.cat\/vallesoccidental2\/wp-content\/uploads\/usu1116\/2020\/04\/EP-200x150.jpg 200w\" sizes=\"auto, (max-width: 570px) 100vw, 570px\" \/><\/a><\/p>\n<p>&nbsp;<\/p>\n<p>&nbsp;<\/p>\n<table style=\"width: 579px; border-color: #030202; height: 4265px;\" width=\"579\">\n<tbody>\n<tr style=\"height: 58px;\">\n<td style=\"width: 573px; height: 58px; background-color: #e86933;\"><strong>ESCOLES P\u00daBLIQUES D\u2019EDUCACI\u00d3 INFANTIL\u00a0 (2n cicle -3 A 6 anys) \u00a0i EDUCACI\u00d3 PRIM\u00c0RIA &#8211; <\/strong><strong>TERRASSA<\/strong><\/td>\n<\/tr>\n<tr style=\"height: 3733px;\">\n<td style=\"width: 573px; height: 3644px;\"><strong>Escola Abat Marcet<\/strong><\/p>\n<p>Adre\u00e7a: Av. Abat Marcet, 324 08225 Terrassa<br \/>\nTel\u00e8fon: 93 788 05 37<br \/>\nAdre\u00e7a electr\u00f2nica:<strong>\u00a0<a href=\"mailto:a8051306@xtec.cat\">a8051306@xtec.cat<\/a><\/strong><\/p>\n<p><strong>Escola Agust\u00ed Bartra<\/strong><br \/>\nAdre\u00e7a: Av. Barcelona, 69 08222 Terrassa<br \/>\nTel\u00e8fon: 93 784 17 32<br \/>\nAdre\u00e7a electr\u00f2nica: <a href=\"mailto:escagustibartra@xtec.cat\">escagustibartra@xtec.cat<\/a><br \/>\nWeb:<strong>\u00a0<a href=\"http:\/\/www.xtec.cat\/centres\/a8039653\">http:\/\/www.xtec.cat\/centres\/a8039653<\/a><\/strong><\/p>\n<p><strong>Escola Antoni Ubach<\/strong><br \/>\nAdre\u00e7a: C\/ Aymerich i Gilaberto, 35 08222 Terrassa<br \/>\nTel\u00e8fon: 93 785 76 37<br \/>\nAdre\u00e7a electr\u00f2nica: <a href=\"mailto:a8030224@xtec.cat\">a8030224@xtec.cat<\/a><br \/>\nWeb:\u00a0<a href=\"http:\/\/www.xtec.cat\/centres\/a8030224\/\">http:\/\/www.xtec.cat\/centres\/a8030224\/<\/a><\/p>\n<p><strong>Escola Aur\u00f3<br \/>\n<\/strong>Adre\u00e7a: C\/ Germ\u00e0 Joaquim, 128 08223 Terrassa<br \/>\nTel\u00e8fon: 93 783 75 49<br \/>\nAdre\u00e7a electr\u00f2nica: <a href=\"mailto:a8030285@xtec.cat\">a8030285@xtec.cat<\/a><br \/>\nWeb:<a href=\"http:\/\/www.xtec.cat\/centres\/a8030285\/\">http:\/\/www.xtec.cat\/centres\/a8030285\/<\/a><\/p>\n<p><strong>Escola Bisbat d&#8217;\u00c8gara<br \/>\n<\/strong>Adre\u00e7a: C\/ Sant Marian, 31-51 08221 Terrassa<br \/>\nTel\u00e8fon:93 736 29 39<br \/>\nAdre\u00e7a electr\u00f2nica: <a href=\"mailto:a8029374@xtec.cat\">a8029374@xtec.cat<\/a><\/p>\n<p><strong>Escola La Nova Electra<\/strong><br \/>\nAdre\u00e7a: Pl. de l&#8217;Electra, 15 08226 Terrassa<br \/>\nTel\u00e8fon: 93 734 97 60<br \/>\nAdre\u00e7a electr\u00f2nica: <a href=\"mailto:a8064143@xtec.cat\">a8064143@xtec.cat<\/a><\/p>\n<p><strong>Escola Roc Alabern<\/strong><br \/>\nAdre\u00e7a: C\/ Mallorca, 58 08224 Terrassa<br \/>\nTel\u00e8fon: 93 780 90 40<br \/>\nAdre\u00e7a electr\u00f2nica: <a href=\"mailto:a8067235@xtec.cat\">a8067235@xtec.cat<\/a><\/p>\n<p><strong>Escola Serra de l&#8217;Obac<\/strong><br \/>\nAdre\u00e7a: La Forja, s\/n 08225 Terrassa<br \/>\nTel\u00e8fon: 93 736 45 40<br \/>\nAdre\u00e7a electr\u00f2nica: <a href=\"mailto:a8065512@xtec.cat\">a8065512@xtec.cat<\/a><\/p>\n<p><strong>Escola El Vall\u00e8s<\/strong><br \/>\nAdre\u00e7a: Ctra. Martorell, 91 08224 Terrassa<br \/>\nTel\u00e8fon: 93 780 99 40<br \/>\nAdre\u00e7a electr\u00f2nica: <a href=\"mailto:a8038326@xtec.cat\">a8038326@xtec.cat<\/a><\/p>\n<p><strong>Escola El Vapor<\/strong><br \/>\nAdre\u00e7a: Paseo Vint-i-dos de juliol, 186 08221 Terrassa<br \/>\nTel\u00e8fon: 93 788 48 13<br \/>\nAdre\u00e7a electr\u00f2nica:\u00a0<a href=\"mailto:a8067247@xtec.cat\">a8067247@xtec.cat<\/a><\/p>\n<p><strong>Escola Enxaneta<\/strong><br \/>\nAdre\u00e7a: C\/ Sometent Castella, 169 08225 Terrassa<br \/>\nTel\u00e8fon: 93 734 94 25<br \/>\nAdre\u00e7a electr\u00f2nica: <a href=\"mailto:esc-enxaneta@xtec.cat\">esc-enxaneta@xtec.cat<\/a><\/p>\n<p><strong>Escola Font de l&#8217;Alba<\/strong><br \/>\nAdre\u00e7a: C\/ Consell de Cent, 146 08226 Terrassa<br \/>\nTel\u00e8fon: 93 735 32 12<br \/>\nAdre\u00e7a electr\u00f2nica: <a href=\"mailto:a8043437@xtec.cat\">a8043437@xtec.cat<\/a><br \/>\nWeb:\u00a0<a href=\"http:\/\/www.xtec.cat\/centres\/a8043437\/\">http:\/\/www.xtec.cat\/centres\/a8043437\/<\/a><\/p>\n<p><strong>Escola Fran\u00e7a<\/strong><br \/>\nAdre\u00e7a: C\/ Frederic Soler, 142 08224 Terrassa<br \/>\nTel\u00e8fon: 93 693 27 17<br \/>\nAdre\u00e7a electr\u00f2nica: <a href=\"mailto:a8029350@xtec.cat\">a8029350@xtec.cat<\/a><br \/>\nWeb<strong>:\u00a0<\/strong><a href=\"http:\/\/www.xtec.cat\/Escuela-franca\">http:\/\/www.xtec.cat\/Escuela-franca<\/a><\/p>\n<p><strong>Escola Francesc Aldea<\/strong><br \/>\nAdre\u00e7a:C\/ Alemanya, 146 08228 Terrassa<br \/>\nTel\u00e8fon: 93 784 20 07<br \/>\nAdre\u00e7a electr\u00f2nica: <a href=\"mailto:a8041246@xtec.cat\">a8041246@xtec.cat<\/a><\/p>\n<p><strong>Escola Isaac Peral<\/strong><br \/>\nAdre\u00e7a: C\/ Isaac Peral, 58 08224 Terrassa<br \/>\nTel\u00e8fon: 93 788 69 13<br \/>\nAdre\u00e7a electr\u00f2nica: <a href=\"mailto:a8029507@xtec.cat\">a8029507@xtec.cat<\/a><\/p>\n<p><strong>Escola Joan Marqu\u00e8s Casals<\/strong><br \/>\nAdre\u00e7a: Av. del Vall\u00e8s, 483 08226 Terrassa<br \/>\nTel\u00e8fon: 93 783 95 60<br \/>\nAdre\u00e7a electr\u00f2nica: <a href=\"mailto:a8034485@xtec.cat\">a8034485@xtec.cat<\/a><br \/>\nWeb<strong>:<\/strong>\u00a0<a href=\"http:\/\/www.xtec.cat\/centres\/a8034485\/\">http:\/\/www.xtec.cat\/centres\/a8034485\/<\/a><\/p>\n<p><strong>Escola Joan XXIII<\/strong><br \/>\nAdre\u00e7a: C\/ Joan XXIII, 27 08227 Terrassa<br \/>\nTel\u00e8fon: 93 786 08 92<br \/>\nAdre\u00e7a electr\u00f2nica: <a href=\"mailto:a8030315@xtec.cat\">a8030315@xtec.cat<\/a><br \/>\nWeb<strong>:<\/strong>\u00a0<a href=\"http:\/\/www.xtec.cat\/Escuela-joan23-terrassa\/\">http:\/\/www.xtec.cat\/Escuela-joan23-terrassa\/<\/a><\/p>\n<p><strong>Escola Josep Ventall\u00f3<\/strong><br \/>\nAdre\u00e7a: C\/ Am\u00e8rica, 19 08228 Terrassa<br \/>\nTel\u00e8fon: 93 785 91 37<br \/>\nAdre\u00e7a electr\u00f2nica: <a href=\"mailto:a8030212@xtec.cat\">a8030212@xtec.cat<\/a><br \/>\nWeb:\u00a0<a href=\"http:\/\/www.xtec.cat\/centres\/a8030212\/\">http:\/\/www.xtec.cat\/centres\/a8030212\/<\/a><\/p>\n<p><strong>Escola La Roda<\/strong><br \/>\nAdre\u00e7a: C\/ Salmeron, 225-249 08222 Terrassa<br \/>\nTel\u00e8fon: 93 785 07 98<br \/>\nAdre\u00e7a electr\u00f2nica: <a href=\"mailto:a8044648@xtec.cat\">a8044648@xtec.cat<\/a><br \/>\nWeb:\u00a0<a href=\"http:\/\/www.xtec.cat\/centres\/a8044648\/\">http:\/\/www.xtec.cat\/centres\/a8044648\/<\/a><\/p>\n<p><strong>Escola Lanaspa-Giralt<\/strong><br \/>\nAdre\u00e7a: C\/ Pant\u00e0, 10 08221 Terrassa<br \/>\nTel\u00e8fon: 93 733 16 57<br \/>\nAdre\u00e7a electr\u00f2nica: <a href=\"mailto:a8039665@xtec.cat\">a8039665@xtec.cat<\/a><\/p>\n<p><strong>Escola Les Arenes<\/strong><br \/>\nAdre\u00e7a: C\/ Mont Perdut, 15 08227 Terrassa<br \/>\nTel\u00e8fon: 93 783 34 24<br \/>\nAdre\u00e7a electr\u00f2nica:\u00a0<a href=\"mailto:a8061774@xtec.cat\">a8061774@xtec.cat<\/a><\/p>\n<p><strong>Escola Mari\u00e0 Gal\u00ed\u00a0Guix<\/strong><br \/>\nAdre\u00e7a: C. de les Vinyoles, 40 08225 Terrassa<br \/>\nTel\u00e8fon: 93 788 58 64\u00a0\u00a0 Fax: 93 693 26 79<br \/>\nAdre\u00e7a electr\u00f2nica:<a href=\"mailto:a8030200@xtec.cat\">\u00a0a8030200@xtec.cat<\/a><br \/>\nWeb:\u00a0<a href=\"http:\/\/www.xtec.cat\/centres\/a8030200\">http:\/\/www.xtec.cat\/centres\/a8030200<\/a><\/p>\n<p><strong>Escola Montserrat<\/strong><br \/>\nAdre\u00e7a: C\/ Badajoz, 12 08227 Terrassa<br \/>\nTel\u00e8fon: 93 785 09 99<br \/>\nAdre\u00e7a electr\u00f2nica: <a href=\"mailto:a8038314@xtec.cat\">a8038314@xtec.cat<\/a><\/p>\n<p><strong>Escola Pau Vila<\/strong><br \/>\nAdre\u00e7a: Av. Can Jofresa, 20 08223 Terrassa<br \/>\nTel\u00e8fon: 93 785 75 86<br \/>\nAdre\u00e7a electr\u00f2nica: <a href=\"mailto:a8030248@xtec.cat\">a8030248@xtec.cat<\/a><br \/>\nWeb:\u00a0<a href=\"http:\/\/www.xtec.cat\/centres\/a8030248\/\">http:\/\/www.xtec.cat\/centres\/a8030248\/<\/a><\/p>\n<p><strong>Institut\/Escola Pere Viver<\/strong><br \/>\nAdre\u00e7a: C\/ Arenys de Mar, 2 08225 Terrassa<br \/>\nTel\u00e8fon: 93 735 30 33<br \/>\nAdre\u00e7a electr\u00f2nica: <a href=\"mailto:a8076601@xtec.cat\">a8076601@xtec.cat<\/a><br \/>\nWeb<strong>:\u00a0<\/strong><a href=\"http:\/\/www.xtec.cat\/Escuelapereviver\/\">http:\/\/www.xtec.cat\/Escuelapereviver\/<\/a><\/p>\n<p><strong>Escola Ponent<\/strong><br \/>\nAdre\u00e7a: C\/ Palet i Barba, 189 08224 Terrassa<br \/>\nTel\u00e8fon: 93 733 63 57<br \/>\nAdre\u00e7a electr\u00f2nica: <a href=\"mailto:a8062687@xtec.cat\">a8062687@xtec.cat<\/a><br \/>\nWeb:\u00a0<a href=\"http:\/\/xtec.cat\/Escuela-ponent-terrassa\">http:\/\/xtec.cat\/Escuela-ponent-terrassa<\/a><\/p>\n<p><strong>Escola Ram\u00f3n y Cajal<\/strong><br \/>\nAdre\u00e7a: C\/ Ram\u00f3n y Cajal, 111 08222 Terrassa<br \/>\nTel\u00e8fon: 93 786 04 96<br \/>\nAdre\u00e7a electr\u00f2nica: <a href=\"mailto:a8029386@xtec.cat\">a8029386@xtec.cat<\/a><\/p>\n<p><strong>Escola Sala i Badrinas<\/strong><br \/>\nAdre\u00e7a: Ctra. de Rub\u00ed, 227 08223 Terrassa<br \/>\nTel\u00e8fon: 675 783 431 \/ 93 784 23 95<br \/>\nAdre\u00e7a electr\u00f2nica: <a href=\"mailto:a8070040@xtec.cat\">a8070040@xtec.cat<\/a><br \/>\nWeb:\u00a0<a href=\"http:\/\/escolasalabradinas.blogspot.com\/\">http:\/\/escolasalabradinas.blogspot.com<\/a><\/p>\n<p><strong>Escola Salvador Vinyals<\/strong><br \/>\nAdre\u00e7a: C\/ Rioja, 30 08227 Terrassa<br \/>\nTel\u00e8fon: 93 785 75 85<br \/>\nAdre\u00e7a electr\u00f2nica: <a href=\"mailto:a8030297@xtec.cat\">a8030297@xtec.cat<\/a><\/p>\n<p><strong>Escola Sant Lloren\u00e7 del Munt<\/strong><br \/>\nAdre\u00e7a: C\/ Castellsapera, 81B 08227 Terrassa<br \/>\nTel\u00e8fon: 93 693 27 00\u00a0\u00a0 Fax 93 693 27 01<br \/>\nAdre\u00e7a electr\u00f2nica: <a href=\"mailto:a8051318@xtec.cat\">a8051318@xtec.cat<\/a><br \/>\nWeb<strong>:\u00a0<a href=\"http:\/\/www.xtec.cat\/centres\/a8051318\/\">http:\/\/www.xtec.cat\/centres\/a8051318\/<\/a><\/strong><\/p>\n<p><strong>Escola Roser Capdevila<\/strong><br \/>\nAdre\u00e7a: C\/ Las Palmas, s\/n 08227 Terrassa<br \/>\nTel\u00e8fon: 93 736 09 67<br \/>\nAdre\u00e7a electr\u00f2nica:<strong><a href=\"mailto:a8066048@xtec.cat\">a8066048@xtec.cat<\/a><\/strong><\/td>\n<\/tr>\n<tr style=\"height: 74px;\">\n<td style=\"width: 573px; height: 74px; background-color: #e86933;\"><strong>ESCOLES P\u00daBLIQUES D\u2019EDUCACI\u00d3 INFANTIL\u00a0 (2n cicle 3 A 6 anys) \u00a0i EDUCACI\u00d3 PRIM\u00c0RIA &#8211;<\/strong><strong>MATADEPERA<\/strong><\/td>\n<\/tr>\n<tr style=\"height: 422px;\">\n<td style=\"width: 573px; height: 10px;\"><strong>Escola Ginesta<\/strong><\/p>\n<p>Adre\u00e7a: C\/ de Can Pous, 10 08230 Matadepera<br \/>\nTel\u00e8fon: 93 787 00 68<br \/>\nAdre\u00e7a electr\u00f2nica: <a href=\"mailto:a8020863@xtec.cat\">a8020863@xtec.cat<\/a><br \/>\nWeb<strong>:\u00a0<a href=\"https:\/\/agora.xtec.cat\/ceipginesta\/\">http:\/\/www.xtec.cat\/ceipginesta\/<\/a><\/strong><\/p>\n<p><strong>Escola Joan Torredemer Canela<\/strong><br \/>\nAdre\u00e7a: C\/ Sant Ignasi, 20 08230 Matadepera<br \/>\nTel\u00e8fon: 93 787 06 94<br \/>\nAdre\u00e7a electr\u00f2nica<a href=\"mailto:a8060757@xtec.cat\"> a8060757@xtec.cat<\/a><\/td>\n<\/tr>\n<tr style=\"height: 79px;\">\n<td style=\"width: 573px; height: 79px; background-color: #e86933;\"><strong>ESCOLES P\u00daBLIQUES D\u2019EDUCACI\u00d3 INFANTIL\u00a0 (2n cicle 3 A 6 anys) \u00a0i EDUCACI\u00d3 PRIM\u00c0RIA &#8211;\u00a0<\/strong><strong>VILADECAVALLS<\/strong><\/td>\n<\/tr>\n<tr style=\"height: 436px;\">\n<td style=\"width: 573px; height: 14px;\">&nbsp;<\/p>\n<p><strong>Escola Rosella<\/strong><br \/>\nAdre\u00e7a: Carrer Josep Tarradellas, s\/n, 08232 Viladecavalls<br \/>\nTel\u00e8fon: 937 34 00 01<br \/>\nAdre\u00e7a electr\u00f2nica:<a href=\"mailto:a8031061@xtec.cat\"> a8031061@xtec.cat<\/a><br \/>\nWeb: <a href=\"http:\/\/www.escolarosella.cat\/\">http:\/\/www.escolarosella.cat\/<\/a><\/p>\n<p>&nbsp;<\/p>\n<p><strong>Escola Roc Blanc<\/strong><br \/>\nAdre\u00e7a: Carrer Pintor Casas, s\/n, 08232 Viladecavalls<br \/>\nTel\u00e8fon: 937 89 19 02<br \/>\nAdre\u00e7a electr\u00f2nica: <a href=\"mailto:a8041726@xtec.cat\">a8041726@xtec.cat<\/a><br \/>\nWeb: <a href=\"https:\/\/agora.xtec.cat\/ceip-rocblanc\/\">https:\/\/agora.xtec.cat\/ceip-rocblanc\/<\/a><\/p>\n<p>&nbsp;<\/td>\n<\/tr>\n<tr style=\"height: 79px;\">\n<td style=\"width: 573px; height: 79px; background-color: #e86933;\"><strong>ESCOLES P\u00daBLIQUES D\u2019EDUCACI\u00d3 INFANTIL\u00a0 (2n cicle 3 A 6 anys) \u00a0i EDUCACI\u00d3 PRIM\u00c0RIA &#8211;\u00a0<\/strong><strong>ULLASTRELL<\/strong><\/td>\n<\/tr>\n<tr style=\"height: 177px;\">\n<td style=\"width: 573px; height: 51px;\">&nbsp;<\/p>\n<p><strong>Escola Serralavella<\/strong><br \/>\nAdre\u00e7a: Carrer Josep Fornell, s\/n, 08231 Ullastrell<br \/>\nTel\u00e8fon: 937 88 65 66<br \/>\nWeb: https:\/\/agora.xtec.cat\/ceip-serralavella\/<\/td>\n<\/tr>\n<tr style=\"height: 58px;\">\n<td style=\"width: 573px; height: 58px; background-color: #e86933;\"><strong>ESCOLES P\u00daBLIQUES D\u2019EDUCACI\u00d3 INFANTIL\u00a0 (2n cicle 3 A 6 anys) \u00a0i EDUCACI\u00d3 PRIM\u00c0RIA &#8211;\u00a0<\/strong><strong>VACARISSES<\/strong><\/td>\n<\/tr>\n<tr style=\"height: 498px;\">\n<td style=\"width: 573px; height: 10px;\"><strong>Escola Pau Casals<\/strong><br \/>\nAdre\u00e7a: Carrer de Salvador Badia, 6, 12, 08233 Vacarisses<br \/>\nTel\u00e8fon: 938 28 01 06<br \/>\nAdre\u00e7a electr\u00f2nica: <a href=\"mailto:a8030686@xtec.cat\">a8030686@xtec.cat<\/a><br \/>\nWeb:<a href=\"https:\/\/agora.xtec.cat\/ceippaucasals\/\"> https:\/\/agora.xtec.cat\/ceippaucasals\/<\/a><\/p>\n<p>&nbsp;<\/p>\n<p>&nbsp;<\/p>\n<p><strong>Escola Font de l\u2019Orpina<\/strong><br \/>\nAdre\u00e7a: Calle Margarides, 12 Urbanizaci\u00f3n Can Serra, 08233 Vacarisses<br \/>\nTel\u00e8fon: 938 28 17 42<br \/>\nAdre\u00e7a electr\u00f2nica: <a href=\"mailto:fontorpina@gmail.com\">fontorpina@gmail.com<\/a><br \/>\nWeb:<a href=\"https:\/\/agora.xtec.cat\/ceipfontorpina\/\"> https:\/\/<span style=\"font-family: inherit; font-size: 0.875em;\">agora.xtec.cat\/ceipfontorpina\/<\/span><\/a><\/p>\n<p>&nbsp;<\/td>\n<\/tr>\n<tr style=\"height: 61px;\">\n<td style=\"width: 573px; height: 61px; background-color: #e86933;\"><strong>ESCOLES P\u00daBLIQUES D\u2019EDUCACI\u00d3 INFANTIL\u00a0 (2n cicle 3 A 6 anys) \u00a0i EDUCACI\u00d3 PRIM\u00c0RIA &#8211;\u00a0<\/strong><strong>RELLINARS<\/strong><\/td>\n<\/tr>\n<tr style=\"height: 221px;\">\n<td style=\"width: 573px; height: 127px;\"><strong>Escola Rellinars<\/strong><br \/>\nAdre\u00e7a: Av. El Planet, s\/n 08299 Rellinars<br \/>\nTel\u00e8fon: 93 834 58 77<br \/>\nAdre\u00e7a electr\u00f2nica: <a href=\"mailto:ceiprellinars@xtec.cat\">ceiprellinars@xtec.cat<\/a><br \/>\nWeb:<a href=\"https:\/\/agora.xtec.cat\/ceiprellinars\/\"> https:\/\/agora.xtec.cat\/ceiprellinars\/<\/a><\/td>\n<\/tr>\n<\/tbody>\n<\/table>\n<p>&nbsp;<\/p>\n","protected":false},"excerpt":{"rendered":"<p>&nbsp; &nbsp; ESCOLES P\u00daBLIQUES D\u2019EDUCACI\u00d3 INFANTIL\u00a0 (2n cicle -3 A 6 anys) \u00a0i EDUCACI\u00d3 PRIM\u00c0RIA &#8211; TERRASSA Escola Abat Marcet Adre\u00e7a: Av. Abat Marcet, 324 08225 Terrassa Tel\u00e8fon: 93 788 05 37 Adre\u00e7a electr\u00f2nica:\u00a0a8051306@xtec.cat Escola Agust\u00ed Bartra Adre\u00e7a: Av. Barcelona, 69 08222 Terrassa Tel\u00e8fon: 93 784 17 32 Adre\u00e7a electr\u00f2nica: escagustibartra@xtec.cat Web:\u00a0http:\/\/www.xtec.cat\/centres\/a8039653 Escola Antoni Ubach [&hellip;]<\/p>\n","protected":false},"author":1,"featured_media":0,"parent":338,"menu_order":20,"comment_status":"closed","ping_status":"closed","template":"page-templates\/side-menu.php","meta":{"_bbp_topic_count":0,"_bbp_reply_count":0,"_bbp_total_topic_count":0,"_bbp_total_reply_count":0,"_bbp_voice_count":0,"_bbp_anonymous_reply_count":0,"_bbp_topic_count_hidden":0,"_bbp_reply_count_hidden":0,"_bbp_forum_subforum_count":0,"site-sidebar-layout":"default","site-content-layout":"","ast-site-content-layout":"","site-content-style":"default","site-sidebar-style":"default","ast-global-header-display":"","ast-banner-title-visibility":"","ast-main-header-display":"","ast-hfb-above-header-display":"","ast-hfb-below-header-display":"","ast-hfb-mobile-header-display":"","site-post-title":"","ast-breadcrumbs-content":"","ast-featured-img":"","footer-sml-layout":"","theme-transparent-header-meta":"","adv-header-id-meta":"","stick-header-meta":"","header-above-stick-meta":"","header-main-stick-meta":"","header-below-stick-meta":"","astra-migrate-meta-layouts":"default","ast-page-background-enabled":"default","ast-page-background-meta":{"desktop":{"background-color":"var(--ast-global-color-4)","background-image":"","background-repeat":"repeat","background-position":"center center","background-size":"auto","background-attachment":"scroll","background-type":"","background-media":"","overlay-type":"","overlay-color":"","overlay-opacity":"","overlay-gradient":""},"tablet":{"background-color":"","background-image":"","background-repeat":"repeat","background-position":"center center","background-size":"auto","background-attachment":"scroll","background-type":"","background-media":"","overlay-type":"","overlay-color":"","overlay-opacity":"","overlay-gradient":""},"mobile":{"background-color":"","background-image":"","background-repeat":"repeat","background-position":"center center","background-size":"auto","background-attachment":"scroll","background-type":"","background-media":"","overlay-type":"","overlay-color":"","overlay-opacity":"","overlay-gradient":""}},"ast-content-background-meta":{"desktop":{"background-color":"var(--ast-global-color-5)","background-image":"","background-repeat":"repeat","background-position":"center center","background-size":"auto","background-attachment":"scroll","background-type":"","background-media":"","overlay-type":"","overlay-color":"","overlay-opacity":"","overlay-gradient":""},"tablet":{"background-color":"var(--ast-global-color-5)","background-image":"","background-repeat":"repeat","background-position":"center center","background-size":"auto","background-attachment":"scroll","background-type":"","background-media":"","overlay-type":"","overlay-color":"","overlay-opacity":"","overlay-gradient":""},"mobile":{"background-color":"var(--ast-global-color-5)","background-image":"","background-repeat":"repeat","background-position":"center center","background-size":"auto","background-attachment":"scroll","background-type":"","background-media":"","overlay-type":"","overlay-color":"","overlay-opacity":"","overlay-gradient":""}},"footnotes":""},"class_list":["post-379","page","type-page","status-publish","hentry"],"post_mailing_queue_ids":[],"_links":{"self":[{"href":"https:\/\/serveiseducatius.xtec.cat\/vallesoccidental2\/wp-json\/wp\/v2\/pages\/379","targetHints":{"allow":["GET"]}}],"collection":[{"href":"https:\/\/serveiseducatius.xtec.cat\/vallesoccidental2\/wp-json\/wp\/v2\/pages"}],"about":[{"href":"https:\/\/serveiseducatius.xtec.cat\/vallesoccidental2\/wp-json\/wp\/v2\/types\/page"}],"author":[{"embeddable":true,"href":"https:\/\/serveiseducatius.xtec.cat\/vallesoccidental2\/wp-json\/wp\/v2\/users\/1"}],"replies":[{"embeddable":true,"href":"https:\/\/serveiseducatius.xtec.cat\/vallesoccidental2\/wp-json\/wp\/v2\/comments?post=379"}],"version-history":[{"count":4,"href":"https:\/\/serveiseducatius.xtec.cat\/vallesoccidental2\/wp-json\/wp\/v2\/pages\/379\/revisions"}],"predecessor-version":[{"id":8364,"href":"https:\/\/serveiseducatius.xtec.cat\/vallesoccidental2\/wp-json\/wp\/v2\/pages\/379\/revisions\/8364"}],"up":[{"embeddable":true,"href":"https:\/\/serveiseducatius.xtec.cat\/vallesoccidental2\/wp-json\/wp\/v2\/pages\/338"}],"wp:attachment":[{"href":"https:\/\/serveiseducatius.xtec.cat\/vallesoccidental2\/wp-json\/wp\/v2\/media?parent=379"}],"curies":[{"name":"wp","href":"https:\/\/api.w.org\/{rel}","templated":true}]}}