{"id":797,"date":"2015-11-28T21:06:57","date_gmt":"2015-11-28T20:06:57","guid":{"rendered":"http:\/\/serveiseducatius.xtec.cat\/se-vallesoccidental1\/?page_id=797"},"modified":"2025-09-25T09:53:54","modified_gmt":"2025-09-25T07:53:54","slug":"presentacio","status":"publish","type":"page","link":"https:\/\/serveiseducatius.xtec.cat\/vallesoccidental1\/el-servei-educatiu\/presentacio\/","title":{"rendered":"Presentaci\u00f3"},"content":{"rendered":"\n<p class=\"has-medium-font-size\"><span style=\"font-weight: 400;\">Som un equip multiprofessional que donem suport i assessorament als professors i als alumnes (i les seves fam\u00edlies) dels centres educatius p\u00fablics i privats concertats de Sabadell i Sant Quirze del Vall\u00e8s, (de nivells educatius no universitaris) .<\/span><\/p>\n\n\n\n<ul class=\"wp-block-list\">\n<li class=\"has-medium-font-size\"><b>Els centres de recursos pedag\u00f2gics (CRP)<\/b><span style=\"font-weight: 400;\"> donem suport a l&#8217;activitat pedag\u00f2gica dels centres i a la tasca docent , especialment en la formaci\u00f3 permanent, els recursos pedag\u00f2gics i de dinamitzaci\u00f3 de projectes del centre i de la zona.&nbsp;<\/span><\/li>\n\n\n\n<li class=\"has-medium-font-size\"><b>Els equips d&#8217;assessorament i orientaci\u00f3 psicopedag\u00f2gica (EAP)<\/b><span style=\"font-weight: 400;\">&nbsp; donem suport al professorat i als centres per l&#8217;atenci\u00f3 de l\u2019alumnat que presenta necessitats espec\u00edfiques de suport educatiu, aix\u00ed com a les seves fam\u00edlies. El configuren l&#8217;equip de psicopedagogia, l&#8217;equip de fisioter\u00e0pia i l&#8217;equip de treball social.<\/span><\/li>\n\n\n\n<li class=\"has-medium-font-size\"><b>Els equips d&#8217;assessorament en llengua, interculturalitat i cohesi\u00f3 social (ELIC)<\/b><span style=\"font-weight: 400;\"> assessorem, formem i orientem en els tres \u00e0mbits i donem suport al professorat,&nbsp; en l\u2019atenci\u00f3 a la diversitat relacionada amb l&#8217;alumnat nouvingut i\/o amb amb risc d\u2019exclusi\u00f3 social en l\u2019\u00e0mbit dels centres educatius i els plans educatius d\u2019entorn.<\/span><\/li>\n<\/ul>\n\n\n\n<p><\/p>\n\n\n\n<h4 class=\"wp-block-heading\"><span style=\"font-weight: 400;\">Qui pot fer la demanda dels serveis?<\/span><\/h4>\n\n\n\n<ul class=\"wp-block-list\">\n<li class=\"has-medium-font-size\"><span style=\"font-weight: 400;\">Els centres, mitjan\u00e7ant els seus equips de direcci\u00f3.<\/span><\/li>\n\n\n\n<li class=\"has-medium-font-size\"><span style=\"font-weight: 400;\">Col\u00b7lectius de docents, d\u2019especialitat, de nivell, d\u2019interessos, etc.<\/span><\/li>\n\n\n\n<li class=\"has-medium-font-size\"><span style=\"font-weight: 400;\">Els docents directament.<\/span><\/li>\n\n\n\n<li class=\"has-medium-font-size\"><span style=\"font-weight: 400;\">Les fam\u00edlies, mitjan\u00e7ant els mestres-tutors.<\/span><\/li>\n\n\n\n<li class=\"has-medium-font-size\"><span style=\"font-weight: 400;\">Altres entitats vinculades a<\/span>l m\u00f3n educatiu.<\/li>\n<\/ul>\n\n\n\n<p><\/p>\n\n\n\n<h4 class=\"wp-block-heading\">&nbsp;<span style=\"font-weight: 400;\">Com es fa la demanda?<\/span><\/h4>\n\n\n\n<p class=\"has-medium-font-size\"><span style=\"font-weight: 400;\">Trucant al <\/span><strong>tel\u00e8fon 93 566 85 70  <\/strong><span style=\"font-weight: 400;\">o enviant un <strong>correu electr\u00f2nic<\/strong> als diferents serveis<\/span>. Vegeu els contactes a l&#8217;apartat <a href=\"https:\/\/serveiseducatius.xtec.cat\/vallesoccidental1\/el-servei-educatiu\/equip\/\">&#8220;equip de professionals&#8221;<\/a>.<\/p>\n","protected":false},"excerpt":{"rendered":"<p>Som un equip multiprofessional que donem suport i assessorament als professors i als alumnes (i les seves fam\u00edlies) dels centres [&hellip;]<\/p>\n","protected":false},"author":1,"featured_media":0,"parent":806,"menu_order":10,"comment_status":"closed","ping_status":"closed","template":"","meta":{"_bbp_topic_count":0,"_bbp_reply_count":0,"_bbp_total_topic_count":0,"_bbp_total_reply_count":0,"_bbp_voice_count":0,"_bbp_anonymous_reply_count":0,"_bbp_topic_count_hidden":0,"_bbp_reply_count_hidden":0,"_bbp_forum_subforum_count":0,"site-sidebar-layout":"no-sidebar","site-content-layout":"","ast-site-content-layout":"full-width-container","site-content-style":"default","site-sidebar-style":"default","ast-global-header-display":"","ast-banner-title-visibility":"","ast-main-header-display":"","ast-hfb-above-header-display":"","ast-hfb-below-header-display":"","ast-hfb-mobile-header-display":"","site-post-title":"","ast-breadcrumbs-content":"","ast-featured-img":"","footer-sml-layout":"","theme-transparent-header-meta":"","adv-header-id-meta":"","stick-header-meta":"","header-above-stick-meta":"","header-main-stick-meta":"","header-below-stick-meta":"","astra-migrate-meta-layouts":"set","ast-page-background-enabled":"default","ast-page-background-meta":{"desktop":{"background-color":"var(--ast-global-color-4)","background-image":"","background-repeat":"repeat","background-position":"center center","background-size":"auto","background-attachment":"scroll","background-type":"","background-media":"","overlay-type":"","overlay-color":"","overlay-opacity":"","overlay-gradient":""},"tablet":{"background-color":"","background-image":"","background-repeat":"repeat","background-position":"center center","background-size":"auto","background-attachment":"scroll","background-type":"","background-media":"","overlay-type":"","overlay-color":"","overlay-opacity":"","overlay-gradient":""},"mobile":{"background-color":"","background-image":"","background-repeat":"repeat","background-position":"center center","background-size":"auto","background-attachment":"scroll","background-type":"","background-media":"","overlay-type":"","overlay-color":"","overlay-opacity":"","overlay-gradient":""}},"ast-content-background-meta":{"desktop":{"background-color":"var(--ast-global-color-5)","background-image":"","background-repeat":"repeat","background-position":"center center","background-size":"auto","background-attachment":"scroll","background-type":"","background-media":"","overlay-type":"","overlay-color":"","overlay-opacity":"","overlay-gradient":""},"tablet":{"background-color":"var(--ast-global-color-5)","background-image":"","background-repeat":"repeat","background-position":"center center","background-size":"auto","background-attachment":"scroll","background-type":"","background-media":"","overlay-type":"","overlay-color":"","overlay-opacity":"","overlay-gradient":""},"mobile":{"background-color":"var(--ast-global-color-5)","background-image":"","background-repeat":"repeat","background-position":"center center","background-size":"auto","background-attachment":"scroll","background-type":"","background-media":"","overlay-type":"","overlay-color":"","overlay-opacity":"","overlay-gradient":""}},"footnotes":""},"class_list":["post-797","page","type-page","status-publish","hentry"],"post_mailing_queue_ids":[],"_links":{"self":[{"href":"https:\/\/serveiseducatius.xtec.cat\/vallesoccidental1\/wp-json\/wp\/v2\/pages\/797","targetHints":{"allow":["GET"]}}],"collection":[{"href":"https:\/\/serveiseducatius.xtec.cat\/vallesoccidental1\/wp-json\/wp\/v2\/pages"}],"about":[{"href":"https:\/\/serveiseducatius.xtec.cat\/vallesoccidental1\/wp-json\/wp\/v2\/types\/page"}],"author":[{"embeddable":true,"href":"https:\/\/serveiseducatius.xtec.cat\/vallesoccidental1\/wp-json\/wp\/v2\/users\/1"}],"replies":[{"embeddable":true,"href":"https:\/\/serveiseducatius.xtec.cat\/vallesoccidental1\/wp-json\/wp\/v2\/comments?post=797"}],"version-history":[{"count":6,"href":"https:\/\/serveiseducatius.xtec.cat\/vallesoccidental1\/wp-json\/wp\/v2\/pages\/797\/revisions"}],"predecessor-version":[{"id":6124,"href":"https:\/\/serveiseducatius.xtec.cat\/vallesoccidental1\/wp-json\/wp\/v2\/pages\/797\/revisions\/6124"}],"up":[{"embeddable":true,"href":"https:\/\/serveiseducatius.xtec.cat\/vallesoccidental1\/wp-json\/wp\/v2\/pages\/806"}],"wp:attachment":[{"href":"https:\/\/serveiseducatius.xtec.cat\/vallesoccidental1\/wp-json\/wp\/v2\/media?parent=797"}],"curies":[{"name":"wp","href":"https:\/\/api.w.org\/{rel}","templated":true}]}}