{"id":9293,"date":"2024-03-29T09:58:35","date_gmt":"2024-03-29T08:58:35","guid":{"rendered":"https:\/\/serveiseducatius.xtec.cat\/vallesoccidental\/?page_id=9293"},"modified":"2026-03-09T13:23:19","modified_gmt":"2026-03-09T12:23:19","slug":"jornades-en-clau-inclusiva","status":"publish","type":"page","link":"https:\/\/serveiseducatius.xtec.cat\/vallesoccidental\/jornades-en-clau-inclusiva\/","title":{"rendered":"Jornades d&#8217;intercanvi d&#8217;experi\u00e8ncies: I i II Jornades d&#8217;intercanvi d&#8217;experi\u00e8ncies VOC. (2023-2026)"},"content":{"rendered":"\n<p><\/p>\n\n\n\n<p>INFORMACI\u00d3 I PROGRAMES D&#8217;ACTIVITATS<\/p>\n\n\n\n<p><\/p>\n\n\n<h2><a href=\"https:\/\/serveiseducatius.xtec.cat\/vallesoccidental\/wp-content\/uploads\/usu2531\/2025\/12\/secundario.png\"><img loading=\"lazy\" decoding=\"async\" class=\"wp-image-10168 alignleft\" src=\"https:\/\/serveiseducatius.xtec.cat\/vallesoccidental\/wp-content\/uploads\/usu2531\/2025\/12\/secundario.png\" alt=\"\" width=\"136\" height=\"136\" srcset=\"https:\/\/serveiseducatius.xtec.cat\/vallesoccidental\/wp-content\/uploads\/usu2531\/2025\/12\/secundario.png 512w, https:\/\/serveiseducatius.xtec.cat\/vallesoccidental\/wp-content\/uploads\/usu2531\/2025\/12\/secundario-300x300.png 300w, https:\/\/serveiseducatius.xtec.cat\/vallesoccidental\/wp-content\/uploads\/usu2531\/2025\/12\/secundario-150x150.png 150w\" sizes=\"auto, (max-width: 136px) 100vw, 136px\" \/><\/a><span style=\"color: #000000;\"><strong>II Jornades d\u2019intercanvi d\u2019experi\u00e8ncies VOC: <\/strong><\/span><em><span style=\"font-weight: 400; color: #0000ff;\"><b>&#8220;Contextos<\/b><b>\u00a0afavoridors de <\/b><b>benestar i aprenentatge&#8221;<\/b><\/span><\/em><\/h2>\n<p><span style=\"font-weight: 400;\">\u00a0Les\u00a0 <\/span><b>\u201c II Jornades d&#8217;intercanvi d&#8217;experi\u00e8ncies pedag\u00f2giques sobre <\/b><i><span style=\"font-weight: 400;\">\u201c<\/span><\/i><b><i>Contextos afavoridors de benestar i aprenentatge\u201d,\u00a0 <\/i><\/b><span style=\"font-weight: 400;\">donen<\/span><span style=\"font-weight: 400;\"> resposta a les necessitats de continu\u00eftat formativa manifestades pels centres amb SIEI. La primera acci\u00f3 va ser el seminari web <\/span><span style=\"font-weight: 400;\">sobre \u201cContextos afavoridors de benestar i aprenentatge\u201d a c\u00e0rrec de la M\u00f2nica Nonell del CRETDIC VOC.\u00a0<\/span><\/p>\n<p><span style=\"font-weight: 400;\"> <a href=\"https:\/\/serveiseducatius.xtec.cat\/vallesoccidental\/wp-content\/uploads\/usu2531\/2024\/03\/baixa.png\"><img loading=\"lazy\" decoding=\"async\" class=\"size-full wp-image-9301 alignleft\" src=\"https:\/\/serveiseducatius.xtec.cat\/vallesoccidental\/wp-content\/uploads\/usu2531\/2024\/03\/baixa.png\" alt=\"\" width=\"48\" height=\"48\" \/><\/a>\u00a0\u00a0L<\/span><b>&#8216;objectiu <\/b><span style=\"font-weight: 400;\">d\u2019aquestes \u00e9s crear un espai enriquidor que fomenti la reflexi\u00f3 i inspiri noves formes d&#8217;abordar el benestar i l\u2019aprenentatge <\/span><span style=\"font-weight: 400;\">dins del marc de l\u2019educaci\u00f3 inclusiva i fer-ne la transfer\u00e8ncia als centres.<\/span><\/p>\n<p><span style=\"font-weight: 400;\"> <a href=\"https:\/\/serveiseducatius.xtec.cat\/vallesoccidental\/wp-content\/uploads\/usu2531\/2024\/03\/puzzle.png\"><img loading=\"lazy\" decoding=\"async\" class=\"size-full wp-image-9304 alignleft\" src=\"https:\/\/serveiseducatius.xtec.cat\/vallesoccidental\/wp-content\/uploads\/usu2531\/2024\/03\/puzzle.png\" alt=\"\" width=\"48\" height=\"48\" \/><\/a>\u00a0Van adre\u00e7ades a <\/span><b>professionals del SIEI i altres persones interessades. <\/b><span style=\"font-weight: 400;\">L\u2019organitzaci\u00f3 va a c\u00e0rrec d\u2019un equip de treball format per <\/span><span style=\"font-weight: 400;\">professionals del CRETDIC, de l\u2019EAP i dels Serveis Educatius dels Serveis Territorials.<\/span><\/p>\n<h3><span style=\"color: #008080;\"><strong><img loading=\"lazy\" decoding=\"async\" class=\"\" src=\"https:\/\/cdn.iconscout.com\/icon\/premium\/png-256-thumb\/2026-icon-svg-download-png-8900619.png\" alt=\"2026 Icon - Download SVG, PNG for Culture &amp; Religion | IconScout\" width=\"41\" height=\"41\" \/> CALENDARI:<\/strong><\/span><\/h3>\n<p><span style=\"font-weight: 400;\">\u00a0 <\/span><a style=\"font-size: revert; background-color: rgba(0, 0, 0, 0); font-weight: inherit;\" href=\"https:\/\/forms.gle\/Yrkn4M2RPUHZWuna7\"><img loading=\"lazy\" decoding=\"async\" class=\"wp-image-10179 alignnone\" src=\"https:\/\/serveiseducatius.xtec.cat\/vallesoccidental\/wp-content\/uploads\/usu2531\/2025\/12\/Webinar-1024x548.png\" alt=\"\" width=\"253\" height=\"135\" srcset=\"https:\/\/serveiseducatius.xtec.cat\/vallesoccidental\/wp-content\/uploads\/usu2531\/2025\/12\/Webinar-1024x548.png 1024w, https:\/\/serveiseducatius.xtec.cat\/vallesoccidental\/wp-content\/uploads\/usu2531\/2025\/12\/Webinar-300x161.png 300w, https:\/\/serveiseducatius.xtec.cat\/vallesoccidental\/wp-content\/uploads\/usu2531\/2025\/12\/Webinar-768x411.png 768w, https:\/\/serveiseducatius.xtec.cat\/vallesoccidental\/wp-content\/uploads\/usu2531\/2025\/12\/Webinar.png 1289w\" sizes=\"auto, (max-width: 253px) 100vw, 253px\" \/>\u00a0 \u00a0 \u00a0 \u00a0 \u00a0 \u00a0 \u00a0 \u00a0 \u00a0 \u00a0 \u00a0 \u00a0 \u00a0 \u00a0 \u00a0 \u00a0 <\/a><a href=\"https:\/\/serveiseducatius.xtec.cat\/vallesoccidental\/wp-content\/uploads\/usu2531\/2026\/02\/jornades.png\"><img loading=\"lazy\" decoding=\"async\" class=\"wp-image-10256 alignnone\" src=\"https:\/\/serveiseducatius.xtec.cat\/vallesoccidental\/wp-content\/uploads\/usu2531\/2026\/02\/jornades.png\" alt=\"\" width=\"326\" height=\"157\" srcset=\"https:\/\/serveiseducatius.xtec.cat\/vallesoccidental\/wp-content\/uploads\/usu2531\/2026\/02\/jornades.png 819w, https:\/\/serveiseducatius.xtec.cat\/vallesoccidental\/wp-content\/uploads\/usu2531\/2026\/02\/jornades-300x144.png 300w, https:\/\/serveiseducatius.xtec.cat\/vallesoccidental\/wp-content\/uploads\/usu2531\/2026\/02\/jornades-768x369.png 768w\" sizes=\"auto, (max-width: 326px) 100vw, 326px\" \/><\/a><\/p>\n<h3><span style=\"color: #008080;\"><strong>PROGRAMES:<\/strong><\/span><\/h3>\n<table style=\"border-collapse: collapse; width: 99.3334%; height: 108px;\">\n<tbody>\n<tr style=\"height: 51px;\">\n<td style=\"width: 36.6026%; text-align: center; height: 51px;\">\n<h3>Terrassa 20\/02\/26<\/h3>\n<\/td>\n<td style=\"width: 32.6277%; text-align: center; height: 51px;\">\n<h3>Sabadell 27\/02\/26<\/h3>\n<\/td>\n<td style=\"width: 57.988%; text-align: center; height: 51px;\">\n<h3>Sant Cugat 06\/03\/26<\/h3>\n<\/td>\n<\/tr>\n<tr style=\"height: 68px;\">\n<td style=\"width: 36.6026%; height: 57px;\">\n<p style=\"text-align: center;\"><a href=\"https:\/\/docs.google.com\/presentation\/d\/13WJMQs7VOse-_nkMRZmkrRrBIjdlqDRSnnkKQyp-PDI\/edit?slide=id.g2c74a3b1224_0_142#slide=id.g2c74a3b1224_0_142\">Programa Jornada Terrassa_20 febrer 2026<\/a><\/p>\n<\/td>\n<td style=\"width: 32.6277%; text-align: center; height: 57px;\"><a href=\"https:\/\/docs.google.com\/presentation\/d\/1dAB4oaexb4CBTjZgLmicbGQ84RslzxErKBbRwNOdGrA\/edit?slide=id.g2c74a3b1224_0_142#slide=id.g2c74a3b1224_0_142\">Programa Jornada Sabadell_27 febrer 2026<\/a><\/td>\n<td style=\"width: 57.988%; text-align: center; height: 57px;\">\n<p><a href=\"https:\/\/docs.google.com\/presentation\/d\/1FL6_HeoOj9Kl-BPJKohJoKpGrhdEIe4BjFWeYPzve6s\/edit?slide=id.g2c74a3b1224_0_142#slide=id.g2c74a3b1224_0_142\">Programa Jornada Sant Cugat_6 mar\u00e7 2026<\/a><\/p>\n<\/td>\n<\/tr>\n<\/tbody>\n<\/table>\n<h3><span style=\"color: #008080;\"><strong>MATERIALS FORMACIONS: <\/strong><\/span><\/h3>\n<p><img decoding=\"async\" class=\"emoji\" role=\"img\" draggable=\"false\" src=\"https:\/\/s.w.org\/images\/core\/emoji\/15.0.3\/svg\/1f4d2.svg\" alt=\"\ud83d\udcd2\" \/> <strong>TERRASSA: <a href=\"https:\/\/drive.google.com\/drive\/folders\/1fl9vwNKoVsSCNWcEuzqnDmPlpxnHYH8p?usp=drive_link\">Presentacions tallers Jornada 20 de febrer. Terrassa<\/a><\/strong><\/p>\n<p><img decoding=\"async\" class=\"emoji\" role=\"img\" draggable=\"false\" src=\"https:\/\/s.w.org\/images\/core\/emoji\/15.0.3\/svg\/1f4d2.svg\" alt=\"\ud83d\udcd2\" \/> <strong>SABADELL: <a href=\"https:\/\/drive.google.com\/drive\/folders\/1Y8nohZHWoyyggnJl6vZz-ddcUQBaktIv?usp=sharing\">Presentacions tallers Jornada 27 de febrer. Sabadell<\/a>.<\/strong><\/p>\n<p><img decoding=\"async\" class=\"emoji\" role=\"img\" draggable=\"false\" src=\"https:\/\/s.w.org\/images\/core\/emoji\/15.0.3\/svg\/1f4d2.svg\" alt=\"\ud83d\udcd2\" \/> <strong>SANT CUGAT: <a href=\"https:\/\/drive.google.com\/drive\/folders\/1NbK0kdSYWtSRlJm93wL2cTL0hoYAidC2?usp=drive_link\">Presentacions tallers Jornada 6 de mar\u00e7. Sant Cugat.<\/a><\/strong><\/p>\n<hr \/>\n<p><a href=\"https:\/\/serveiseducatius.xtec.cat\/vallesoccidental\/wp-content\/uploads\/usu2531\/2024\/03\/Icona-Jornades.png\"><img loading=\"lazy\" decoding=\"async\" class=\"alignnone wp-image-9302\" src=\"https:\/\/serveiseducatius.xtec.cat\/vallesoccidental\/wp-content\/uploads\/usu2531\/2024\/03\/Icona-Jornades.png\" alt=\"\" width=\"146\" height=\"131\" \/><\/a><a href=\"https:\/\/serveiseducatius.xtec.cat\/vallesoccidental\/wp-content\/uploads\/usu2531\/2024\/04\/SIEI.png\"><img loading=\"lazy\" decoding=\"async\" class=\"alignnone size-full wp-image-9309\" src=\"https:\/\/serveiseducatius.xtec.cat\/vallesoccidental\/wp-content\/uploads\/usu2531\/2024\/04\/SIEI.png\" alt=\"\" width=\"508\" height=\"136\" srcset=\"https:\/\/serveiseducatius.xtec.cat\/vallesoccidental\/wp-content\/uploads\/usu2531\/2024\/04\/SIEI.png 508w, https:\/\/serveiseducatius.xtec.cat\/vallesoccidental\/wp-content\/uploads\/usu2531\/2024\/04\/SIEI-300x80.png 300w\" sizes=\"auto, (max-width: 508px) 100vw, 508px\" \/><\/a><\/p>\n<p><span style=\"font-weight: 400;\">Les <\/span><b>\u201cJornades d&#8217;intercanvi d&#8217;experi\u00e8ncies pedag\u00f2giques sobre la comunicaci\u00f3 en clau inclusiva\u201d <\/b><span style=\"font-weight: 400;\">donen resposta a les <\/span><span style=\"font-weight: 400;\">necessitats de continu\u00eftat formativa manifestades pels centres amb SIEI. La primera acci\u00f3 va ser el seminari web sobre \u201cLa <\/span><span style=\"font-weight: 400;\">comunicaci\u00f3 augmentativa\u201d a c\u00e0rrec d\u2019en Marc Coronas de la UTAC, en la que van participar gaireb\u00e9 300 persones.<\/span><\/p>\n<p><span style=\"font-weight: 400;\"><a href=\"https:\/\/serveiseducatius.xtec.cat\/vallesoccidental\/wp-content\/uploads\/usu2531\/2024\/03\/baixa.png\"><img loading=\"lazy\" decoding=\"async\" class=\"size-full wp-image-9301 alignleft\" src=\"https:\/\/serveiseducatius.xtec.cat\/vallesoccidental\/wp-content\/uploads\/usu2531\/2024\/03\/baixa.png\" alt=\"\" width=\"48\" height=\"48\" \/><\/a>L<\/span><b>&#8216;objectiu <\/b><span style=\"font-weight: 400;\">d\u2019aquestes \u00e9s crear un espai enriquidor que fomenti la reflexi\u00f3 i inspiri noves formes d&#8217;abordar la comunicaci\u00f3 dins del <\/span><span style=\"font-weight: 400;\">marc de l\u2019educaci\u00f3 inclusiva i fer-ne la transfer\u00e8ncia als centres.<\/span><\/p>\n<p><span style=\"font-weight: 400;\"><a href=\"https:\/\/serveiseducatius.xtec.cat\/vallesoccidental\/wp-content\/uploads\/usu2531\/2024\/03\/puzzle.png\"><img loading=\"lazy\" decoding=\"async\" class=\"size-full wp-image-9304 alignleft\" src=\"https:\/\/serveiseducatius.xtec.cat\/vallesoccidental\/wp-content\/uploads\/usu2531\/2024\/03\/puzzle.png\" alt=\"\" width=\"48\" height=\"48\" \/><\/a>Van adre\u00e7ades a <\/span><b>professionals del SIEI i altres persones interessades. <\/b><span style=\"font-weight: 400;\">L\u2019organitzaci\u00f3 va a c\u00e0rrec d\u2019un equip de treball format per <\/span><span style=\"font-weight: 400;\">professionals del CRETDIC, de l\u2019EAP i dels Serveis Educatius dels Serveis Territorials.<\/span><\/p>\n<p>Les Jornades es duran a terme en 4 municipis en els dies seg\u00fcents: 5 d&#8217;abril, 12 d&#8217;abril, 26 d&#8217;abril i 10 de maig<\/p>\n<h3><span style=\"color: #008080;\"><strong>PROGRAMES<\/strong><\/span><\/h3>\n<table style=\"border-collapse: collapse; width: 75.0447%;\">\n<tbody>\n<tr>\n<td style=\"width: 452.078px; text-align: center; vertical-align: middle;\">\n<h3>Sabadell 5\/04\/24<\/h3>\n<\/td>\n<td style=\"width: 441.453px; text-align: center; vertical-align: middle;\">\n<h3>Rub\u00ed 12\/04\/24<\/h3>\n<\/td>\n<\/tr>\n<tr>\n<td style=\"width: 452.078px; text-align: center;\"><iframe loading=\"lazy\" src=\"https:\/\/docs.google.com\/presentation\/d\/e\/2PACX-1vS88axST3YUKg5zAwPPg-aT47jBu3ZT5L_M2u3aPXe0Gk8olCfBLOQ66yA3ZC-scoTlTTuygDfzcIFC\/embed?start=false&amp;loop=false&amp;delayms=3000\" width=\"297\" height=\"477\" frameborder=\"0\" allowfullscreen=\"allowfullscreen\"><span data-mce-type=\"bookmark\" style=\"display: inline-block; width: 0px; overflow: hidden; line-height: 0;\" class=\"mce_SELRES_start\">\ufeff<\/span><\/iframe><\/td>\n<td style=\"width: 441.453px; text-align: center;\"><iframe loading=\"lazy\" src=\"https:\/\/docs.google.com\/presentation\/d\/e\/2PACX-1vSrBjvJHdm2QV0gcbLo-0M7RAf4KWy4fJFRozWdiFlzZLGB7xr2LWfFnzGICGe5lmD_iiIgYAvU2P9j\/embed?start=false&amp;loop=false&amp;delayms=3000\" width=\"297\" height=\"477\" frameborder=\"0\" allowfullscreen=\"allowfullscreen\"><\/iframe><\/td>\n<\/tr>\n<\/tbody>\n<\/table>\n<table style=\"border-collapse: collapse; width: 75.6346%; height: 85px;\">\n<tbody>\n<tr style=\"height: 53px;\">\n<td style=\"width: 6.61556%; text-align: center; vertical-align: middle; height: 53px;\">\n<h3>Badia 26\/04\/24<\/h3>\n<\/td>\n<td style=\"width: 6.32791%; text-align: center; vertical-align: middle; height: 53px;\">\n<h3>Terrassa 10\/05\/24<\/h3>\n<\/td>\n<\/tr>\n<tr style=\"height: 32px;\">\n<td style=\"width: 6.61556%; text-align: center; height: 32px;\"><iframe loading=\"lazy\" src=\"https:\/\/docs.google.com\/presentation\/d\/e\/2PACX-1vQviV7ntDUe7K_IussgF79CfdzL9a8_M5XvuDb1hFGBYxfg8fmm5vGomdYByVMvMQbLMkRDSSzsBK88\/embed?start=false&amp;loop=false&amp;delayms=3000\" width=\"297\" height=\"477\" frameborder=\"0\" allowfullscreen=\"allowfullscreen\"><\/iframe><\/td>\n<td style=\"width: 6.32791%; text-align: center; height: 32px;\"><iframe loading=\"lazy\" src=\"https:\/\/docs.google.com\/presentation\/d\/e\/2PACX-1vTDw6O8KawH2a_18p3NU6bzBLWwbE1uDQoL8-hf0HJCWS55TsrDoYRyOZcRx-BpHUoaKFF8msOcXk5y\/embed?start=false&amp;loop=false&amp;delayms=3000\" width=\"297\" height=\"477\" frameborder=\"0\" allowfullscreen=\"allowfullscreen\"><span data-mce-type=\"bookmark\" style=\"display: inline-block; width: 0px; overflow: hidden; line-height: 0;\" class=\"mce_SELRES_start\">\ufeff<\/span><\/iframe><\/td>\n<\/tr>\n<\/tbody>\n<\/table>\n<table style=\"border-collapse: collapse; width: 93.7805%;\">\n<tbody>\n<tr>\n<td style=\"width: 54.2471%;\">\n<h3><span style=\"color: #008080;\"><strong>P\u00d2STERS<\/strong><\/span><\/h3>\n<h3><iframe loading=\"lazy\" src=\"https:\/\/docs.google.com\/presentation\/d\/e\/2PACX-1vQcStsLWvVwbQPoOVi75ib7Vnt71slST7OijvpDT62Dj9bP2UIvLwMvfof_Saw1o8IcjYAeGHnBypaG\/embed?start=false&amp;loop=false&amp;delayms=3000\" width=\"597\" height=\"777\" frameborder=\"0\" allowfullscreen=\"allowfullscreen\" data-mce-fragment=\"1\"><span data-mce-type=\"bookmark\" style=\"display: inline-block; width: 0px; overflow: hidden; line-height: 0;\" class=\"mce_SELRES_start\">\ufeff<\/span><span data-mce-type=\"bookmark\" style=\"display: inline-block; width: 0px; overflow: hidden; line-height: 0;\" class=\"mce_SELRES_start\">\ufeff<\/span><\/iframe><\/h3>\n<\/td>\n<td style=\"width: 49.6694%;\">\n<h3><span style=\"color: #008080;\"><strong>\u00c0LBUM DIGITAL<\/strong><\/span><\/h3>\n<h3><iframe loading=\"lazy\" src=\"https:\/\/docs.google.com\/presentation\/d\/e\/2PACX-1vSdlkozGR1y4mQ8128wExnq8qTUFs0MIGY5T9Q9dpzLi-LoEPyVrwlLaphduntieA\/embed?start=false&amp;loop=false&amp;delayms=3000\" width=\"516\" height=\"785\" frameborder=\"0\" allowfullscreen=\"allowfullscreen\"><\/iframe><\/h3>\n<\/td>\n<\/tr>\n<\/tbody>\n<\/table>\n<h3>\u00a0<\/h3>\n\n\n<p><\/p>\n","protected":false},"excerpt":{"rendered":"<p>INFORMACI\u00d3 I PROGRAMES D&#8217;ACTIVITATS II Jornades d\u2019intercanvi d\u2019experi\u00e8ncies VOC: &#8220;Contextos\u00a0afavoridors de benestar i aprenentatge&#8221; \u00a0Les\u00a0 \u201c II Jornades d&#8217;intercanvi d&#8217;experi\u00e8ncies [&hellip;]<\/p>\n","protected":false},"author":1,"featured_media":0,"parent":0,"menu_order":0,"comment_status":"closed","ping_status":"closed","template":"","meta":{"_bbp_topic_count":0,"_bbp_reply_count":0,"_bbp_total_topic_count":0,"_bbp_total_reply_count":0,"_bbp_voice_count":0,"_bbp_anonymous_reply_count":0,"_bbp_topic_count_hidden":0,"_bbp_reply_count_hidden":0,"_bbp_forum_subforum_count":0,"site-sidebar-layout":"default","site-content-layout":"","ast-site-content-layout":"default","site-content-style":"default","site-sidebar-style":"default","ast-global-header-display":"","ast-banner-title-visibility":"","ast-main-header-display":"","ast-hfb-above-header-display":"","ast-hfb-below-header-display":"","ast-hfb-mobile-header-display":"","site-post-title":"","ast-breadcrumbs-content":"","ast-featured-img":"","footer-sml-layout":"","theme-transparent-header-meta":"","adv-header-id-meta":"","stick-header-meta":"","header-above-stick-meta":"","header-main-stick-meta":"","header-below-stick-meta":"","astra-migrate-meta-layouts":"set","ast-page-background-enabled":"default","ast-page-background-meta":{"desktop":{"background-color":"var(--ast-global-color-4)","background-image":"","background-repeat":"repeat","background-position":"center center","background-size":"auto","background-attachment":"scroll","background-type":"","background-media":"","overlay-type":"","overlay-color":"","overlay-opacity":"","overlay-gradient":""},"tablet":{"background-color":"","background-image":"","background-repeat":"repeat","background-position":"center center","background-size":"auto","background-attachment":"scroll","background-type":"","background-media":"","overlay-type":"","overlay-color":"","overlay-opacity":"","overlay-gradient":""},"mobile":{"background-color":"","background-image":"","background-repeat":"repeat","background-position":"center center","background-size":"auto","background-attachment":"scroll","background-type":"","background-media":"","overlay-type":"","overlay-color":"","overlay-opacity":"","overlay-gradient":""}},"ast-content-background-meta":{"desktop":{"background-color":"var(--ast-global-color-5)","background-image":"","background-repeat":"repeat","background-position":"center center","background-size":"auto","background-attachment":"scroll","background-type":"","background-media":"","overlay-type":"","overlay-color":"","overlay-opacity":"","overlay-gradient":""},"tablet":{"background-color":"var(--ast-global-color-5)","background-image":"","background-repeat":"repeat","background-position":"center center","background-size":"auto","background-attachment":"scroll","background-type":"","background-media":"","overlay-type":"","overlay-color":"","overlay-opacity":"","overlay-gradient":""},"mobile":{"background-color":"var(--ast-global-color-5)","background-image":"","background-repeat":"repeat","background-position":"center center","background-size":"auto","background-attachment":"scroll","background-type":"","background-media":"","overlay-type":"","overlay-color":"","overlay-opacity":"","overlay-gradient":""}},"footnotes":""},"class_list":["post-9293","page","type-page","status-publish","hentry"],"post_mailing_queue_ids":[],"_links":{"self":[{"href":"https:\/\/serveiseducatius.xtec.cat\/vallesoccidental\/wp-json\/wp\/v2\/pages\/9293","targetHints":{"allow":["GET"]}}],"collection":[{"href":"https:\/\/serveiseducatius.xtec.cat\/vallesoccidental\/wp-json\/wp\/v2\/pages"}],"about":[{"href":"https:\/\/serveiseducatius.xtec.cat\/vallesoccidental\/wp-json\/wp\/v2\/types\/page"}],"author":[{"embeddable":true,"href":"https:\/\/serveiseducatius.xtec.cat\/vallesoccidental\/wp-json\/wp\/v2\/users\/1"}],"replies":[{"embeddable":true,"href":"https:\/\/serveiseducatius.xtec.cat\/vallesoccidental\/wp-json\/wp\/v2\/comments?post=9293"}],"version-history":[{"count":7,"href":"https:\/\/serveiseducatius.xtec.cat\/vallesoccidental\/wp-json\/wp\/v2\/pages\/9293\/revisions"}],"predecessor-version":[{"id":10648,"href":"https:\/\/serveiseducatius.xtec.cat\/vallesoccidental\/wp-json\/wp\/v2\/pages\/9293\/revisions\/10648"}],"wp:attachment":[{"href":"https:\/\/serveiseducatius.xtec.cat\/vallesoccidental\/wp-json\/wp\/v2\/media?parent=9293"}],"curies":[{"name":"wp","href":"https:\/\/api.w.org\/{rel}","templated":true}]}}