{"id":806,"date":"2015-11-28T21:29:55","date_gmt":"2015-11-28T20:29:55","guid":{"rendered":"http:\/\/serveiseducatius.xtec.cat\/urgell\/?page_id=806"},"modified":"2025-12-12T13:35:40","modified_gmt":"2025-12-12T12:35:40","slug":"el-servei-educatiu","status":"publish","type":"page","link":"https:\/\/serveiseducatius.xtec.cat\/urgell\/el-servei-educatiu\/","title":{"rendered":"El servei educatiu"},"content":{"rendered":"<p>Els serveis educatius s\u00f3n equips multiprofessionals que donen suport i assessorament als professors i als alumnes (i les seves fam\u00edlies) de centres educatius p\u00fablics i privats concertats de nivells educatius no universitaris.<\/p>\n<h4>Serveis educatius de zona<\/h4>\n<p>Cada servei educatiu de zona est\u00e0 format pels serveis educatius que actuen en els centres d&#8217;una zona educativa espec\u00edfica; aquests serveis s\u00f3n els seg\u00fcents:<\/p>\n<ul>\n<li>Els <strong>centres de recursos pedag\u00f2gics<\/strong> (CRP), integrats per equips de suport a l&#8217;activitat pedag\u00f2gica dels centres i a la tasca docent de mestres i professors, especialment quant a la formaci\u00f3 permanent, els recursos pedag\u00f2gics i de dinamitzaci\u00f3 de projectes del centre i de la zona.<\/li>\n<li>Els <strong>equips d&#8217;assessorament i orientaci\u00f3 psicopedag\u00f2gica<\/strong> (EAP) donen suport als professors i als centres en la resposta a la diversitat dels alumnes i en relaci\u00f3 als que presenten necessitats educatives especials, aix\u00ed com a les seves fam\u00edlies.<\/li>\n<li>Els <strong>equips d&#8217;assessorament en llengua i cohesi\u00f3 social<\/strong> (ELIC) assessoren i orienten en els \u00e0mbits de la llengua, la interculturalitat i la cohesi\u00f3 social i donen suport als professors en l\u2019atenci\u00f3 a la diversitat relacionada amb els alumnes, especialment procedents de la immigraci\u00f3 i\/o amb amb risc d\u2019exclusi\u00f3 social.<\/li>\n<\/ul>\n<p>L&#8217;\u00e0mbit d&#8217;actuaci\u00f3 del servei educatiu\u00a0\u00e9s la comarca de l&#8217;Urgell, a m\u00e9s d&#8217;algunes poblacions de comarques ve\u00efnes que, per motius diversos (pertinen\u00e7a a una ZER o a una zona d&#8217;inspecci\u00f3), s&#8217;integren al territori.<\/p>\n<h4>Qui pot fer la demanda dels serveis?<\/h4>\n<ul>\n<li>Els centres, mitjan\u00e7ant els seus equips de direcci\u00f3.<\/li>\n<li>Col\u00b7lectius de docents, d\u2019especialitat, de nivell, d\u2019interessos, etc.<\/li>\n<li>Els docents directament.<\/li>\n<li>Altres entitats vinculades a l\u2019Educaci\u00f3.<\/li>\n<\/ul>\n<h4>Com es fa la demanda?<\/h4>\n<p>Trucant al tel\u00e8fon <strong>973 312 318<\/strong> o enviant un correu electr\u00f2nic a <strong>c5870606@xtec.cat<\/strong><\/p>\n","protected":false},"excerpt":{"rendered":"<p>Els serveis educatius s\u00f3n equips multiprofessionals que donen suport i assessorament als professors i als alumnes (i les seves fam\u00edlies) de centres educatius p\u00fablics i privats concertats de nivells educatius no universitaris. Serveis educatius de zona Cada servei educatiu de zona est\u00e0 format pels serveis educatius que actuen en els centres d&#8217;una zona educativa espec\u00edfica; [&hellip;]<\/p>\n","protected":false},"author":6,"featured_media":0,"parent":0,"menu_order":0,"comment_status":"closed","ping_status":"closed","template":"","meta":{"_bbp_topic_count":0,"_bbp_reply_count":0,"_bbp_total_topic_count":0,"_bbp_total_reply_count":0,"_bbp_voice_count":0,"_bbp_anonymous_reply_count":0,"_bbp_topic_count_hidden":0,"_bbp_reply_count_hidden":0,"_bbp_forum_subforum_count":0,"site-sidebar-layout":"default","site-content-layout":"","ast-site-content-layout":"default","site-content-style":"default","site-sidebar-style":"default","ast-global-header-display":"","ast-banner-title-visibility":"","ast-main-header-display":"","ast-hfb-above-header-display":"","ast-hfb-below-header-display":"","ast-hfb-mobile-header-display":"","site-post-title":"","ast-breadcrumbs-content":"","ast-featured-img":"","footer-sml-layout":"","theme-transparent-header-meta":"","adv-header-id-meta":"","stick-header-meta":"","header-above-stick-meta":"","header-main-stick-meta":"","header-below-stick-meta":"","astra-migrate-meta-layouts":"set","ast-page-background-enabled":"default","ast-page-background-meta":{"desktop":{"background-color":"var(--ast-global-color-4)","background-image":"","background-repeat":"repeat","background-position":"center center","background-size":"auto","background-attachment":"scroll","background-type":"","background-media":"","overlay-type":"","overlay-color":"","overlay-opacity":"","overlay-gradient":""},"tablet":{"background-color":"","background-image":"","background-repeat":"repeat","background-position":"center center","background-size":"auto","background-attachment":"scroll","background-type":"","background-media":"","overlay-type":"","overlay-color":"","overlay-opacity":"","overlay-gradient":""},"mobile":{"background-color":"","background-image":"","background-repeat":"repeat","background-position":"center center","background-size":"auto","background-attachment":"scroll","background-type":"","background-media":"","overlay-type":"","overlay-color":"","overlay-opacity":"","overlay-gradient":""}},"ast-content-background-meta":{"desktop":{"background-color":"var(--ast-global-color-5)","background-image":"","background-repeat":"repeat","background-position":"center center","background-size":"auto","background-attachment":"scroll","background-type":"","background-media":"","overlay-type":"","overlay-color":"","overlay-opacity":"","overlay-gradient":""},"tablet":{"background-color":"var(--ast-global-color-5)","background-image":"","background-repeat":"repeat","background-position":"center center","background-size":"auto","background-attachment":"scroll","background-type":"","background-media":"","overlay-type":"","overlay-color":"","overlay-opacity":"","overlay-gradient":""},"mobile":{"background-color":"var(--ast-global-color-5)","background-image":"","background-repeat":"repeat","background-position":"center center","background-size":"auto","background-attachment":"scroll","background-type":"","background-media":"","overlay-type":"","overlay-color":"","overlay-opacity":"","overlay-gradient":""}},"footnotes":""},"class_list":["post-806","page","type-page","status-publish","hentry"],"post_mailing_queue_ids":[],"_links":{"self":[{"href":"https:\/\/serveiseducatius.xtec.cat\/urgell\/wp-json\/wp\/v2\/pages\/806","targetHints":{"allow":["GET"]}}],"collection":[{"href":"https:\/\/serveiseducatius.xtec.cat\/urgell\/wp-json\/wp\/v2\/pages"}],"about":[{"href":"https:\/\/serveiseducatius.xtec.cat\/urgell\/wp-json\/wp\/v2\/types\/page"}],"author":[{"embeddable":true,"href":"https:\/\/serveiseducatius.xtec.cat\/urgell\/wp-json\/wp\/v2\/users\/6"}],"replies":[{"embeddable":true,"href":"https:\/\/serveiseducatius.xtec.cat\/urgell\/wp-json\/wp\/v2\/comments?post=806"}],"version-history":[{"count":4,"href":"https:\/\/serveiseducatius.xtec.cat\/urgell\/wp-json\/wp\/v2\/pages\/806\/revisions"}],"predecessor-version":[{"id":25424,"href":"https:\/\/serveiseducatius.xtec.cat\/urgell\/wp-json\/wp\/v2\/pages\/806\/revisions\/25424"}],"wp:attachment":[{"href":"https:\/\/serveiseducatius.xtec.cat\/urgell\/wp-json\/wp\/v2\/media?parent=806"}],"curies":[{"name":"wp","href":"https:\/\/api.w.org\/{rel}","templated":true}]}}