{"id":25644,"date":"2026-02-23T12:12:30","date_gmt":"2026-02-23T11:12:30","guid":{"rendered":"https:\/\/serveiseducatius.xtec.cat\/urgell\/?page_id=25644"},"modified":"2026-02-23T12:48:58","modified_gmt":"2026-02-23T11:48:58","slug":"educadora-social-programa-reconnect-es","status":"publish","type":"page","link":"https:\/\/serveiseducatius.xtec.cat\/urgell\/educadora-social-programa-reconnect-es\/","title":{"rendered":"Educadora Social (Programa Reconnect-ES)"},"content":{"rendered":"\n<p>El Programa Reconnect-ES \u00e9s una iniciativa impulsada pel Departament d\u2019Educaci\u00f3 i Formaci\u00f3 Professional, que t\u00e9 com a objectiu principal abordar el repte de l\u2019abandonament escolar prematur entre els joves de 16 a 24 anys, facilitant la seva reincorporaci\u00f3 al sistema educatiu.<\/p>\n\n\n\n<figure class=\"wp-block-embed is-type-video is-provider-youtube wp-block-embed-youtube wp-embed-aspect-16-9 wp-has-aspect-ratio\"><div class=\"wp-block-embed__wrapper\">\n<div class=\"ast-oembed-container \" style=\"height: 100%;\"><iframe loading=\"lazy\" title=\"Projecte Reconnect-ES: acompanyar i orientar contra l&#039;abandonament escolar\" width=\"500\" height=\"281\" src=\"https:\/\/www.youtube.com\/embed\/rY8LP6InHcA?feature=oembed\" frameborder=\"0\" allow=\"accelerometer; autoplay; clipboard-write; encrypted-media; gyroscope; picture-in-picture; web-share\" referrerpolicy=\"strict-origin-when-cross-origin\" allowfullscreen><\/iframe><\/div>\n<\/div><\/figure>\n\n\n\n<p><strong>Objectius del programa<\/strong><\/p>\n\n\n\n<ul class=\"wp-block-list\">\n<li>Reduir l\u2019abandonament escolar prematur mitjan\u00e7ant l\u2019acompanyament personalitzat dels joves.<\/li>\n\n\n\n<li>Optimitzar el treball en xarxa entre serveis educatius, centres educatius i agents del territori.<\/li>\n\n\n\n<li>Col\u00b7laborar en la prevenci\u00f3 de l\u2019abandonament escolar i la promoci\u00f3 del benestar de l\u2019alumnat.<\/li>\n<\/ul>\n\n\n\n<p><strong>Fases del programa<\/strong><\/p>\n\n\n\n<ul class=\"wp-block-list\">\n<li>Reducci\u00f3 de l\u2019abandonament escolar prematur fent un seguiment i suport personalitzat als joves que han abandonat els estudis.<\/li>\n\n\n\n<li>Prevenci\u00f3 de l\u2019abandonament escolar prematur implementant estrat\u00e8gies preventives en col\u00b7laboraci\u00f3 amb els centres educatius.<\/li>\n\n\n\n<li>Promoci\u00f3 de la salut i el benestar duent a terme accions per fomentar el benestar integral de l\u2019alumnat.<\/li>\n<\/ul>\n\n\n\n<p>Educadora Social del CRP de l&#8217;Urgell: <strong>T\u00e0nia Codorniu<\/strong><\/p>\n\n\n\n<p>Tel\u00e8fon: <strong>600005810<\/strong><\/p>\n\n\n\n<p>Correu electr\u00f2nic: <strong>tcodorn1@xtec.cat<\/strong><\/p>\n\n\n\n<p>Atenci\u00f3 amb cita pr\u00e8via de dilluns a divendres<\/p>\n","protected":false},"excerpt":{"rendered":"<p>El Programa Reconnect-ES \u00e9s una iniciativa impulsada pel Departament d\u2019Educaci\u00f3 i Formaci\u00f3 Professional, que t\u00e9 com a objectiu principal abordar el repte de l\u2019abandonament escolar prematur entre els joves de 16 a 24 anys, facilitant la seva reincorporaci\u00f3 al sistema educatiu. Objectius del programa Fases del programa Educadora Social del CRP de l&#8217;Urgell: T\u00e0nia Codorniu [&hellip;]<\/p>\n","protected":false},"author":1,"featured_media":0,"parent":0,"menu_order":0,"comment_status":"closed","ping_status":"close","template":"","meta":{"_bbp_topic_count":0,"_bbp_reply_count":0,"_bbp_total_topic_count":0,"_bbp_total_reply_count":0,"_bbp_voice_count":0,"_bbp_anonymous_reply_count":0,"_bbp_topic_count_hidden":0,"_bbp_reply_count_hidden":0,"_bbp_forum_subforum_count":0,"site-sidebar-layout":"default","site-content-layout":"","ast-site-content-layout":"default","site-content-style":"default","site-sidebar-style":"default","ast-global-header-display":"","ast-banner-title-visibility":"","ast-main-header-display":"","ast-hfb-above-header-display":"","ast-hfb-below-header-display":"","ast-hfb-mobile-header-display":"","site-post-title":"","ast-breadcrumbs-content":"","ast-featured-img":"","footer-sml-layout":"","theme-transparent-header-meta":"","adv-header-id-meta":"","stick-header-meta":"","header-above-stick-meta":"","header-main-stick-meta":"","header-below-stick-meta":"","astra-migrate-meta-layouts":"set","ast-page-background-enabled":"default","ast-page-background-meta":{"desktop":{"background-color":"var(--ast-global-color-4)","background-image":"","background-repeat":"repeat","background-position":"center center","background-size":"auto","background-attachment":"scroll","background-type":"","background-media":"","overlay-type":"","overlay-color":"","overlay-opacity":"","overlay-gradient":""},"tablet":{"background-color":"","background-image":"","background-repeat":"repeat","background-position":"center center","background-size":"auto","background-attachment":"scroll","background-type":"","background-media":"","overlay-type":"","overlay-color":"","overlay-opacity":"","overlay-gradient":""},"mobile":{"background-color":"","background-image":"","background-repeat":"repeat","background-position":"center center","background-size":"auto","background-attachment":"scroll","background-type":"","background-media":"","overlay-type":"","overlay-color":"","overlay-opacity":"","overlay-gradient":""}},"ast-content-background-meta":{"desktop":{"background-color":"var(--ast-global-color-5)","background-image":"","background-repeat":"repeat","background-position":"center center","background-size":"auto","background-attachment":"scroll","background-type":"","background-media":"","overlay-type":"","overlay-color":"","overlay-opacity":"","overlay-gradient":""},"tablet":{"background-color":"var(--ast-global-color-5)","background-image":"","background-repeat":"repeat","background-position":"center center","background-size":"auto","background-attachment":"scroll","background-type":"","background-media":"","overlay-type":"","overlay-color":"","overlay-opacity":"","overlay-gradient":""},"mobile":{"background-color":"var(--ast-global-color-5)","background-image":"","background-repeat":"repeat","background-position":"center center","background-size":"auto","background-attachment":"scroll","background-type":"","background-media":"","overlay-type":"","overlay-color":"","overlay-opacity":"","overlay-gradient":""}},"footnotes":""},"class_list":["post-25644","page","type-page","status-publish","hentry"],"post_mailing_queue_ids":[],"_links":{"self":[{"href":"https:\/\/serveiseducatius.xtec.cat\/urgell\/wp-json\/wp\/v2\/pages\/25644","targetHints":{"allow":["GET"]}}],"collection":[{"href":"https:\/\/serveiseducatius.xtec.cat\/urgell\/wp-json\/wp\/v2\/pages"}],"about":[{"href":"https:\/\/serveiseducatius.xtec.cat\/urgell\/wp-json\/wp\/v2\/types\/page"}],"author":[{"embeddable":true,"href":"https:\/\/serveiseducatius.xtec.cat\/urgell\/wp-json\/wp\/v2\/users\/1"}],"replies":[{"embeddable":true,"href":"https:\/\/serveiseducatius.xtec.cat\/urgell\/wp-json\/wp\/v2\/comments?post=25644"}],"version-history":[{"count":4,"href":"https:\/\/serveiseducatius.xtec.cat\/urgell\/wp-json\/wp\/v2\/pages\/25644\/revisions"}],"predecessor-version":[{"id":25657,"href":"https:\/\/serveiseducatius.xtec.cat\/urgell\/wp-json\/wp\/v2\/pages\/25644\/revisions\/25657"}],"wp:attachment":[{"href":"https:\/\/serveiseducatius.xtec.cat\/urgell\/wp-json\/wp\/v2\/media?parent=25644"}],"curies":[{"name":"wp","href":"https:\/\/api.w.org\/{rel}","templated":true}]}}