{"id":16197,"date":"2024-10-29T12:06:03","date_gmt":"2024-10-29T11:06:03","guid":{"rendered":"https:\/\/serveiseducatius.xtec.cat\/terraalta\/?page_id=16197"},"modified":"2024-10-29T12:40:17","modified_gmt":"2024-10-29T11:40:17","slug":"proves-acl","status":"publish","type":"page","link":"https:\/\/serveiseducatius.xtec.cat\/terraalta\/proves-acl\/","title":{"rendered":"Proves ACL (Avaluaci\u00f3 de la Comprensi\u00f3 Lectora)"},"content":{"rendered":"<p><a href=\"https:\/\/drive.google.com\/drive\/folders\/1aBkWzzgQnIGXSZp8T6vZds76wWicH7nt\"><img loading=\"lazy\" decoding=\"async\" class=\"aligncenter size-large wp-image-16208\" src=\"https:\/\/serveiseducatius.xtec.cat\/terraalta\/wp-content\/uploads\/usu1128\/2024\/10\/acl-1024x162.png\" alt=\"\" width=\"1024\" height=\"162\" srcset=\"https:\/\/serveiseducatius.xtec.cat\/terraalta\/wp-content\/uploads\/usu1128\/2024\/10\/acl-1024x162.png 1024w, https:\/\/serveiseducatius.xtec.cat\/terraalta\/wp-content\/uploads\/usu1128\/2024\/10\/acl-300x48.png 300w, https:\/\/serveiseducatius.xtec.cat\/terraalta\/wp-content\/uploads\/usu1128\/2024\/10\/acl-768x122.png 768w, https:\/\/serveiseducatius.xtec.cat\/terraalta\/wp-content\/uploads\/usu1128\/2024\/10\/acl.png 1105w\" sizes=\"auto, (max-width: 1024px) 100vw, 1024px\" \/><\/a><\/p>\n<p style=\"text-align: justify;\">En aquesta carpeta compartida trobareu les <span style=\"color: #ff00ff;\"><strong>proves ACL actualitzades<\/strong><\/span>, elaborades per l&#8217;Escola Vallgorguina i el Servei Educatiu del Tarragon\u00e8s. Les proves comprenen els nivells de <strong>1r a 6\u00e8 de prim\u00e0ria<\/strong> i les teniu disponibles en 2 formats: en format pdf imprimible (per a 1r i 2n curs) i digital a trav\u00e9s de Google forms (per a 3r, 4t, 5\u00e8 i 6\u00e8).<\/p>\n<p>Cliqueu <strong><a href=\"https:\/\/drive.google.com\/drive\/folders\/1aBkWzzgQnIGXSZp8T6vZds76wWicH7nt?usp=sharing\">aqu\u00ed<\/a><\/strong> per accedir a la carpeta amb tota la informaci\u00f3.<\/p>\n<p>Tamb\u00e9 podeu consultar aquests materials al <a href=\"https:\/\/serveiseducatius.xtec.cat\/tarragones\/categoria\/comprensio_lectora\/\">web Nodes del SE del Tarragon\u00e8s<\/a>.<\/p>\n<p>Esperem que us siguin d&#8217;ajuda.<\/p>\n<p style=\"text-align: justify;\"><strong><span style=\"color: #ff0000;\">IMPORTANT<\/span>: recordeu fer una c\u00f2pia dels formularis per evitar que les dades dels vostres alumnes quedin p\u00fabliques.<\/strong><\/p>\n<p>&nbsp;<\/p>\n<p>&nbsp;<\/p>\n","protected":false},"excerpt":{"rendered":"<p>En aquesta carpeta compartida trobareu les proves ACL actualitzades, elaborades per l&#8217;Escola Vallgorguina i el Servei Educatiu del Tarragon\u00e8s. Les [&hellip;]<\/p>\n","protected":false},"author":1,"featured_media":0,"parent":0,"menu_order":0,"comment_status":"closed","ping_status":"closed","template":"","meta":{"_bbp_topic_count":0,"_bbp_reply_count":0,"_bbp_total_topic_count":0,"_bbp_total_reply_count":0,"_bbp_voice_count":0,"_bbp_anonymous_reply_count":0,"_bbp_topic_count_hidden":0,"_bbp_reply_count_hidden":0,"_bbp_forum_subforum_count":0,"site-sidebar-layout":"default","site-content-layout":"","ast-site-content-layout":"","site-content-style":"default","site-sidebar-style":"default","ast-global-header-display":"","ast-banner-title-visibility":"","ast-main-header-display":"","ast-hfb-above-header-display":"","ast-hfb-below-header-display":"","ast-hfb-mobile-header-display":"","site-post-title":"","ast-breadcrumbs-content":"","ast-featured-img":"","footer-sml-layout":"","theme-transparent-header-meta":"","adv-header-id-meta":"","stick-header-meta":"","header-above-stick-meta":"","header-main-stick-meta":"","header-below-stick-meta":"","astra-migrate-meta-layouts":"default","ast-page-background-enabled":"default","ast-page-background-meta":{"desktop":{"background-color":"var(--ast-global-color-4)","background-image":"","background-repeat":"repeat","background-position":"center center","background-size":"auto","background-attachment":"scroll","background-type":"","background-media":"","overlay-type":"","overlay-color":"","overlay-opacity":"","overlay-gradient":""},"tablet":{"background-color":"","background-image":"","background-repeat":"repeat","background-position":"center center","background-size":"auto","background-attachment":"scroll","background-type":"","background-media":"","overlay-type":"","overlay-color":"","overlay-opacity":"","overlay-gradient":""},"mobile":{"background-color":"","background-image":"","background-repeat":"repeat","background-position":"center center","background-size":"auto","background-attachment":"scroll","background-type":"","background-media":"","overlay-type":"","overlay-color":"","overlay-opacity":"","overlay-gradient":""}},"ast-content-background-meta":{"desktop":{"background-color":"var(--ast-global-color-5)","background-image":"","background-repeat":"repeat","background-position":"center center","background-size":"auto","background-attachment":"scroll","background-type":"","background-media":"","overlay-type":"","overlay-color":"","overlay-opacity":"","overlay-gradient":""},"tablet":{"background-color":"var(--ast-global-color-5)","background-image":"","background-repeat":"repeat","background-position":"center center","background-size":"auto","background-attachment":"scroll","background-type":"","background-media":"","overlay-type":"","overlay-color":"","overlay-opacity":"","overlay-gradient":""},"mobile":{"background-color":"var(--ast-global-color-5)","background-image":"","background-repeat":"repeat","background-position":"center center","background-size":"auto","background-attachment":"scroll","background-type":"","background-media":"","overlay-type":"","overlay-color":"","overlay-opacity":"","overlay-gradient":""}},"footnotes":""},"class_list":["post-16197","page","type-page","status-publish","hentry"],"post_mailing_queue_ids":[],"_links":{"self":[{"href":"https:\/\/serveiseducatius.xtec.cat\/terraalta\/wp-json\/wp\/v2\/pages\/16197","targetHints":{"allow":["GET"]}}],"collection":[{"href":"https:\/\/serveiseducatius.xtec.cat\/terraalta\/wp-json\/wp\/v2\/pages"}],"about":[{"href":"https:\/\/serveiseducatius.xtec.cat\/terraalta\/wp-json\/wp\/v2\/types\/page"}],"author":[{"embeddable":true,"href":"https:\/\/serveiseducatius.xtec.cat\/terraalta\/wp-json\/wp\/v2\/users\/1"}],"replies":[{"embeddable":true,"href":"https:\/\/serveiseducatius.xtec.cat\/terraalta\/wp-json\/wp\/v2\/comments?post=16197"}],"version-history":[{"count":4,"href":"https:\/\/serveiseducatius.xtec.cat\/terraalta\/wp-json\/wp\/v2\/pages\/16197\/revisions"}],"predecessor-version":[{"id":16209,"href":"https:\/\/serveiseducatius.xtec.cat\/terraalta\/wp-json\/wp\/v2\/pages\/16197\/revisions\/16209"}],"wp:attachment":[{"href":"https:\/\/serveiseducatius.xtec.cat\/terraalta\/wp-json\/wp\/v2\/media?parent=16197"}],"curies":[{"name":"wp","href":"https:\/\/api.w.org\/{rel}","templated":true}]}}