{"id":2500,"date":"2016-12-14T20:44:14","date_gmt":"2016-12-14T19:44:14","guid":{"rendered":"http:\/\/serveiseducatius.xtec.cat\/tarragones\/?page_id=2500"},"modified":"2025-04-09T14:14:28","modified_gmt":"2025-04-09T12:14:28","slug":"jocsflorals","status":"publish","type":"page","link":"https:\/\/serveiseducatius.xtec.cat\/tarragones\/jocsflorals\/","title":{"rendered":"Els Jocs Florals"},"content":{"rendered":"<p><a href=\"https:\/\/serveiseducatius.xtec.cat\/tarragones\/wp-content\/uploads\/usu549\/2024\/01\/jocs-florals-escolars-de-catalunya.jpg\"><img loading=\"lazy\" decoding=\"async\" class=\"wp-image-21039 alignright\" src=\"https:\/\/serveiseducatius.xtec.cat\/tarragones\/wp-content\/uploads\/usu549\/2024\/01\/jocs-florals-escolars-de-catalunya-1022x1024.jpg\" alt=\"\" width=\"322\" height=\"323\" \/><\/a>El Departament d\u2019Educaci\u00f3 convoca els <strong>XII Jocs Florals Escolars de Catalunya amb l&#8217;objectiu de promoure l&#8217;escriptura<\/strong> tant en prosa com en poesia en infants i joves de sis a divuit anys.<\/p>\n<p>La convocat\u00f2ria dels Jocs Florals Escolars de Catalunya s\u2019adre\u00e7a als centres d&#8217;Educaci\u00f3 B\u00e0sica amb la finalitat d\u2019estimular l\u2019expressi\u00f3 escrita dels alumnes, aprofitant una tradici\u00f3 cultural ben arrelada a Catalunya. La categoria del conte il\u00b7lustrat est\u00e0 adre\u00e7ada a l\u2019alumnat de prim\u00e0ria de centres ordinaris i tamb\u00e9 d\u2019educaci\u00f3 especial. El prop\u00f2sit \u00e9s promoure la creaci\u00f3 liter\u00e0ria potenciant el treball interdisciplinari des de l&#8217;\u00e0mbit ling\u00fc\u00edstic, l\u2019\u00e0mbit digital i l\u2019\u00e0mbit art\u00edstic. En aquesta categoria s\u2019han d\u2019abordar noves t\u00e8cniques narratives com el gui\u00f3, la llengua oral, la banda sonora i la dimensi\u00f3 visual i pl\u00e0stica.<\/p>\n<p>Per a participar-hi, cal entregar els treballs al CRP del Tarragon\u00e8s no m\u00e9s tard del<strong> 10 d\u2019abril, seguint les instruccions rebudes al correu electr\u00f2nic del centre.<\/strong><\/p>\n<p>Podeu consultar les BASES dels <strong>XII Jocs Florals Escolars <\/strong>(curs 2024-25):<\/p>\n\n\n<div data-wp-interactive=\"core\/file\" class=\"wp-block-file\"><object data-wp-bind--hidden=\"!state.hasPdfPreview\" hidden class=\"wp-block-file__embed\" data=\"https:\/\/serveiseducatius.xtec.cat\/tarragones\/wp-content\/uploads\/usu549\/2025\/04\/Bases-dels-XII-Jocs-Florals-Escolars-de-Catalunya_2025.pdf\" type=\"application\/pdf\" style=\"width:100%;height:600px\" aria-label=\"Incrustaci\u00f3 del fitxer Bases-dels-XII-Jocs-Florals-Escolars-de-Catalunya_2025.\"><\/object><a id=\"wp-block-file--media-2a7c11c1-1095-41b4-8db1-477c5cb65a26\" href=\"https:\/\/serveiseducatius.xtec.cat\/tarragones\/wp-content\/uploads\/usu549\/2025\/04\/Bases-dels-XII-Jocs-Florals-Escolars-de-Catalunya_2025.pdf\">Bases-dels-XII-Jocs-Florals-Escolars-de-Catalunya_2025<\/a><a href=\"https:\/\/serveiseducatius.xtec.cat\/tarragones\/wp-content\/uploads\/usu549\/2025\/04\/Bases-dels-XII-Jocs-Florals-Escolars-de-Catalunya_2025.pdf\" class=\"wp-block-file__button wp-element-button\" download aria-describedby=\"wp-block-file--media-2a7c11c1-1095-41b4-8db1-477c5cb65a26\">Baixa<\/a><\/div>\n","protected":false},"excerpt":{"rendered":"<p>El Departament d\u2019Educaci\u00f3 convoca els XII Jocs Florals Escolars de Catalunya amb l&#8217;objectiu de promoure l&#8217;escriptura tant en prosa com [&hellip;]<\/p>\n","protected":false},"author":1,"featured_media":21039,"parent":0,"menu_order":0,"comment_status":"closed","ping_status":"closed","template":"","meta":{"_bbp_topic_count":0,"_bbp_reply_count":0,"_bbp_total_topic_count":0,"_bbp_total_reply_count":0,"_bbp_voice_count":0,"_bbp_anonymous_reply_count":0,"_bbp_topic_count_hidden":0,"_bbp_reply_count_hidden":0,"_bbp_forum_subforum_count":0,"site-sidebar-layout":"default","site-content-layout":"","ast-site-content-layout":"default","site-content-style":"default","site-sidebar-style":"default","ast-global-header-display":"","ast-banner-title-visibility":"","ast-main-header-display":"","ast-hfb-above-header-display":"","ast-hfb-below-header-display":"","ast-hfb-mobile-header-display":"","site-post-title":"","ast-breadcrumbs-content":"","ast-featured-img":"","footer-sml-layout":"","theme-transparent-header-meta":"","adv-header-id-meta":"","stick-header-meta":"","header-above-stick-meta":"","header-main-stick-meta":"","header-below-stick-meta":"","astra-migrate-meta-layouts":"set","ast-page-background-enabled":"default","ast-page-background-meta":{"desktop":{"background-color":"var(--ast-global-color-4)","background-image":"","background-repeat":"repeat","background-position":"center center","background-size":"auto","background-attachment":"scroll","background-type":"","background-media":"","overlay-type":"","overlay-color":"","overlay-opacity":"","overlay-gradient":""},"tablet":{"background-color":"","background-image":"","background-repeat":"repeat","background-position":"center center","background-size":"auto","background-attachment":"scroll","background-type":"","background-media":"","overlay-type":"","overlay-color":"","overlay-opacity":"","overlay-gradient":""},"mobile":{"background-color":"","background-image":"","background-repeat":"repeat","background-position":"center center","background-size":"auto","background-attachment":"scroll","background-type":"","background-media":"","overlay-type":"","overlay-color":"","overlay-opacity":"","overlay-gradient":""}},"ast-content-background-meta":{"desktop":{"background-color":"var(--ast-global-color-5)","background-image":"","background-repeat":"repeat","background-position":"center center","background-size":"auto","background-attachment":"scroll","background-type":"","background-media":"","overlay-type":"","overlay-color":"","overlay-opacity":"","overlay-gradient":""},"tablet":{"background-color":"var(--ast-global-color-5)","background-image":"","background-repeat":"repeat","background-position":"center center","background-size":"auto","background-attachment":"scroll","background-type":"","background-media":"","overlay-type":"","overlay-color":"","overlay-opacity":"","overlay-gradient":""},"mobile":{"background-color":"var(--ast-global-color-5)","background-image":"","background-repeat":"repeat","background-position":"center center","background-size":"auto","background-attachment":"scroll","background-type":"","background-media":"","overlay-type":"","overlay-color":"","overlay-opacity":"","overlay-gradient":""}},"footnotes":""},"class_list":["post-2500","page","type-page","status-publish","has-post-thumbnail","hentry"],"post_mailing_queue_ids":[],"_links":{"self":[{"href":"https:\/\/serveiseducatius.xtec.cat\/tarragones\/wp-json\/wp\/v2\/pages\/2500","targetHints":{"allow":["GET"]}}],"collection":[{"href":"https:\/\/serveiseducatius.xtec.cat\/tarragones\/wp-json\/wp\/v2\/pages"}],"about":[{"href":"https:\/\/serveiseducatius.xtec.cat\/tarragones\/wp-json\/wp\/v2\/types\/page"}],"author":[{"embeddable":true,"href":"https:\/\/serveiseducatius.xtec.cat\/tarragones\/wp-json\/wp\/v2\/users\/1"}],"replies":[{"embeddable":true,"href":"https:\/\/serveiseducatius.xtec.cat\/tarragones\/wp-json\/wp\/v2\/comments?post=2500"}],"version-history":[{"count":6,"href":"https:\/\/serveiseducatius.xtec.cat\/tarragones\/wp-json\/wp\/v2\/pages\/2500\/revisions"}],"predecessor-version":[{"id":22784,"href":"https:\/\/serveiseducatius.xtec.cat\/tarragones\/wp-json\/wp\/v2\/pages\/2500\/revisions\/22784"}],"wp:featuredmedia":[{"embeddable":true,"href":"https:\/\/serveiseducatius.xtec.cat\/tarragones\/wp-json\/wp\/v2\/media\/21039"}],"wp:attachment":[{"href":"https:\/\/serveiseducatius.xtec.cat\/tarragones\/wp-json\/wp\/v2\/media?parent=2500"}],"curies":[{"name":"wp","href":"https:\/\/api.w.org\/{rel}","templated":true}]}}