{"id":22668,"date":"2025-03-08T19:39:04","date_gmt":"2025-03-08T18:39:04","guid":{"rendered":"https:\/\/serveiseducatius.xtec.cat\/tarragones\/?page_id=22668"},"modified":"2025-10-21T12:52:19","modified_gmt":"2025-10-21T10:52:19","slug":"programa-reconnect-es","status":"publish","type":"page","link":"https:\/\/serveiseducatius.xtec.cat\/tarragones\/comunitat\/programa-reconnect-es\/","title":{"rendered":"Programa Reconnect-ES"},"content":{"rendered":"\n<figure class=\"wp-block-image size-large\"><a href=\"https:\/\/serveiseducatius.xtec.cat\/tarragones\/wp-content\/uploads\/usu549\/2025\/03\/image.png\"><img loading=\"lazy\" decoding=\"async\" width=\"1024\" height=\"512\" src=\"https:\/\/serveiseducatius.xtec.cat\/tarragones\/wp-content\/uploads\/usu549\/2025\/03\/image-1024x512.png\" alt=\"\" class=\"wp-image-22669\" srcset=\"https:\/\/serveiseducatius.xtec.cat\/tarragones\/wp-content\/uploads\/usu549\/2025\/03\/image-1024x512.png 1024w, https:\/\/serveiseducatius.xtec.cat\/tarragones\/wp-content\/uploads\/usu549\/2025\/03\/image-300x150.png 300w, https:\/\/serveiseducatius.xtec.cat\/tarragones\/wp-content\/uploads\/usu549\/2025\/03\/image-768x384.png 768w, https:\/\/serveiseducatius.xtec.cat\/tarragones\/wp-content\/uploads\/usu549\/2025\/03\/image.png 1200w\" sizes=\"auto, (max-width: 1024px) 100vw, 1024px\" \/><\/a><\/figure>\n\n\n\n<p>El curs 24-25 els Serveis Educatius del Tarragon\u00e8s  compten amb una educadora social, adscrita al CRP,  que treballar\u00e0 en tasques de detecci\u00f3, coordinaci\u00f3 i assessorament per donar resposta a la problem\u00e0tica de l&#8217;abandonament escolar prematur, en el marc del programa Reconnect-ES<\/p>\n\n\n\n<blockquote class=\"wp-block-quote is-layout-flow wp-block-quote-is-layout-flow\">\n<blockquote class=\"wp-block-quote is-layout-flow wp-block-quote-is-layout-flow\">\n<p>L\u2019abandonament escolar prematur inclou la poblaci\u00f3 que no ha completat l\u2019educaci\u00f3 secund\u00e0ria obligat\u00f2ria o que, havent-la finalitzat, no ha acabat la formaci\u00f3 postobligat\u00f2ria i no segueix cap mena d\u2019educaci\u00f3 o formaci\u00f3.<\/p>\n<\/blockquote>\n<\/blockquote>\n\n\n\n<blockquote class=\"wp-block-quote is-layout-flow wp-block-quote-is-layout-flow\">\n<blockquote class=\"wp-block-quote is-layout-flow wp-block-quote-is-layout-flow\">\n<p>Est\u00e0 associat a factors de risc com ara m\u00e9s possibilitats d\u2019atur, de feines mal remunerades, d\u2019exclusi\u00f3 social o pobresa.<\/p>\n<\/blockquote>\n<\/blockquote>\n\n\n\n<blockquote class=\"wp-block-quote is-layout-flow wp-block-quote-is-layout-flow\">\n<p><\/p>\n<\/blockquote>\n\n\n\n<p>El Programa Reconnect-ES \u00e9s una iniciativa impulsada pel Departament d\u2019Educaci\u00f3 i Formaci\u00f3 Professional, que t\u00e9 com a objectiu principal abordar el repte de l\u2019abandonament escolar prematur entre els joves de 16 a 24 anys, facilitant la seva reincorporaci\u00f3 al sistema educatiu.<\/p>\n\n\n\n<p><strong>Objectius del programa<\/strong><\/p>\n\n\n\n<ul class=\"wp-block-list\">\n<li>Reduir l\u2019abandonament escolar prematur mitjan\u00e7ant l\u2019acompanyament personalitzat dels joves.<\/li>\n\n\n\n<li>Optimitzar el treball en xarxa entre serveis educatius, centres educatius i agents del territori.<\/li>\n\n\n\n<li>Col\u00b7laborar en la prevenci\u00f3 de l\u2019abandonament escolar i la promoci\u00f3 del benestar de l\u2019alumnat.<\/li>\n<\/ul>\n\n\n\n<p><strong>Fases del programa<\/strong><\/p>\n\n\n\n<ul class=\"wp-block-list\">\n<li>Reducci\u00f3 de l\u2019abandonament escolar prematur fent un seguiment i suport personalitzat als joves que han abandonat els estudis.<\/li>\n\n\n\n<li>Prevenci\u00f3 de l\u2019abandonament escolar prematur implementant estrat\u00e8gies preventives en col\u00b7laboraci\u00f3 amb els centres educatius.<\/li>\n\n\n\n<li>Promoci\u00f3 de la salut i el benestar duent a terme accions per fomentar el benestar integral de l\u2019alumnat.<\/li>\n<\/ul>\n\n\n\n<p><strong>El rol dels educadors socials<\/strong><\/p>\n\n\n\n<p>Es despleguen 52 educadors socials ubicats als Serveis Educatius per identificar, acompanyar i orientar els joves. S\u00f3n una figura clau en aquest projecte. Ubicats als Serveis Educatius del territori, tenen les funcions seg\u00fcents:<\/p>\n\n\n\n<ul class=\"wp-block-list\">\n<li>Acompanyar de manera personalitzada els joves que han abandonat els estudis, oferint-los alternatives formatives adaptades a les seves necessitats.<\/li>\n\n\n\n<li>Coordinar-se amb els centres educatius i els seveis municipals per optimitzar els recursos disponibles i les accions de suport.<\/li>\n\n\n\n<li>Facilitar el treball en xarxa entre els diferents agents del territori implicats.<\/li>\n<\/ul>\n\n\n\n<p>Impacte esperat del projecte<\/p>\n\n\n\n<ul class=\"wp-block-list\">\n<li>La reducci\u00f3 de la taxa d\u2019abandonament escolar prematur.<\/li>\n\n\n\n<li>L\u2019augment de les oportunitats educatives i formatives per als joves.<\/li>\n\n\n\n<li>La millora de la cohesi\u00f3 social i de les possibilitats d\u2019integraci\u00f3 laboral dels joves.<\/li>\n<\/ul>\n\n\n\n<div class=\"wp-block-buttons is-layout-flex wp-block-buttons-is-layout-flex\">\n<div class=\"wp-block-button has-custom-font-size has-small-font-size\"><a class=\"wp-block-button__link has-white-color has-ast-global-color-1-background-color has-text-color has-background has-link-color wp-element-button\" href=\"https:\/\/serveiseducatius.xtec.cat\/tarragones\/categoria\/activitats\/\">Activitats dels centres<\/a><\/div>\n\n\n\n<div class=\"wp-block-button has-custom-font-size has-small-font-size\"><a class=\"wp-block-button__link has-white-color has-ast-global-color-1-background-color has-text-color has-background has-link-color wp-element-button\" href=\"https:\/\/serveiseducatius.xtec.cat\/tarragones\/comunitat\/centres-educatius\/\">Centres educatius<\/a><\/div>\n\n\n\n<div class=\"wp-block-button has-custom-font-size has-small-font-size\"><a class=\"wp-block-button__link has-white-color has-ast-global-color-1-background-color has-text-color has-background has-link-color wp-element-button\" href=\"https:\/\/xtec.gencat.cat\/ca\/centres\/projeducatiu\/convivencia\/\">COCOBE<\/a><\/div>\n\n\n\n<div class=\"wp-block-button has-custom-font-size has-small-font-size\"><a class=\"wp-block-button__link has-white-color has-ast-global-color-1-background-color has-text-color has-background has-link-color wp-element-button\" href=\"https:\/\/xtec.gencat.cat\/ca\/projectes\/plurilinguisme\/programes\/internacionals\/erasmusplus\/\">Erasmus +<\/a><\/div>\n\n\n\n<div class=\"wp-block-button has-custom-font-size has-small-font-size\"><a class=\"wp-block-button__link has-white-color has-ast-global-color-1-background-color has-text-color has-background has-link-color wp-element-button\" href=\"https:\/\/educacio.gencat.cat\/ca\/arees-actuacio\/families\/\">Fam\u00edlia i Escola<\/a><\/div>\n<\/div>\n\n\n\n<p><\/p>\n","protected":false},"excerpt":{"rendered":"<p>El curs 24-25 els Serveis Educatius del Tarragon\u00e8s compten amb una educadora social, adscrita al CRP, que treballar\u00e0 en tasques [&hellip;]<\/p>\n","protected":false},"author":1,"featured_media":22669,"parent":341,"menu_order":0,"comment_status":"closed","ping_status":"close","template":"","meta":{"_bbp_topic_count":0,"_bbp_reply_count":0,"_bbp_total_topic_count":0,"_bbp_total_reply_count":0,"_bbp_voice_count":0,"_bbp_anonymous_reply_count":0,"_bbp_topic_count_hidden":0,"_bbp_reply_count_hidden":0,"_bbp_forum_subforum_count":0,"site-sidebar-layout":"default","site-content-layout":"","ast-site-content-layout":"default","site-content-style":"default","site-sidebar-style":"default","ast-global-header-display":"","ast-banner-title-visibility":"","ast-main-header-display":"","ast-hfb-above-header-display":"","ast-hfb-below-header-display":"","ast-hfb-mobile-header-display":"","site-post-title":"","ast-breadcrumbs-content":"","ast-featured-img":"","footer-sml-layout":"","theme-transparent-header-meta":"","adv-header-id-meta":"","stick-header-meta":"","header-above-stick-meta":"","header-main-stick-meta":"","header-below-stick-meta":"","astra-migrate-meta-layouts":"set","ast-page-background-enabled":"default","ast-page-background-meta":{"desktop":{"background-color":"var(--ast-global-color-4)","background-image":"","background-repeat":"repeat","background-position":"center center","background-size":"auto","background-attachment":"scroll","background-type":"","background-media":"","overlay-type":"","overlay-color":"","overlay-opacity":"","overlay-gradient":""},"tablet":{"background-color":"","background-image":"","background-repeat":"repeat","background-position":"center center","background-size":"auto","background-attachment":"scroll","background-type":"","background-media":"","overlay-type":"","overlay-color":"","overlay-opacity":"","overlay-gradient":""},"mobile":{"background-color":"","background-image":"","background-repeat":"repeat","background-position":"center center","background-size":"auto","background-attachment":"scroll","background-type":"","background-media":"","overlay-type":"","overlay-color":"","overlay-opacity":"","overlay-gradient":""}},"ast-content-background-meta":{"desktop":{"background-color":"var(--ast-global-color-5)","background-image":"","background-repeat":"repeat","background-position":"center center","background-size":"auto","background-attachment":"scroll","background-type":"","background-media":"","overlay-type":"","overlay-color":"","overlay-opacity":"","overlay-gradient":""},"tablet":{"background-color":"var(--ast-global-color-5)","background-image":"","background-repeat":"repeat","background-position":"center center","background-size":"auto","background-attachment":"scroll","background-type":"","background-media":"","overlay-type":"","overlay-color":"","overlay-opacity":"","overlay-gradient":""},"mobile":{"background-color":"var(--ast-global-color-5)","background-image":"","background-repeat":"repeat","background-position":"center center","background-size":"auto","background-attachment":"scroll","background-type":"","background-media":"","overlay-type":"","overlay-color":"","overlay-opacity":"","overlay-gradient":""}},"footnotes":""},"class_list":["post-22668","page","type-page","status-publish","has-post-thumbnail","hentry"],"post_mailing_queue_ids":[],"_links":{"self":[{"href":"https:\/\/serveiseducatius.xtec.cat\/tarragones\/wp-json\/wp\/v2\/pages\/22668","targetHints":{"allow":["GET"]}}],"collection":[{"href":"https:\/\/serveiseducatius.xtec.cat\/tarragones\/wp-json\/wp\/v2\/pages"}],"about":[{"href":"https:\/\/serveiseducatius.xtec.cat\/tarragones\/wp-json\/wp\/v2\/types\/page"}],"author":[{"embeddable":true,"href":"https:\/\/serveiseducatius.xtec.cat\/tarragones\/wp-json\/wp\/v2\/users\/1"}],"replies":[{"embeddable":true,"href":"https:\/\/serveiseducatius.xtec.cat\/tarragones\/wp-json\/wp\/v2\/comments?post=22668"}],"version-history":[{"count":3,"href":"https:\/\/serveiseducatius.xtec.cat\/tarragones\/wp-json\/wp\/v2\/pages\/22668\/revisions"}],"predecessor-version":[{"id":23295,"href":"https:\/\/serveiseducatius.xtec.cat\/tarragones\/wp-json\/wp\/v2\/pages\/22668\/revisions\/23295"}],"up":[{"embeddable":true,"href":"https:\/\/serveiseducatius.xtec.cat\/tarragones\/wp-json\/wp\/v2\/pages\/341"}],"wp:featuredmedia":[{"embeddable":true,"href":"https:\/\/serveiseducatius.xtec.cat\/tarragones\/wp-json\/wp\/v2\/media\/22669"}],"wp:attachment":[{"href":"https:\/\/serveiseducatius.xtec.cat\/tarragones\/wp-json\/wp\/v2\/media?parent=22668"}],"curies":[{"name":"wp","href":"https:\/\/api.w.org\/{rel}","templated":true}]}}