{"id":414,"date":"2015-11-25T15:58:37","date_gmt":"2015-11-25T14:58:37","guid":{"rendered":"http:\/\/serveiseducatius.xtec.cat\/se-sose\/?page_id=414"},"modified":"2015-12-02T16:02:18","modified_gmt":"2015-12-02T15:02:18","slug":"pla-de-formacio-de-zona-pfz","status":"publish","type":"page","link":"https:\/\/serveiseducatius.xtec.cat\/sose\/formacio\/pla-de-formacio-de-zona-pfz\/","title":{"rendered":"Pla de formaci\u00f3 de zona (PFZ)"},"content":{"rendered":"<p><a href=\"http:\/\/serveiseducatius.xtec.cat\/se-sose\/wp-content\/uploads\/usu787\/2015\/11\/pfz.jpg\"><img loading=\"lazy\" decoding=\"async\" class=\" aire wp-image-422 alignright\" src=\"http:\/\/serveiseducatius.xtec.cat\/se-sose\/wp-content\/uploads\/usu787\/2015\/11\/pfz.jpg\" alt=\"pfz\" width=\"142\" height=\"108\" srcset=\"https:\/\/serveiseducatius.xtec.cat\/sose\/wp-content\/uploads\/usu787\/2015\/11\/pfz.jpg 258w, https:\/\/serveiseducatius.xtec.cat\/sose\/wp-content\/uploads\/usu787\/2015\/11\/pfz-200x150.jpg 200w\" sizes=\"auto, (max-width: 142px) 100vw, 142px\" \/><\/a>El Departament d\u2019Ensenyament ha establert un conjunt de l\u00ednies de formaci\u00f3 permanent per donar resposta a les necessitats de formaci\u00f3 permanent dels centres educatius i dels docents de Catalunya. <strong>El Pla de Formaci\u00f3 de Zona (PFZ) de (lloc)<\/strong>\u00a0\u00e9s la planificaci\u00f3 a nivell comarcal de la formaci\u00f3 permanent del professorat, la qual incorpora les activitats de formaci\u00f3 en centre i altres activitats adre\u00e7ades a tot el professorat de la comarca. El professorat hi participa a trav\u00e9s del proc\u00e9s de detecci\u00f3 de necessitats (<a href=\"http:\/\/serveiseducatius.xtec.cat\/se-sose\/formacio\/deteccio-necessitats\/\">demandes formatives<\/a>) i mitjan\u00e7ant la seva representaci\u00f3 en la <a href=\"#\">comissi\u00f3 del PFZ<\/a> de\u00a0(lloc).<\/p>\n<p>&nbsp;<\/p>\n<h4>Calendari<\/h4>\n<table class=\"table\">\n<tbody>\n<tr>\n<td><b>Proc\u00e9s<\/b><\/td>\n<td><b>Inici<\/b><\/td>\n<td><b>Fi<\/b><\/td>\n<\/tr>\n<tr>\n<td>Detecci\u00f3 de necessitats<\/td>\n<td>27-04-15<\/td>\n<td>15-05-15<\/td>\n<\/tr>\n<tr>\n<td>Vist-i-plau de la Inspecci\u00f3\u00a0a les activitats demanades en la modalitat de <i>Formaci\u00f3 a centre<\/i><\/td>\n<td>18-05-15<\/td>\n<td>28-05-15<\/td>\n<\/tr>\n<tr>\n<td>Comissi\u00f3 PFZ de XXXXXXX:\u00a0Valoraci\u00f3 i aprovaci\u00f3\u00a0de les demandes rebudes.<\/td>\n<td>29-05-15<\/td>\n<td><\/td>\n<\/tr>\n<tr>\n<td>Aprovaci\u00f3\u00a0de la proposta global pel Comit\u00e8 de Formaci\u00f3 del Departament<\/td>\n<td>27-06-15<\/td>\n<td>27-06-15<\/td>\n<\/tr>\n<tr>\n<td>Publicaci\u00f3\u00a0de les activitats aprovades<\/td>\n<td>11-07-15<\/td>\n<td><\/td>\n<\/tr>\n<tr>\n<td>Inscripci\u00f3\u00a0del professorat a les activitats<\/td>\n<td>10-09-15<\/td>\n<td>27-09-15<\/td>\n<\/tr>\n<\/tbody>\n<\/table>\n<p><strong>Inscripcions<\/strong><\/p>\n<table class=\"table\">\n<tbody>\n<tr>\n<td><strong>Per\u00edodes d&#8217;inscripci\u00f3<\/strong><\/td>\n<td><strong>Sol\u00b7licitud de pla\u00e7a<\/strong><\/td>\n<td><strong>Consulta d\u2019adjudicacions<\/strong><\/td>\n<td><strong>Inici de les activitats<\/strong><\/td>\n<\/tr>\n<tr>\n<td>Primer torn<\/td>\n<td>del 10 al 27 de setembre<\/td>\n<td>9 d\u2019octubre<\/td>\n<td>a partir del 15 d&#8217;octubre<\/td>\n<\/tr>\n<tr>\n<td>Segon torn<\/td>\n<td>del 8 al 18 de gener<\/td>\n<td>28 de gener<\/td>\n<td>a partir de l&#8217;1 de febrer<\/td>\n<\/tr>\n<tr>\n<td>Formaci\u00f3 d&#8217;estiu<\/td>\n<td>del 12 al 27 de maig<\/td>\n<td>20 de juny<\/td>\n<td>a partir de l&#8217;1 de juliol<\/td>\n<\/tr>\n<\/tbody>\n<\/table>\n<h4><\/h4>\n","protected":false},"excerpt":{"rendered":"<p><a href=\"http:\/\/serveiseducatius.xtec.cat\/se-sose\/wp-content\/uploads\/usu787\/2015\/11\/pfz.jpg\"><\/a>El Departament d\u2019Ensenyament ha establert un conjunt de l\u00ednies de formaci\u00f3 permanent per donar resposta a les necessitats de formaci\u00f3 permanent dels centres educatius i dels docents de Catalunya. El Pla de Formaci\u00f3 de Zona (PFZ) de (lloc)\u00a0\u00e9s la planificaci\u00f3 a nivell comarcal de&hellip;  <a href=\"https:\/\/serveiseducatius.xtec.cat\/sose\/formacio\/pla-de-formacio-de-zona-pfz\/\" title=\"Read Pla de formaci\u00f3 de zona (PFZ)\">Llegeix m\u00e9s\u00bb<\/a><\/p>\n","protected":false},"author":1,"featured_media":0,"parent":416,"menu_order":10,"comment_status":"closed","ping_status":"closed","template":"page-templates\/side-menu.php","meta":{"_bbp_topic_count":0,"_bbp_reply_count":0,"_bbp_total_topic_count":0,"_bbp_total_reply_count":0,"_bbp_voice_count":0,"_bbp_anonymous_reply_count":0,"_bbp_topic_count_hidden":0,"_bbp_reply_count_hidden":0,"_bbp_forum_subforum_count":0,"footnotes":""},"class_list":["post-414","page","type-page","status-publish","hentry"],"post_mailing_queue_ids":[],"_links":{"self":[{"href":"https:\/\/serveiseducatius.xtec.cat\/sose\/wp-json\/wp\/v2\/pages\/414","targetHints":{"allow":["GET"]}}],"collection":[{"href":"https:\/\/serveiseducatius.xtec.cat\/sose\/wp-json\/wp\/v2\/pages"}],"about":[{"href":"https:\/\/serveiseducatius.xtec.cat\/sose\/wp-json\/wp\/v2\/types\/page"}],"author":[{"embeddable":true,"href":"https:\/\/serveiseducatius.xtec.cat\/sose\/wp-json\/wp\/v2\/users\/1"}],"replies":[{"embeddable":true,"href":"https:\/\/serveiseducatius.xtec.cat\/sose\/wp-json\/wp\/v2\/comments?post=414"}],"version-history":[{"count":3,"href":"https:\/\/serveiseducatius.xtec.cat\/sose\/wp-json\/wp\/v2\/pages\/414\/revisions"}],"predecessor-version":[{"id":1306,"href":"https:\/\/serveiseducatius.xtec.cat\/sose\/wp-json\/wp\/v2\/pages\/414\/revisions\/1306"}],"up":[{"embeddable":true,"href":"https:\/\/serveiseducatius.xtec.cat\/sose\/wp-json\/wp\/v2\/pages\/416"}],"wp:attachment":[{"href":"https:\/\/serveiseducatius.xtec.cat\/sose\/wp-json\/wp\/v2\/media?parent=414"}],"curies":[{"name":"wp","href":"https:\/\/api.w.org\/{rel}","templated":true}]}}