{"id":8253,"date":"2016-05-29T15:31:36","date_gmt":"2016-05-29T14:31:36","guid":{"rendered":"http:\/\/serveiseducatius.xtec.cat\/solsones\/?page_id=8253"},"modified":"2016-05-30T10:47:48","modified_gmt":"2016-05-30T09:47:48","slug":"arduino","status":"publish","type":"page","link":"https:\/\/serveiseducatius.xtec.cat\/solsones\/programacio-i-robotica\/arduino\/","title":{"rendered":"Arduino"},"content":{"rendered":"<p><img loading=\"lazy\" decoding=\"async\" class=\" alignnone\" src=\"https:\/\/encrypted-tbn2.gstatic.com\/images?q=tbn:ANd9GcRKhG5J6WbwWGST_rGvCNda65NOdhhYnC4Lf84jgDFdPSgzoKhQ6A\" alt=\"\" width=\"275\" height=\"183\" \/><\/p>\n<p><a href=\"https:\/\/ca.wikipedia.org\/wiki\/Arduino\" target=\"_blank\"><b>Arduino<\/b> <\/a>\u00e9s una placa de circuit impr\u00e8s simple basada en el microcontrolador de codi obert provinent de la plataforma de codi obertWiring\u00a0amb l&#8217;objectiu de fer m\u00e9s simple i accessible el disseny de circuits electr\u00f2nics amb microcontroladors.\u00a0El maquinari consisteix en dissenys simples de maquinari lliure amb processadors Atmel AVR en una placa amb pins E\/S. L&#8217;entorn de desenvolupament implementa el llenguatge Processing de <i>Wiring<\/i>, molt semblant a C++. Arduino es pot utilitzar per desenvolupar objectes interactius aut\u00f2noms o pot ser connectat a programari de l&#8217;ordinador.\u00a0El CRP disposa de <strong>2 kits en pr\u00e9stec<\/strong>.<\/p>\n<p><a href=\"http:\/\/s4a.cat\/snap\/\" target=\"_blank\">Snap4Arduino<\/a>\u00a0\u00e9s una combinaci\u00f3 d&#8217;Snap i Arduino i el llenguatge de programaci\u00f3 \u00e9s visual per blocs similar a Scratch, arrossegar i deixar anar.<\/p>\n<p><strong>Recursos:<\/strong><\/p>\n<ul>\n<li><a href=\"http:\/\/www.luisllamas.es\/tutoriales-de-arduino\/\" target=\"_blank\">Tutorial amb activitats<\/a>\u00a0per Lu\u00eds Llamas<\/li>\n<li><a href=\"https:\/\/arduinobot.pbworks.com\/f\/Manual+Programacion+Arduino.pdf\" target=\"_blank\">Tutorial en pdf<\/a>\u00a0traducci\u00f3 i adaptaci\u00f3 de Jos\u00e9 Manuel Ruiz Guti\u00e9rrez<\/li>\n<li><a href=\"https:\/\/www.arduino.cc\/en\/Main\/Software#\" target=\"_blank\">Descarregar Arduino<\/a><\/li>\n<li><a href=\"http:\/\/codigo21.educacion.navarra.es\/autoaprendizaje\/snap4arduino-ventajas-instalacion-e-importacion-de-proyectos-de-scratch\/\" target=\"_blank\">Avantatges i instal\u00b7laci\u00f3 d&#8217;Snap4Arduino<\/a><\/li>\n<\/ul>\n<p><strong>Experi\u00e8ncies de centre:<\/strong><\/p>\n<ul>\n<li><a href=\"https:\/\/www.youtube.com\/watch?v=9dUno81ndcA\">Projecte Electropneum\u00e0tica amb Arduino 4t d&#8217;ESO \u00a02014-15<\/a>\u00a0(INS Bernat El Ferrer de Molins de Rei)<\/li>\n<li><a href=\"https:\/\/www.youtube.com\/watch?v=VUjYTbaK3J4\">Arbre de Nadal en Arduino<\/a> (INS Enric Valor)<\/li>\n<\/ul>\n","protected":false},"excerpt":{"rendered":"<p><a href=\"https:\/\/ca.wikipedia.org\/wiki\/Arduino\" target=\"_blank\">Arduino <\/a>\u00e9s una placa de circuit impr\u00e8s simple basada en el microcontrolador de codi obert provinent de la plataforma de codi obertWiring\u00a0amb l&#8217;objectiu de fer m\u00e9s simple i accessible el disseny de circuits electr\u00f2nics amb microcontroladors.\u00a0El maquinari consisteix en dissenys simples de maquinari&hellip;  <a href=\"https:\/\/serveiseducatius.xtec.cat\/solsones\/programacio-i-robotica\/arduino\/\" title=\"Read Arduino\">Llegeix m\u00e9s\u00bb<\/a><\/p>\n","protected":false},"author":1,"featured_media":0,"parent":8232,"menu_order":0,"comment_status":"closed","ping_status":"closed","template":"","meta":{"_bbp_topic_count":0,"_bbp_reply_count":0,"_bbp_total_topic_count":0,"_bbp_total_reply_count":0,"_bbp_voice_count":0,"_bbp_anonymous_reply_count":0,"_bbp_topic_count_hidden":0,"_bbp_reply_count_hidden":0,"_bbp_forum_subforum_count":0,"footnotes":""},"class_list":["post-8253","page","type-page","status-publish","hentry"],"post_mailing_queue_ids":[],"_links":{"self":[{"href":"https:\/\/serveiseducatius.xtec.cat\/solsones\/wp-json\/wp\/v2\/pages\/8253","targetHints":{"allow":["GET"]}}],"collection":[{"href":"https:\/\/serveiseducatius.xtec.cat\/solsones\/wp-json\/wp\/v2\/pages"}],"about":[{"href":"https:\/\/serveiseducatius.xtec.cat\/solsones\/wp-json\/wp\/v2\/types\/page"}],"author":[{"embeddable":true,"href":"https:\/\/serveiseducatius.xtec.cat\/solsones\/wp-json\/wp\/v2\/users\/1"}],"replies":[{"embeddable":true,"href":"https:\/\/serveiseducatius.xtec.cat\/solsones\/wp-json\/wp\/v2\/comments?post=8253"}],"version-history":[{"count":3,"href":"https:\/\/serveiseducatius.xtec.cat\/solsones\/wp-json\/wp\/v2\/pages\/8253\/revisions"}],"predecessor-version":[{"id":8283,"href":"https:\/\/serveiseducatius.xtec.cat\/solsones\/wp-json\/wp\/v2\/pages\/8253\/revisions\/8283"}],"up":[{"embeddable":true,"href":"https:\/\/serveiseducatius.xtec.cat\/solsones\/wp-json\/wp\/v2\/pages\/8232"}],"wp:attachment":[{"href":"https:\/\/serveiseducatius.xtec.cat\/solsones\/wp-json\/wp\/v2\/media?parent=8253"}],"curies":[{"name":"wp","href":"https:\/\/api.w.org\/{rel}","templated":true}]}}