{"id":416,"date":"2015-11-25T15:58:53","date_gmt":"2015-11-25T14:58:53","guid":{"rendered":"http:\/\/serveiseducatius.xtec.cat\/solsones\/?page_id=416"},"modified":"2025-07-16T15:29:53","modified_gmt":"2025-07-16T13:29:53","slug":"formacio","status":"publish","type":"page","link":"https:\/\/serveiseducatius.xtec.cat\/solsones\/formacio\/","title":{"rendered":"MODALITATS I FORMATS DE FORMACI\u00d3"},"content":{"rendered":"<p>Les diferents modalitats de formaci\u00f3 han de respondre a la finalitat de l\u2019acci\u00f3 formativa i impliquen una din\u00e0mica espec\u00edfica de treball del professorat participant.<\/p>\n<p>Les activitats de formaci\u00f3 es poden classificar en les modalitats seg\u00fcents:<\/p>\n<ol>\n<li><strong>Formaci\u00f3 en centre:<\/strong>\u00a0Assessorament, Formaci\u00f3 interna de centre (FIC), Taller a centre i Visita formativa a centre.<\/li>\n<li><strong>Formaci\u00f3 per a centres:<\/strong>\u00a0Seminari de coordinaci\u00f3, Curs\/seminari d\u2019equips de centre, Taller d\u2019equips de centre.<\/li>\n<li><strong>Formaci\u00f3 individual:<\/strong>\u00a0Taller, Curs, Seminari, Grup de treball, Confer\u00e8ncia, taula rodona, trobada pedag\u00f2gica, intercanvi d\u2019experi\u00e8ncies, jornades i cicle de confer\u00e8ncies, Estada formativa a l\u2019empresa, Estada formativa a l\u2019estranger.<\/li>\n<\/ol>\n<p>Les activitats de formaci\u00f3 es poden organitzar en tres formats:<\/p>\n<ul>\n<li>Presencials: totes les sessions s\u00f3n presencials (en un espai f\u00edsic concret)<\/li>\n<li>Semipresencials: combinaci\u00f3 de sessions presencials i sessions en l\u00ednia. Les sessions en l\u00ednia poden ser s\u00edncrones, as\u00edncrones o mixtes.<\/li>\n<li>En l\u00ednia: totes les sessions s\u00f3n en l\u00ednia. Les sessions en l\u00ednia poden ser s\u00edncrones, as\u00edncrones o mixtes<\/li>\n<\/ul>\n<p>Podeu consultar les caracter\u00edstiques de cada modalitat en el document de formaci\u00f3 permanent del professorat:\u00a0<a href=\"https:\/\/docs.google.com\/document\/d\/1OA42heKQDbgZfiLhuyybDlJAG3wleLMwDKt6-AlLocY\/edit?usp=drive_link\" target=\"_blank\" rel=\"noopener\"><em>Criteris, instruccions i orientacions curs 2025-2026<\/em><\/a>.<\/p>\n<p>&nbsp;<\/p>\n","protected":false},"excerpt":{"rendered":"<p>Les diferents modalitats de formaci\u00f3 han de respondre a la finalitat de l\u2019acci\u00f3 formativa i impliquen una din\u00e0mica espec\u00edfica de treball del professorat participant. Les activitats de formaci\u00f3 es poden classificar en les modalitats seg\u00fcents: Formaci\u00f3 en centre:\u00a0Assessorament, Formaci\u00f3 interna de centre (FIC), Taller a centre i Visita formativa a centre. Formaci\u00f3 per a centres:\u00a0Seminari [&hellip;]<\/p>\n","protected":false},"author":1,"featured_media":0,"parent":0,"menu_order":0,"comment_status":"closed","ping_status":"closed","template":"","meta":{"_bbp_topic_count":0,"_bbp_reply_count":0,"_bbp_total_topic_count":0,"_bbp_total_reply_count":0,"_bbp_voice_count":0,"_bbp_anonymous_reply_count":0,"_bbp_topic_count_hidden":0,"_bbp_reply_count_hidden":0,"_bbp_forum_subforum_count":0,"site-sidebar-layout":"default","site-content-layout":"","ast-site-content-layout":"","site-content-style":"default","site-sidebar-style":"default","ast-global-header-display":"","ast-banner-title-visibility":"","ast-main-header-display":"","ast-hfb-above-header-display":"","ast-hfb-below-header-display":"","ast-hfb-mobile-header-display":"","site-post-title":"","ast-breadcrumbs-content":"","ast-featured-img":"","footer-sml-layout":"","theme-transparent-header-meta":"","adv-header-id-meta":"","stick-header-meta":"","header-above-stick-meta":"","header-main-stick-meta":"","header-below-stick-meta":"","astra-migrate-meta-layouts":"default","ast-page-background-enabled":"default","ast-page-background-meta":{"desktop":{"background-color":"var(--ast-global-color-4)","background-image":"","background-repeat":"repeat","background-position":"center center","background-size":"auto","background-attachment":"scroll","background-type":"","background-media":"","overlay-type":"","overlay-color":"","overlay-opacity":"","overlay-gradient":""},"tablet":{"background-color":"","background-image":"","background-repeat":"repeat","background-position":"center center","background-size":"auto","background-attachment":"scroll","background-type":"","background-media":"","overlay-type":"","overlay-color":"","overlay-opacity":"","overlay-gradient":""},"mobile":{"background-color":"","background-image":"","background-repeat":"repeat","background-position":"center center","background-size":"auto","background-attachment":"scroll","background-type":"","background-media":"","overlay-type":"","overlay-color":"","overlay-opacity":"","overlay-gradient":""}},"ast-content-background-meta":{"desktop":{"background-color":"var(--ast-global-color-5)","background-image":"","background-repeat":"repeat","background-position":"center center","background-size":"auto","background-attachment":"scroll","background-type":"","background-media":"","overlay-type":"","overlay-color":"","overlay-opacity":"","overlay-gradient":""},"tablet":{"background-color":"var(--ast-global-color-5)","background-image":"","background-repeat":"repeat","background-position":"center center","background-size":"auto","background-attachment":"scroll","background-type":"","background-media":"","overlay-type":"","overlay-color":"","overlay-opacity":"","overlay-gradient":""},"mobile":{"background-color":"var(--ast-global-color-5)","background-image":"","background-repeat":"repeat","background-position":"center center","background-size":"auto","background-attachment":"scroll","background-type":"","background-media":"","overlay-type":"","overlay-color":"","overlay-opacity":"","overlay-gradient":""}},"footnotes":""},"class_list":["post-416","page","type-page","status-publish","hentry"],"post_mailing_queue_ids":[],"_links":{"self":[{"href":"https:\/\/serveiseducatius.xtec.cat\/solsones\/wp-json\/wp\/v2\/pages\/416","targetHints":{"allow":["GET"]}}],"collection":[{"href":"https:\/\/serveiseducatius.xtec.cat\/solsones\/wp-json\/wp\/v2\/pages"}],"about":[{"href":"https:\/\/serveiseducatius.xtec.cat\/solsones\/wp-json\/wp\/v2\/types\/page"}],"author":[{"embeddable":true,"href":"https:\/\/serveiseducatius.xtec.cat\/solsones\/wp-json\/wp\/v2\/users\/1"}],"replies":[{"embeddable":true,"href":"https:\/\/serveiseducatius.xtec.cat\/solsones\/wp-json\/wp\/v2\/comments?post=416"}],"version-history":[{"count":6,"href":"https:\/\/serveiseducatius.xtec.cat\/solsones\/wp-json\/wp\/v2\/pages\/416\/revisions"}],"predecessor-version":[{"id":15858,"href":"https:\/\/serveiseducatius.xtec.cat\/solsones\/wp-json\/wp\/v2\/pages\/416\/revisions\/15858"}],"wp:attachment":[{"href":"https:\/\/serveiseducatius.xtec.cat\/solsones\/wp-json\/wp\/v2\/media?parent=416"}],"curies":[{"name":"wp","href":"https:\/\/api.w.org\/{rel}","templated":true}]}}