{"id":10171,"date":"2018-11-09T16:01:59","date_gmt":"2018-11-09T15:01:59","guid":{"rendered":"http:\/\/serveiseducatius.xtec.cat\/solsones\/?page_id=10171"},"modified":"2018-11-09T17:08:13","modified_gmt":"2018-11-09T16:08:13","slug":"pro-bot","status":"publish","type":"page","link":"https:\/\/serveiseducatius.xtec.cat\/solsones\/programacio-i-robotica\/pro-bot\/","title":{"rendered":"Pro-bot"},"content":{"rendered":"<p><img loading=\"lazy\" decoding=\"async\" class=\"alignright\" src=\"https:\/\/cdn.shopify.com\/s\/files\/1\/2250\/9987\/products\/Pro-Bot_Six_Pack_x700.png?v=1516807643\" alt=\"Imatge relacionada\" width=\"412\" height=\"412\" \/>\u00c9s el germ\u00e0 gran del Bee-bot ja que ofereix t\u00e8cniques m\u00e9s avan\u00e7ades de programaci\u00f3.<\/p>\n<ul>\n<li>Robot educatiu adre\u00e7at a nens i nenes de 7\u00a0a 12\u00a0anys.<\/li>\n<li>Si s\u2019utilitzen nom\u00e9s les fletxes de programaci\u00f3 es comporta com una Bee-bot, per\u00f2 amb les tecles num\u00e8riques es pot fer que avanci o retrocedeixi des d\u20191 cm fins a 5 m i que giri des de 1\u00ba fins a 500\u00ba.<\/li>\n<li>Se li pot incorporar un llapis o retolador per dibuixar les odres que se li han programat.<\/li>\n<li>Es pot fer que repeteixi una sola acci\u00f3 o un conjunt d\u2019accions. Tamb\u00e9 es poden guardar programes en mem\u00f2ria per executar-los amb una sola instrucci\u00f3.<\/li>\n<li>Pro-Bot t\u00e9 sensors de llum, so i contacte, emet 7 sons diferents i enc\u00e9n i apaga els fars davanters.<\/li>\n<li>Es pot adquirir un programa per programar-lo des de l\u2019ordinador.<\/li>\n<\/ul>\n<p>Al CRP disposem d&#8217;una maleta amb 6 Pro-bots i un carregador.<\/p>\n<p><a href=\"https:\/\/drive.google.com\/file\/d\/0B_bNgjQ73h4DSG8xMzBfeEhJbTQ\/view\" target=\"_blank\" rel=\"noopener noreferrer\"><strong>Guia d\u2019usuari\u00a0<\/strong><\/a>(traduida\u00a0al catal\u00e0 pel CRP de l\u2019Anoia)<\/p>\n<p><strong>Propostes did\u00e0ctiques<\/strong> de diferents centres i recursos diversos:<\/p>\n<ul>\n<li><a href=\"http:\/\/xavierrosell.blogspot.com.es\/search\/label\/Pro-Bot\" target=\"_blank\" rel=\"noopener noreferrer\"><strong>Rob\u00f2tica educativa<\/strong><\/a>. Blog de Xavier Rosell sobre Tecnologia educativa<\/li>\n<li><strong><a href=\"https:\/\/serveiseducatius.xtec.cat\/badalona\/recursos\/robotica-educativa\/pro-bot-el-cotxe-que-dibuixa\/\" target=\"_blank\" rel=\"noopener noreferrer\">CRP de Badalona<\/a><\/strong><\/li>\n<li><strong><a href=\"https:\/\/sites.google.com\/a\/xtec.cat\/programacio-i-robotica\/maleta-pro-bot\/propostes-didactiques-pro_bot\" target=\"_blank\" rel=\"noopener noreferrer\">CRP de l\u2019Anoia<\/a><\/strong><\/li>\n<li><a href=\"https:\/\/www.youtube.com\/watch?v=i6IW-uVlBkY\" target=\"_blank\" rel=\"noopener\">Dibuixar un triangle equil\u00e0ter amb Pro-bot<\/a><\/li>\n<li><b><a href=\"http:\/\/ro-botica.com\/Producto\/PRO-BOT\/\" target=\"_blank\" rel=\"nofollow noopener\">Web Ro-B\u00f2tica<\/a><\/b><\/li>\n<li><a href=\"http:\/\/xavierrosell.blogspot.com\/search\/label\/Pro-Bot\" target=\"_blank\" rel=\"noopener\">Els Pro-bots a secund\u00e0ria<\/a><\/li>\n<\/ul>\n","protected":false},"excerpt":{"rendered":"<p>\u00c9s el germ\u00e0 gran del Bee-bot ja que ofereix t\u00e8cniques m\u00e9s avan\u00e7ades de programaci\u00f3.<\/p>\n<ul>\n<li>Robot educatiu adre\u00e7at a nens i nenes de 7\u00a0a 12\u00a0anys.<\/li>\n<li>Si s\u2019utilitzen nom\u00e9s les fletxes de programaci\u00f3 es comporta com una Bee-bot, per\u00f2 amb les tecles num\u00e8riques es pot fer que avanci o&hellip;  <a href=\"https:\/\/serveiseducatius.xtec.cat\/solsones\/programacio-i-robotica\/pro-bot\/\" title=\"Read Pro-bot\">Llegeix m\u00e9s\u00bb<\/a><br \/>\n","protected":false},"author":1,"featured_media":0,"parent":8232,"menu_order":0,"comment_status":"closed","ping_status":"closed","template":"","meta":{"_bbp_topic_count":0,"_bbp_reply_count":0,"_bbp_total_topic_count":0,"_bbp_total_reply_count":0,"_bbp_voice_count":0,"_bbp_anonymous_reply_count":0,"_bbp_topic_count_hidden":0,"_bbp_reply_count_hidden":0,"_bbp_forum_subforum_count":0,"footnotes":""},"class_list":["post-10171","page","type-page","status-publish","hentry"],"post_mailing_queue_ids":[],"_links":{"self":[{"href":"https:\/\/serveiseducatius.xtec.cat\/solsones\/wp-json\/wp\/v2\/pages\/10171","targetHints":{"allow":["GET"]}}],"collection":[{"href":"https:\/\/serveiseducatius.xtec.cat\/solsones\/wp-json\/wp\/v2\/pages"}],"about":[{"href":"https:\/\/serveiseducatius.xtec.cat\/solsones\/wp-json\/wp\/v2\/types\/page"}],"author":[{"embeddable":true,"href":"https:\/\/serveiseducatius.xtec.cat\/solsones\/wp-json\/wp\/v2\/users\/1"}],"replies":[{"embeddable":true,"href":"https:\/\/serveiseducatius.xtec.cat\/solsones\/wp-json\/wp\/v2\/comments?post=10171"}],"version-history":[{"count":3,"href":"https:\/\/serveiseducatius.xtec.cat\/solsones\/wp-json\/wp\/v2\/pages\/10171\/revisions"}],"predecessor-version":[{"id":10186,"href":"https:\/\/serveiseducatius.xtec.cat\/solsones\/wp-json\/wp\/v2\/pages\/10171\/revisions\/10186"}],"up":[{"embeddable":true,"href":"https:\/\/serveiseducatius.xtec.cat\/solsones\/wp-json\/wp\/v2\/pages\/8232"}],"wp:attachment":[{"href":"https:\/\/serveiseducatius.xtec.cat\/solsones\/wp-json\/wp\/v2\/media?parent=10171"}],"curies":[{"name":"wp","href":"https:\/\/api.w.org\/{rel}","templated":true}]}}