{"id":14954,"date":"2025-06-11T13:08:09","date_gmt":"2025-06-11T11:08:09","guid":{"rendered":"https:\/\/serveiseducatius.xtec.cat\/selva2\/?page_id=14954"},"modified":"2025-07-14T13:25:24","modified_gmt":"2025-07-14T11:25:24","slug":"cohesio-social","status":"publish","type":"page","link":"https:\/\/serveiseducatius.xtec.cat\/selva2\/el-servei-educatiu\/elic\/cohesio-social\/","title":{"rendered":"COHESI\u00d3 SOCIAL"},"content":{"rendered":"\n<figure class=\"wp-block-image aligncenter size-full is-resized is-style-rounded\"><a href=\"https:\/\/serveiseducatius.xtec.cat\/selva2\/wp-content\/uploads\/usu1165\/2025\/06\/cohesiosocial.png\"><img loading=\"lazy\" decoding=\"async\" width=\"225\" height=\"225\" src=\"https:\/\/serveiseducatius.xtec.cat\/selva2\/wp-content\/uploads\/usu1165\/2025\/06\/cohesiosocial.png\" alt=\"\" class=\"wp-image-15069\" style=\"width:196px;height:auto\" srcset=\"https:\/\/serveiseducatius.xtec.cat\/selva2\/wp-content\/uploads\/usu1165\/2025\/06\/cohesiosocial.png 225w, https:\/\/serveiseducatius.xtec.cat\/selva2\/wp-content\/uploads\/usu1165\/2025\/06\/cohesiosocial-150x150.png 150w\" sizes=\"auto, (max-width: 225px) 100vw, 225px\" \/><\/a><\/figure>\n\n\n\n<p>Des de l\u2019equip LIC donem impuls, assessorament i formaci\u00f3 a la formaci\u00f3 i suport als plans i projectes del Departament d\u2019Educaci\u00f3 relacionats amb la cohesi\u00f3 socials. Col\u00b7laborem i assessorem en l\u2019elaboraci\u00f3 del projecte de conviv\u00e8ncia.<\/p>\n\n\n\n<p>Assessorament, formem i donem suport als professors sobre l\u2019organitzaci\u00f3, orientaci\u00f3 metodol\u00f2gica i emocional del suport ling\u00fc\u00edstic i social als alumnes d\u2019origen estranger, aix\u00ed com a la diversitat de creences als centres educatius.<\/p>\n\n\n\n<p>Procurem sobre els aspectes d\u2019integraci\u00f3 i relaci\u00f3 de l\u2019alumnat nouvingut i\/o amb risc d\u2019exclusi\u00f3 i la cura pel seu \u00e8xit educatiu, promoguem la implicaci\u00f3 de les fam\u00edlies de l\u2019alumnat nouvingut i\/o amb risc d\u2019exclusi\u00f3 en el proc\u00e9s educatius dels seus fills i filles. Assessorem i dinamitzem a la gesti\u00f3 del treball en xarxa entre els agents educatius del municipi o zona.<\/p>\n\n\n\n<p>Assessorem i dinamitzem els plans educatius d\u2019entorn, vetllant pels principis d\u2019\u00fas de la cohesi\u00f3 social, promocionem la connexi\u00f3 entre els diferents espais i temps educatius de l\u2019\u00e0mbit formal i no formal de la zona. Promocionem l\u2019acc\u00e9s de tot l\u2019alumnat a l\u2019educaci\u00f3 no formal, com un element estrat\u00e8gic d\u2019equitat i d\u2019igualtat d\u2019oportunitats.<\/p>\n\n\n\n<p>Col\u00b7laborem en el Projecte de promoci\u00f3 escolar del poble gitano per reduir l\u2019absentisme de l\u2019alumnat gitano, la seva promoci\u00f3, i la visualitzaci\u00f3 de la cultura gitana en els centres i en el curr\u00edculum.<\/p>\n\n\n\n<p><strong>En els seg\u00fcents enlla\u00e7os hi podeu trobar informaci\u00f3 del vostre inter\u00e8s:<\/strong><\/p>\n\n\n\n<p><a href=\"http:\/\/xtec.gencat.cat\/ca\/comunitat\/escolaifamilies\/\">Escola i fam\u00edlia<\/a><\/p>\n\n\n\n<p><a href=\"http:\/\/xtec.gencat.cat\/ca\/centres\/projeducatiu\/convivencia\/\">Projecte de conviv\u00e8ncia<\/a><\/p>\n\n\n\n<p><a href=\"http:\/\/xtec.gencat.cat\/ca\/projectes\/promoescolar\/\">Promoci\u00f3 escolar del poble gitano<\/a><\/p>\n\n\n\n<p><a href=\"https:\/\/projectes.xtec.cat\/convivenciapositiva\/\">Conviv\u00e8ncia positiva<\/a><\/p>\n\n\n\n<p><a href=\"https:\/\/xtec.gencat.cat\/ca\/centres\/projeducatiu\/convivencia\/aquiproubullying\">#aquiproubullying<\/a><\/p>\n\n\n\n<p><a href=\"https:\/\/xtec.gencat.cat\/ca\/centres\/projeducatiu\/convivencia\/una-comunitat-educativa-restaurativa-i-resilient\/\">Enfocament restauratiu<\/a><\/p>\n\n\n\n<p><a href=\"http:\/\/xtec.gencat.cat\/ca\/comunitat\/entorn_pee\/\">Plans educatius d\u2019entorn<\/a><\/p>\n\n\n\n<p><a href=\"https:\/\/serveiseducatius.xtec.cat\/selva2\/el-servei-educatiu\/elic\/entorn\/\">Els nostres PEE (plans educatius d&#8217;entorn)<\/a><\/p>\n\n\n\n<hr class=\"wp-block-separator has-alpha-channel-opacity\"\/>\n\n\n\n<p><\/p>\n","protected":false},"excerpt":{"rendered":"<p>Des de l\u2019equip LIC donem impuls, assessorament i formaci\u00f3 a la formaci\u00f3 i suport als plans i projectes del Departament [&hellip;]<\/p>\n","protected":false},"author":61,"featured_media":15069,"parent":10716,"menu_order":0,"comment_status":"closed","ping_status":"close","template":"","meta":{"_bbp_topic_count":0,"_bbp_reply_count":0,"_bbp_total_topic_count":0,"_bbp_total_reply_count":0,"_bbp_voice_count":0,"_bbp_anonymous_reply_count":0,"_bbp_topic_count_hidden":0,"_bbp_reply_count_hidden":0,"_bbp_forum_subforum_count":0,"site-sidebar-layout":"no-sidebar","site-content-layout":"","ast-site-content-layout":"default","site-content-style":"default","site-sidebar-style":"default","ast-global-header-display":"","ast-banner-title-visibility":"","ast-main-header-display":"","ast-hfb-above-header-display":"","ast-hfb-below-header-display":"","ast-hfb-mobile-header-display":"","site-post-title":"","ast-breadcrumbs-content":"","ast-featured-img":"","footer-sml-layout":"","theme-transparent-header-meta":"","adv-header-id-meta":"","stick-header-meta":"","header-above-stick-meta":"","header-main-stick-meta":"","header-below-stick-meta":"","astra-migrate-meta-layouts":"set","ast-page-background-enabled":"default","ast-page-background-meta":{"desktop":{"background-color":"var(--ast-global-color-4)","background-image":"","background-repeat":"repeat","background-position":"center center","background-size":"auto","background-attachment":"scroll","background-type":"","background-media":"","overlay-type":"","overlay-color":"","overlay-opacity":"","overlay-gradient":""},"tablet":{"background-color":"","background-image":"","background-repeat":"repeat","background-position":"center center","background-size":"auto","background-attachment":"scroll","background-type":"","background-media":"","overlay-type":"","overlay-color":"","overlay-opacity":"","overlay-gradient":""},"mobile":{"background-color":"","background-image":"","background-repeat":"repeat","background-position":"center center","background-size":"auto","background-attachment":"scroll","background-type":"","background-media":"","overlay-type":"","overlay-color":"","overlay-opacity":"","overlay-gradient":""}},"ast-content-background-meta":{"desktop":{"background-color":"var(--ast-global-color-5)","background-image":"","background-repeat":"repeat","background-position":"center center","background-size":"auto","background-attachment":"scroll","background-type":"","background-media":"","overlay-type":"","overlay-color":"","overlay-opacity":"","overlay-gradient":""},"tablet":{"background-color":"var(--ast-global-color-5)","background-image":"","background-repeat":"repeat","background-position":"center center","background-size":"auto","background-attachment":"scroll","background-type":"","background-media":"","overlay-type":"","overlay-color":"","overlay-opacity":"","overlay-gradient":""},"mobile":{"background-color":"var(--ast-global-color-5)","background-image":"","background-repeat":"repeat","background-position":"center center","background-size":"auto","background-attachment":"scroll","background-type":"","background-media":"","overlay-type":"","overlay-color":"","overlay-opacity":"","overlay-gradient":""}},"footnotes":""},"class_list":["post-14954","page","type-page","status-publish","has-post-thumbnail","hentry"],"post_mailing_queue_ids":[],"_links":{"self":[{"href":"https:\/\/serveiseducatius.xtec.cat\/selva2\/wp-json\/wp\/v2\/pages\/14954","targetHints":{"allow":["GET"]}}],"collection":[{"href":"https:\/\/serveiseducatius.xtec.cat\/selva2\/wp-json\/wp\/v2\/pages"}],"about":[{"href":"https:\/\/serveiseducatius.xtec.cat\/selva2\/wp-json\/wp\/v2\/types\/page"}],"author":[{"embeddable":true,"href":"https:\/\/serveiseducatius.xtec.cat\/selva2\/wp-json\/wp\/v2\/users\/61"}],"replies":[{"embeddable":true,"href":"https:\/\/serveiseducatius.xtec.cat\/selva2\/wp-json\/wp\/v2\/comments?post=14954"}],"version-history":[{"count":6,"href":"https:\/\/serveiseducatius.xtec.cat\/selva2\/wp-json\/wp\/v2\/pages\/14954\/revisions"}],"predecessor-version":[{"id":15175,"href":"https:\/\/serveiseducatius.xtec.cat\/selva2\/wp-json\/wp\/v2\/pages\/14954\/revisions\/15175"}],"up":[{"embeddable":true,"href":"https:\/\/serveiseducatius.xtec.cat\/selva2\/wp-json\/wp\/v2\/pages\/10716"}],"wp:featuredmedia":[{"embeddable":true,"href":"https:\/\/serveiseducatius.xtec.cat\/selva2\/wp-json\/wp\/v2\/media\/15069"}],"wp:attachment":[{"href":"https:\/\/serveiseducatius.xtec.cat\/selva2\/wp-json\/wp\/v2\/media?parent=14954"}],"curies":[{"name":"wp","href":"https:\/\/api.w.org\/{rel}","templated":true}]}}