{"id":10974,"date":"2021-05-09T22:02:51","date_gmt":"2021-05-09T20:02:51","guid":{"rendered":"http:\/\/serveiseducatius.xtec.cat\/selva2\/?page_id=10974"},"modified":"2025-10-15T18:25:38","modified_gmt":"2025-10-15T16:25:38","slug":"crp","status":"publish","type":"page","link":"https:\/\/serveiseducatius.xtec.cat\/selva2\/el-servei-educatiu\/crp\/","title":{"rendered":"CRP"},"content":{"rendered":"<p>Els Centres de Recursos Pedag\u00f2gics\u00a0<strong>(CRP)<\/strong><strong>\u00a0<\/strong>s\u00f3n equips de dinamitzaci\u00f3 i assessorament dels professionals i centres educatius per a la millora i transformaci\u00f3 educativa. Els professionals que hi treballen s\u00f3n docents dels cossos de mestres i de professorat d\u2019ensenyament secundari.<\/p>\n<p><strong>PROFESSIONALS<\/strong><\/p>\n<p>Jose R. Baena Caparr\u00f3s (director) \u00a0__ <a href=\"https:\/\/drive.google.com\/file\/d\/1S5osY_D-z1XIzaoPf-nibk_eiEhWMg-U\/view?usp=sharing\">(Perfil i traject\u00f2ria professional del\/de la responsable de l\u2019\u00f2rgan)<\/a><br \/>\nM. Roser Passols Villaret<br \/>\nAscensi\u00f3 Campayo segura<\/p>\n<p><strong>HORARI i\u00a0CONTACTE<\/strong><\/p>\n<p>De dilluns a dijous de 8.15 h a 14 h i de 15 h a 17.15 h.<\/p>\n<p>Divendres de 8.15 h a 14 h. (tarda cita pr\u00e8via)<\/p>\n<p>Tel\u00e8fon 972 352 880\u00a0\u00a0b7990105@xtec.cat<\/p>\n<p><strong>FUNCIONS\u00a0<\/strong><\/p>\n<p>Les<strong>\u00a0funcions<\/strong>\u00a0dels CRP queden establertes pel Decret 155\/1994, de 28 de juny i s\u00f3n:<\/p>\n<ul>\n<li><strong>Suport a les activitats docents i a l\u2019intercanvi d\u2019experi\u00e8ncies educatives<\/strong>,\u00a0per tal de fomentar la reflexi\u00f3 del professorat sobre la pr\u00e0ctica docent.<\/li>\n<li><strong>Coordinaci\u00f3 i organitzaci\u00f3 de l\u2019execuci\u00f3 i del seguiment de les activitats de\u00a0formaci\u00f3 permanent\u00a0<\/strong>i col\u00b7laboraci\u00f3 en la detecci\u00f3 de les necessitats de formaci\u00f3 i en l\u2019elaboraci\u00f3 de propostes per satisfer-les.<\/li>\n<li><strong>Suport a les a les pol\u00edtiques educative<\/strong>s dissenyades pel Departament d\u2019Educaci\u00f3.<\/li>\n<li><strong>Oferta de recursos, d\u2019infraestructura i de serveis\u00a0als centres docents<\/strong>, als mestres i als professors per tal que disposin de materials espec\u00edfics de les diferents \u00e0rees curriculars, de mitjans propis de la tecnologia educativa i de publicacions especialitzades, amb assessorament o instruccions d\u2019utilitzaci\u00f3.<\/li>\n<li><strong>Catalogaci\u00f3 dels recursos educatius <\/strong>del medi local i comarcal i elaboraci\u00f3 de pautes i informacions complement\u00e0ries per facilitar-ne l\u2019\u00fas del professorat.<\/li>\n<\/ul>\n","protected":false},"excerpt":{"rendered":"<p>Els Centres de Recursos Pedag\u00f2gics\u00a0(CRP)\u00a0s\u00f3n equips de dinamitzaci\u00f3 i assessorament dels professionals i centres educatius per a la millora i [&hellip;]<\/p>\n","protected":false},"author":1,"featured_media":0,"parent":806,"menu_order":3,"comment_status":"closed","ping_status":"closed","template":"","meta":{"_bbp_topic_count":0,"_bbp_reply_count":0,"_bbp_total_topic_count":0,"_bbp_total_reply_count":0,"_bbp_voice_count":0,"_bbp_anonymous_reply_count":0,"_bbp_topic_count_hidden":0,"_bbp_reply_count_hidden":0,"_bbp_forum_subforum_count":0,"site-sidebar-layout":"default","site-content-layout":"","ast-site-content-layout":"default","site-content-style":"default","site-sidebar-style":"default","ast-global-header-display":"","ast-banner-title-visibility":"","ast-main-header-display":"","ast-hfb-above-header-display":"","ast-hfb-below-header-display":"","ast-hfb-mobile-header-display":"","site-post-title":"","ast-breadcrumbs-content":"","ast-featured-img":"","footer-sml-layout":"","theme-transparent-header-meta":"","adv-header-id-meta":"","stick-header-meta":"","header-above-stick-meta":"","header-main-stick-meta":"","header-below-stick-meta":"","astra-migrate-meta-layouts":"set","ast-page-background-enabled":"default","ast-page-background-meta":{"desktop":{"background-color":"var(--ast-global-color-4)","background-image":"","background-repeat":"repeat","background-position":"center center","background-size":"auto","background-attachment":"scroll","background-type":"","background-media":"","overlay-type":"","overlay-color":"","overlay-opacity":"","overlay-gradient":""},"tablet":{"background-color":"","background-image":"","background-repeat":"repeat","background-position":"center center","background-size":"auto","background-attachment":"scroll","background-type":"","background-media":"","overlay-type":"","overlay-color":"","overlay-opacity":"","overlay-gradient":""},"mobile":{"background-color":"","background-image":"","background-repeat":"repeat","background-position":"center center","background-size":"auto","background-attachment":"scroll","background-type":"","background-media":"","overlay-type":"","overlay-color":"","overlay-opacity":"","overlay-gradient":""}},"ast-content-background-meta":{"desktop":{"background-color":"var(--ast-global-color-5)","background-image":"","background-repeat":"repeat","background-position":"center center","background-size":"auto","background-attachment":"scroll","background-type":"","background-media":"","overlay-type":"","overlay-color":"","overlay-opacity":"","overlay-gradient":""},"tablet":{"background-color":"var(--ast-global-color-5)","background-image":"","background-repeat":"repeat","background-position":"center center","background-size":"auto","background-attachment":"scroll","background-type":"","background-media":"","overlay-type":"","overlay-color":"","overlay-opacity":"","overlay-gradient":""},"mobile":{"background-color":"var(--ast-global-color-5)","background-image":"","background-repeat":"repeat","background-position":"center center","background-size":"auto","background-attachment":"scroll","background-type":"","background-media":"","overlay-type":"","overlay-color":"","overlay-opacity":"","overlay-gradient":""}},"footnotes":""},"class_list":["post-10974","page","type-page","status-publish","hentry"],"post_mailing_queue_ids":[],"_links":{"self":[{"href":"https:\/\/serveiseducatius.xtec.cat\/selva2\/wp-json\/wp\/v2\/pages\/10974","targetHints":{"allow":["GET"]}}],"collection":[{"href":"https:\/\/serveiseducatius.xtec.cat\/selva2\/wp-json\/wp\/v2\/pages"}],"about":[{"href":"https:\/\/serveiseducatius.xtec.cat\/selva2\/wp-json\/wp\/v2\/types\/page"}],"author":[{"embeddable":true,"href":"https:\/\/serveiseducatius.xtec.cat\/selva2\/wp-json\/wp\/v2\/users\/1"}],"replies":[{"embeddable":true,"href":"https:\/\/serveiseducatius.xtec.cat\/selva2\/wp-json\/wp\/v2\/comments?post=10974"}],"version-history":[{"count":6,"href":"https:\/\/serveiseducatius.xtec.cat\/selva2\/wp-json\/wp\/v2\/pages\/10974\/revisions"}],"predecessor-version":[{"id":15358,"href":"https:\/\/serveiseducatius.xtec.cat\/selva2\/wp-json\/wp\/v2\/pages\/10974\/revisions\/15358"}],"up":[{"embeddable":true,"href":"https:\/\/serveiseducatius.xtec.cat\/selva2\/wp-json\/wp\/v2\/pages\/806"}],"wp:attachment":[{"href":"https:\/\/serveiseducatius.xtec.cat\/selva2\/wp-json\/wp\/v2\/media?parent=10974"}],"curies":[{"name":"wp","href":"https:\/\/api.w.org\/{rel}","templated":true}]}}