{"id":9640,"date":"2024-10-08T16:14:59","date_gmt":"2024-10-08T14:14:59","guid":{"rendered":"https:\/\/serveiseducatius.xtec.cat\/selva1\/?page_id=9640"},"modified":"2024-10-08T18:17:05","modified_gmt":"2024-10-08T16:17:05","slug":"dia-de-la-ciencia-22-23","status":"publish","type":"page","link":"https:\/\/serveiseducatius.xtec.cat\/selva1\/dia-de-la-ciencia\/dia-de-la-ciencia-22-23\/","title":{"rendered":"Dia de la Ci\u00e8ncia 22-23"},"content":{"rendered":"<header class=\"entry-header\">\n<h1 class=\"entry-title\">DIA DE LA CI\u00c8NCIA<\/h1>\n<\/header>\n<div class=\"entry-content\">\n<div><\/div>\n<div>\n<table>\n<thead>\n<tr>\n<td colspan=\"2\"><a href=\"https:\/\/serveiseducatius.xtec.cat\/selva1\/portada\/26a-setmana-de-la-ciencia\/\"><img loading=\"lazy\" decoding=\"async\" class=\"alignleft wp-image-1437 size-full\" src=\"https:\/\/serveiseducatius.xtec.cat\/selva1\/wp-content\/uploads\/usu773\/2020\/09\/diaciencia.gif\" alt=\"\" width=\"100\" height=\"75\" \/><\/a><\/p>\n<h1 data-wp-editing=\"1\"><a href=\"https:\/\/serveiseducatius.xtec.cat\/selva1\/portada\/27a-edicio-de-la-setmana-de-la-ciencia\/\" target=\"_blank\" rel=\"noopener\">XIX Edici\u00f3 Dia de la Ci\u00e8ncia<\/a><\/h1>\n<h5>\u00a0Amb l\u2019objectiu fonamental de despertar i potenciar l\u2019inter\u00e8s dels m\u00e9s joves vers la ci\u00e8ncia i la tecnologia, el Departament d\u2019Ensenyament conjuntament amb la Fundaci\u00f3 Catalana per a la Recerca i la innovaci\u00f3 (FCRI), promou en el marc de la Setmana de la Ci\u00e8ncia, diferents activitats de disseminaci\u00f3 de la ci\u00e8ncia arreu del nostre territori. Jornades de portes obertes, activitats virtuals, exposicions, tallers cient\u00edfics\u2026, una gran oferta cient\u00edfica en diferents formats a l\u2019abast de tothom! La Setmana de la Ci\u00e8ncia s\u2019adre\u00e7a a tots els p\u00fablics i t\u00e9 com a objectius fonamentals apropar la ci\u00e8ncia i la tecnologia a la ciutadania i fomentar les vocacions cient\u00edfiques entre els m\u00e9s joves.<\/h5>\n<h5><strong>\u00a0Complementa les activitats\u00a0Experimenta la ci\u00e8ncia!\u00a0adre\u00e7ada a alumnes d\u2019ed. prim\u00e0ria.<\/strong><\/h5>\n<h5><strong>Adre\u00e7ada a: alumnes de 4t d\u2019ESO i\/o batxillerat de la zona.\u00a0<\/strong><\/h5>\n<\/td>\n<\/tr>\n<tr>\n<td colspan=\"2\"><a href=\"https:\/\/serveiseducatius.xtec.cat\/selva1\/wp-content\/uploads\/usu773\/2024\/10\/sc22.jpg\" target=\"_blank\" rel=\"noopener\"><img loading=\"lazy\" decoding=\"async\" class=\"alignleft wp-image-9645 \" src=\"https:\/\/serveiseducatius.xtec.cat\/selva1\/wp-content\/uploads\/usu773\/2024\/10\/sc22-212x300.jpg\" alt=\"\" width=\"122\" height=\"173\" srcset=\"https:\/\/serveiseducatius.xtec.cat\/selva1\/wp-content\/uploads\/usu773\/2024\/10\/sc22-212x300.jpg 212w, https:\/\/serveiseducatius.xtec.cat\/selva1\/wp-content\/uploads\/usu773\/2024\/10\/sc22-722x1024.jpg 722w, https:\/\/serveiseducatius.xtec.cat\/selva1\/wp-content\/uploads\/usu773\/2024\/10\/sc22-768x1089.jpg 768w, https:\/\/serveiseducatius.xtec.cat\/selva1\/wp-content\/uploads\/usu773\/2024\/10\/sc22.jpg 1080w\" sizes=\"auto, (max-width: 122px) 100vw, 122px\" \/><\/a><\/p>\n<h2><a href=\"https:\/\/serveiseducatius.xtec.cat\/selva1\/portada\/27a-edicio-de-la-setmana-de-la-ciencia\/\" target=\"_blank\" rel=\"noopener\"><strong>Dia de la Ci\u00e8ncia 2022-23. XIX Edici\u00f3<\/strong><\/a><strong>\u00a0 \u00a0<\/strong><\/h2>\n<h5><\/h5>\n<p dir=\"ltr\">La Fundaci\u00f3 Catalana per a la Recerca i la Innovaci\u00f3 (FCRI), amb el suport del Departament d\u2019Educaci\u00f3, organitza la 27a edici\u00f3 de la Setmana de la Ci\u00e8ncia, que se celebrar\u00e0 del 11 al 20 de novembre, arreu de Catalunya.<\/p>\n<p dir=\"ltr\">L\u2019activitat \u201cLa ci\u00e8ncia en primera persona\u201d que es celebrar\u00e0 el dia 16 de novembre al mat\u00ed s\u2019emmarca en la Setmana de la Ci\u00e8ncia,\u00a0 amb la finalitat del foment de les vocacions cient\u00edfiques i tecnol\u00f2giques entre l\u2019alumnat del nostre pa\u00eds, pretenent apropar els i les cient\u00edfiques als instituts. Enguany es mant\u00e9 la modalitat virtual i poden participar tots els centres de secund\u00e0ria.<\/p>\n<h5>En relaci\u00f3 a la sessi\u00f3 de l\u2019activitat del dia de la ci\u00e8ncia a les escoles (emmarcada dins de la setmana de la ci\u00e8ncia SC22), dem\u00e0 16 de novembre de 9:15 a 14:00, us facilitem la seg\u00fcent informaci\u00f3:<\/h5>\n<h5><\/h5>\n<h5>Enlla\u00e7 You Tube (seguiment en directe):\u00a0<a href=\"https:\/\/youtu.be\/omJX5Pzi_xc\" data-saferedirecturl=\"https:\/\/www.google.com\/url?q=https:\/\/youtu.be\/omJX5Pzi_xc&amp;source=gmail&amp;ust=1668605771857000&amp;usg=AOvVaw3XplqCTgW8gTfv4_i7n2h6\">https:\/\/youtu.be\/omJX5Pzi_xc<\/a><\/h5>\n<h5>Us recordem l\u2019horari de les diferents sessions:<\/h5>\n<h5>9.15h a 10.15h. Ariadna Martinez (Biolog\u00eda Marina)<\/h5>\n<h5>10.30h a 11.30h: Juan Carlos Gonz\u00e1lez i Lucile Bernadet (energia)<\/h5>\n<h5>11.45h a 12.45h: Jos\u00e9 Ram\u00f3n Gal\u00e1n-Mascar\u00f3s (Qu\u00edmica)<\/h5>\n<h5>13h a 14h: Mari\u00e0 Cano (Matem\u00e0tiques)<\/h5>\n<h5>Esperem que l\u2019activitat sigui molt profitosa.<\/h5>\n<p dir=\"ltr\">L\u2019 activitat es fonamenta en tres parts:<\/p>\n<p dir=\"ltr\"><strong>1. Edici\u00f3 d\u2019un v\u00eddeo<\/strong>, d\u2019una durada d\u2019uns<strong>\u00a05-10 minuts<\/strong>\u00a0on es llen\u00e7a tamb\u00e9 una proposta o un repte.<\/p>\n<p dir=\"ltr\">2. Aquest v\u00eddeo el visualitzar\u00e0 l\u2019alumnat en hores lectives juntament amb els seus professors\/es. L\u2019alumnat ens faran arribar<strong>\u00a0imatge del repte aconseguit<\/strong>\u00a0(5 fotografies m\u00e0xim per grup) aix\u00ed com les preguntes que volen formular als\/a les cient\u00edfics\/ques (3 preguntes m\u00e0xim per grup).<\/p>\n<p dir=\"ltr\">3. El dia\u00a0<strong>16 de novembre<\/strong>\u00a0al mat\u00ed,\u00a0<strong>retransmissi\u00f3 en directe<\/strong>\u00a0pel canal youtube de cadascun\u00a0<strong>dels cient\u00edfics\/ques.<\/strong><\/p>\n<p dir=\"ltr\">L\u2019activitat adre\u00e7ada a l\u2019<strong>alumnat de 3r i 4t d\u2019ESO<\/strong>\u00a0va a c\u00e0rrec de cient\u00edfics\/ques que es dediquen a la investigaci\u00f3 i que expliquen la seva tasca, tant des del vessant cient\u00edfic com del vessant hum\u00e0.<\/p>\n<p dir=\"ltr\">Es proposen 4 grans temes per a tractar amb els seg\u00fcents ponents:<\/p>\n<p dir=\"ltr\">Biologia Marina: Ariadna Martinez (ICM \u2013 CSIC)<\/p>\n<p dir=\"ltr\">Qu\u00edmica: Jos\u00e9 Ram\u00f3n Gal\u00e1n-Mascar\u00f3s (ICIQ)<\/p>\n<p dir=\"ltr\">Matem\u00e0tiques: Mari\u00e0 Cano f\u00edsic i professor de matem\u00e0tiques d\u2019ensenyament de secund\u00e0ria<\/p>\n<p dir=\"ltr\">Energia: Lucile Bernadet, Radostin Stefanov, Kosova Kreka i Juan Carlos Gonz\u00e1lez, \u00a0 grup de recerca de Nanoi\u00f2nica i Piles de combustible de l\u2019Institut de Recerca en Energia de Catalunya (IREC)<\/p>\n<p dir=\"ltr\">Aquest \u00e9s l\u2019enlla\u00e7 que han d\u2019omplir els centres educatius interessats a participar en l\u2019activitat, abans del 7 d\u2019octubre.<\/p>\n<p dir=\"ltr\"><a href=\"https:\/\/docs.google.com\/forms\/d\/e\/1FAIpQLSeDssxfBp4IDz0gsa2d_eFhmumXv-jtx7qEiITKgYdQG0bfzg\/viewform?usp=sf_link\" target=\"_blank\" rel=\"noopener\" data-saferedirecturl=\"https:\/\/www.google.com\/url?q=https:\/\/docs.google.com\/forms\/d\/e\/1FAIpQLSeDssxfBp4IDz0gsa2d_eFhmumXv-jtx7qEiITKgYdQG0bfzg\/viewform?usp%3Dsf_link&amp;source=gmail&amp;ust=1664013774720000&amp;usg=AOvVaw3t4kjeBK09ee8gngp9bCSp\">Formulari d\u2019inscripci\u00f3 dels centres\u00a0<\/a><\/p>\n<p dir=\"ltr\">Els centres que ho desitgin podran participar en directe el mateix dia 16 de novembre, podran enviar els reptes i les preguntes als cient\u00edfics per a qu\u00e8 les comentin en directe:<\/p>\n<p dir=\"ltr\">Data l\u00edmit per enviar els reptes i les preguntes:\u00a0<strong>3 de novembre<\/strong><\/p>\n<p dir=\"ltr\"><a href=\"https:\/\/docs.google.com\/forms\/d\/e\/1FAIpQLScYfnM3iR5VPoo-YiIh5Wzp7feY3tU1fqd6ornj6RwZWm-URw\/viewform?usp=sf_link\" target=\"_blank\" rel=\"noopener\" data-saferedirecturl=\"https:\/\/www.google.com\/url?q=https:\/\/docs.google.com\/forms\/d\/e\/1FAIpQLScYfnM3iR5VPoo-YiIh5Wzp7feY3tU1fqd6ornj6RwZWm-URw\/viewform?usp%3Dsf_link&amp;source=gmail&amp;ust=1664013774720000&amp;usg=AOvVaw1ego2H_VpaYnHhcw-9bYGn\">Formulari d\u2019enviament dels reptes i preguntes als cient\u00edfics<\/a><\/p>\n<h3 dir=\"ltr\">M\u00e9s informaci\u00f3 detallada a<a href=\"http:\/\/www.setmanaciencia.cat\/\" target=\"_blank\" rel=\"noopener\" data-saferedirecturl=\"https:\/\/www.google.com\/url?q=http:\/\/www.setmanaciencia.cat\/&amp;source=gmail&amp;ust=1696491588884000&amp;usg=AOvVaw3hP98F059V13k3El0YxYwi\">\u00a0www.setmanaciencia.cat<\/a><\/h3>\n<\/td>\n<\/tr>\n<\/thead>\n<\/table>\n<\/div>\n<\/div>\n<div class=\"addtoany_share_save_container addtoany_content addtoany_content_bottom\">\n<div class=\"a2a_kit a2a_kit_size_25 addtoany_list\" data-a2a-url=\"https:\/\/serveiseducatius.xtec.cat\/selva1\/dia-de-la-ciencia\/dia-de-la-ciencia-23-24-2\/\" data-a2a-title=\"Dia de la ci\u00e8ncia 23-24\"><a class=\"a2a_button_facebook\" title=\"Facebook\" href=\"https:\/\/serveiseducatius.xtec.cat\/#facebook\" target=\"_blank\" rel=\"nofollow noopener\"><span class=\"a2a_label\">Facebook<\/span><\/a><a class=\"a2a_button_twitter\" title=\"Twitter\" href=\"https:\/\/serveiseducatius.xtec.cat\/#twitter\" target=\"_blank\" rel=\"nofollow noopener\"><span class=\"a2a_label\">Twitter<\/span><\/a><a class=\"a2a_button_whatsapp\" title=\"WhatsApp\" href=\"https:\/\/serveiseducatius.xtec.cat\/#whatsapp\" target=\"_blank\" rel=\"nofollow noopener\"><span class=\"a2a_label\">WhatsApp<\/span><\/a><a class=\"a2a_button_google_gmail\" title=\"Gmail\" href=\"https:\/\/serveiseducatius.xtec.cat\/#google_gmail\" target=\"_blank\" rel=\"nofollow noopener\"><span class=\"a2a_label\">Gmail<\/span><\/a><\/div>\n<\/div>\n","protected":false},"excerpt":{"rendered":"<p>DIA DE LA CI\u00c8NCIA XIX Edici\u00f3 Dia de la Ci\u00e8ncia \u00a0Amb l\u2019objectiu fonamental de despertar i potenciar l\u2019inter\u00e8s dels m\u00e9s joves vers la ci\u00e8ncia i la tecnologia, el Departament d\u2019Ensenyament conjuntament amb la Fundaci\u00f3 Catalana per a la Recerca i la innovaci\u00f3 (FCRI), promou en el marc de la Setmana de la Ci\u00e8ncia, diferents activitats [&hellip;]<\/p>\n","protected":false},"author":1,"featured_media":0,"parent":3526,"menu_order":0,"comment_status":"closed","ping_status":"closed","template":"","meta":{"_bbp_topic_count":0,"_bbp_reply_count":0,"_bbp_total_topic_count":0,"_bbp_total_reply_count":0,"_bbp_voice_count":0,"_bbp_anonymous_reply_count":0,"_bbp_topic_count_hidden":0,"_bbp_reply_count_hidden":0,"_bbp_forum_subforum_count":0,"site-sidebar-layout":"default","site-content-layout":"","ast-site-content-layout":"","site-content-style":"default","site-sidebar-style":"default","ast-global-header-display":"","ast-banner-title-visibility":"","ast-main-header-display":"","ast-hfb-above-header-display":"","ast-hfb-below-header-display":"","ast-hfb-mobile-header-display":"","site-post-title":"","ast-breadcrumbs-content":"","ast-featured-img":"","footer-sml-layout":"","theme-transparent-header-meta":"","adv-header-id-meta":"","stick-header-meta":"","header-above-stick-meta":"","header-main-stick-meta":"","header-below-stick-meta":"","astra-migrate-meta-layouts":"default","ast-page-background-enabled":"default","ast-page-background-meta":{"desktop":{"background-color":"var(--ast-global-color-4)","background-image":"","background-repeat":"repeat","background-position":"center center","background-size":"auto","background-attachment":"scroll","background-type":"","background-media":"","overlay-type":"","overlay-color":"","overlay-opacity":"","overlay-gradient":""},"tablet":{"background-color":"","background-image":"","background-repeat":"repeat","background-position":"center center","background-size":"auto","background-attachment":"scroll","background-type":"","background-media":"","overlay-type":"","overlay-color":"","overlay-opacity":"","overlay-gradient":""},"mobile":{"background-color":"","background-image":"","background-repeat":"repeat","background-position":"center center","background-size":"auto","background-attachment":"scroll","background-type":"","background-media":"","overlay-type":"","overlay-color":"","overlay-opacity":"","overlay-gradient":""}},"ast-content-background-meta":{"desktop":{"background-color":"var(--ast-global-color-5)","background-image":"","background-repeat":"repeat","background-position":"center center","background-size":"auto","background-attachment":"scroll","background-type":"","background-media":"","overlay-type":"","overlay-color":"","overlay-opacity":"","overlay-gradient":""},"tablet":{"background-color":"var(--ast-global-color-5)","background-image":"","background-repeat":"repeat","background-position":"center center","background-size":"auto","background-attachment":"scroll","background-type":"","background-media":"","overlay-type":"","overlay-color":"","overlay-opacity":"","overlay-gradient":""},"mobile":{"background-color":"var(--ast-global-color-5)","background-image":"","background-repeat":"repeat","background-position":"center center","background-size":"auto","background-attachment":"scroll","background-type":"","background-media":"","overlay-type":"","overlay-color":"","overlay-opacity":"","overlay-gradient":""}},"footnotes":""},"class_list":["post-9640","page","type-page","status-publish","hentry"],"post_mailing_queue_ids":[],"_links":{"self":[{"href":"https:\/\/serveiseducatius.xtec.cat\/selva1\/wp-json\/wp\/v2\/pages\/9640","targetHints":{"allow":["GET"]}}],"collection":[{"href":"https:\/\/serveiseducatius.xtec.cat\/selva1\/wp-json\/wp\/v2\/pages"}],"about":[{"href":"https:\/\/serveiseducatius.xtec.cat\/selva1\/wp-json\/wp\/v2\/types\/page"}],"author":[{"embeddable":true,"href":"https:\/\/serveiseducatius.xtec.cat\/selva1\/wp-json\/wp\/v2\/users\/1"}],"replies":[{"embeddable":true,"href":"https:\/\/serveiseducatius.xtec.cat\/selva1\/wp-json\/wp\/v2\/comments?post=9640"}],"version-history":[{"count":5,"href":"https:\/\/serveiseducatius.xtec.cat\/selva1\/wp-json\/wp\/v2\/pages\/9640\/revisions"}],"predecessor-version":[{"id":9659,"href":"https:\/\/serveiseducatius.xtec.cat\/selva1\/wp-json\/wp\/v2\/pages\/9640\/revisions\/9659"}],"up":[{"embeddable":true,"href":"https:\/\/serveiseducatius.xtec.cat\/selva1\/wp-json\/wp\/v2\/pages\/3526"}],"wp:attachment":[{"href":"https:\/\/serveiseducatius.xtec.cat\/selva1\/wp-json\/wp\/v2\/media?parent=9640"}],"curies":[{"name":"wp","href":"https:\/\/api.w.org\/{rel}","templated":true}]}}