{"id":9633,"date":"2024-10-08T13:56:17","date_gmt":"2024-10-08T11:56:17","guid":{"rendered":"https:\/\/serveiseducatius.xtec.cat\/selva1\/?page_id=9633"},"modified":"2024-10-08T13:56:17","modified_gmt":"2024-10-08T11:56:17","slug":"dia-de-la-ciencia-23-24-2","status":"publish","type":"page","link":"https:\/\/serveiseducatius.xtec.cat\/selva1\/dia-de-la-ciencia\/dia-de-la-ciencia-23-24-2\/","title":{"rendered":"Dia de la ci\u00e8ncia 23-24"},"content":{"rendered":"<header class=\"entry-header\">\n<h1 class=\"entry-title\">DIA DE LA CI\u00c8NCIA<\/h1>\n<\/header>\n<div class=\"entry-content\">\n<div><\/div>\n<div>\n<table>\n<thead>\n<tr>\n<td colspan=\"2\"><a href=\"https:\/\/serveiseducatius.xtec.cat\/selva1\/portada\/26a-setmana-de-la-ciencia\/\"><img loading=\"lazy\" decoding=\"async\" class=\"alignleft wp-image-1437 size-full\" src=\"https:\/\/serveiseducatius.xtec.cat\/selva1\/wp-content\/uploads\/usu773\/2020\/09\/diaciencia.gif\" alt=\"\" width=\"100\" height=\"75\" \/><\/a>&nbsp;<\/p>\n<h1 data-wp-editing=\"1\"><a href=\"https:\/\/serveiseducatius.xtec.cat\/selva1\/portada\/28a-edicio-de-la-setmana-de-la-ciencia\/\" target=\"_blank\" rel=\"noopener\">XX Edici\u00f3 Dia de la Ci\u00e8ncia<\/a><\/h1>\n<h5>\u00a0Amb l\u2019objectiu fonamental de despertar i potenciar l\u2019inter\u00e8s dels m\u00e9s joves vers la ci\u00e8ncia i la tecnologia, el Departament d\u2019Ensenyament conjuntament amb la Fundaci\u00f3 Catalana per a la Recerca i la innovaci\u00f3 (FCRI), promou en el marc de la Setmana de la Ci\u00e8ncia, diferents activitats de disseminaci\u00f3 de la ci\u00e8ncia arreu del nostre territori. Jornades de portes obertes, activitats virtuals, exposicions, tallers cient\u00edfics\u2026, una gran oferta cient\u00edfica en diferents formats a l\u2019abast de tothom! La Setmana de la Ci\u00e8ncia s\u2019adre\u00e7a a tots els p\u00fablics i t\u00e9 com a objectius fonamentals apropar la ci\u00e8ncia i la tecnologia a la ciutadania i fomentar les vocacions cient\u00edfiques entre els m\u00e9s joves.<\/h5>\n<h5><strong>\u00a0Complementa les activitats\u00a0Experimenta la ci\u00e8ncia!\u00a0adre\u00e7ada a alumnes d\u2019ed. prim\u00e0ria.<\/strong><\/h5>\n<h5><strong>Adre\u00e7ada a: alumnes de 4t d\u2019ESO i\/o batxillerat de la zona.\u00a0<\/strong><\/h5>\n<\/td>\n<\/tr>\n<tr>\n<td colspan=\"2\"><a href=\"http:\/\/www.setmanaciencia.cat\/\" target=\"_blank\" rel=\"noopener\"><img loading=\"lazy\" decoding=\"async\" class=\"alignnone wp-image-7621\" src=\"https:\/\/serveiseducatius.xtec.cat\/selva1\/wp-content\/uploads\/usu773\/2023\/10\/3.png\" sizes=\"auto, (max-width: 102px) 100vw, 102px\" srcset=\"https:\/\/serveiseducatius.xtec.cat\/selva1\/wp-content\/uploads\/usu773\/2023\/10\/3.png 329w, https:\/\/serveiseducatius.xtec.cat\/selva1\/wp-content\/uploads\/usu773\/2023\/10\/3-270x300.png 270w\" alt=\"\" width=\"102\" height=\"113\" \/><\/a>&nbsp;<\/p>\n<h2><a href=\"https:\/\/serveiseducatius.xtec.cat\/selva1\/portada\/28a-edicio-de-la-setmana-de-la-ciencia\/\" target=\"_blank\" rel=\"noopener\"><strong>Dia de la Ci\u00e8ncia 2023-24. XX Edici\u00f3<\/strong><\/a><strong>\u00a0 \u00a0<\/strong><\/h2>\n<h5><\/h5>\n<h3 dir=\"ltr\"><strong>Del 10 al 19 de novembre, arreu de Catalunya, es celebrar\u00e0 la 28\u00aa edici\u00f3 de la Setmana de la Ci\u00e8ncia.<\/strong><\/h3>\n<p>&nbsp;<\/p>\n<p dir=\"ltr\">L\u2019activitat\u00a0<strong>\u201cLa ci\u00e8ncia en primera persona\u201d<\/strong>\u00a0que es celebrar\u00e0 el dia\u00a0<strong>15 de novembre\u00a0al mat\u00ed<\/strong>\u00a0s\u2019emmarca en la Setmana de la Ci\u00e8ncia,\u00a0 amb la finalitat del foment de les vocacions cient\u00edfiques i tecnol\u00f2giques entre l\u2019alumnat del nostre pa\u00eds, pretenent apropar els i les cient\u00edfiques als instituts.<\/p>\n<p dir=\"ltr\">Seguint la bona acollida de l\u2019edici\u00f3 passada, enguany es mant\u00e9 la modalitat virtual i hi poden participar tots els centres de secund\u00e0ria.<\/p>\n<p dir=\"ltr\">\u00a0<strong>L\u2019activitat es fonamenta en tres parts:\u00a0<\/strong><\/p>\n<p dir=\"ltr\">1.\u00a0Edici\u00f3\u00a0d\u2019un\u00a0v\u00eddeo,\u00a0d\u2019una\u00a0durada\u00a0d\u2019uns\u00a05-10 minuts on es llen\u00e7a tamb\u00e9 una proposta o un repte.<\/p>\n<p dir=\"ltr\">2. Aquest v\u00eddeo el visualitzar\u00e0\u00a0l\u2019alumnat\u00a0en hores lectives juntament amb els seus professors\/es. L\u2019alumnat ens faran arribar imatge del repte aconseguit (5 fotografies m\u00e0xim per grup) aix\u00ed com les preguntes que volen formular als\/a les cient\u00edfics\/ques (3 preguntes m\u00e0xim per grup).<\/p>\n<p dir=\"ltr\">3. El dia 16 de novembre al mat\u00ed, retransmissi\u00f3 en directe pel canal youtube de cadascun dels cient\u00edfics\/ques.<\/p>\n<p dir=\"ltr\">L\u2019activitat adre\u00e7ada a l<strong>\u2019alumnat de 3r i 4t d\u2019ESO\u00a0<\/strong>va a c\u00e0rrec de cient\u00edfics\/ques que es dediquen a la investigaci\u00f3 i que expliquen la seva tasca, tant des del vessant cient\u00edfic com del vessant hum\u00e0.<\/p>\n<p dir=\"ltr\">Les 4 sessions es celebren\u00a0en els seg\u00fcents horaris:<\/p>\n<p dir=\"ltr\"><strong>9.30h: Microgravetat. Jos\u00e9 Ignacio Rojas<\/strong>, divisi\u00f3 d\u2019Enginyeria Aeroespacial del Departament de F\u00edsica de la UPC, i investigador de l\u2019Escola d\u2019Enginyeria de Telecomunicaci\u00f3 i Aeroespacial de Castelldefels<br \/>\n<strong>10.30h: Nanotecnologia. Jordi D\u00edaz<\/strong>, professor de Qu\u00edmica al Departament de Materials, i t\u00e8cnic a la Unitat de T\u00e8cniques Nanom\u00e8triques dels Centres Cient\u00edfics i Tecnol\u00f2gics, de la Universitat de Barcelona.<br \/>\n<strong>11.30h. Espai. N\u00faria Jar<\/strong>, Hypatia periodista especialitzada en ci\u00e8ncia i salut i membre de la tripulaci\u00f3 Hypatia<br \/>\n<strong>12.30h. Meteorologia: Eloi Cordom\u00ed<\/strong>, f\u00edsic i meteor\u00f2leg a Televisi\u00f3 de Catalunya<\/p>\n<p dir=\"ltr\">A continuaci\u00f3 trobareu els enlla\u00e7os als 4 v\u00eddeos, reptes i els horaris de les connexions en directe de les pon\u00e8ncies que es transmetran en directe des del\u00a0<a href=\"https:\/\/www.youtube.com\/user\/fcrivideo\" target=\"_blank\" rel=\"noopener\" data-saferedirecturl=\"https:\/\/www.google.com\/url?q=https:\/\/www.youtube.com\/user\/fcrivideo&amp;source=gmail&amp;ust=1696491588883000&amp;usg=AOvVaw2NZjFucwniTRX01WLxATk1\">canal de Youtube de la FCRI<\/a>\u00a0el mat\u00ed del dia 15 de novembre.<\/p>\n<p dir=\"ltr\">Aprofitem per facilitar-vos l\u2019enlla\u00e7 que han d\u2019omplir els centres educatius interessats a participar en l\u2019activitat,<strong>\u00a0abans del 16 d\u2019octubre<\/strong>.<\/p>\n<h5 dir=\"ltr\"><strong><a href=\"https:\/\/forms.gle\/62CW8ffzG7NLMP3x9\" target=\"_blank\" rel=\"noopener\" data-saferedirecturl=\"https:\/\/www.google.com\/url?q=https:\/\/forms.gle\/62CW8ffzG7NLMP3x9&amp;source=gmail&amp;ust=1696491588884000&amp;usg=AOvVaw3r198goFcZIqlqaYdivx0j\">Formulari d\u2019inscripci\u00f3 dels centres\u00a0<\/a><\/strong><\/h5>\n<p dir=\"ltr\">Els centres que ho desitgin podran participar en directe el mateix dia 15 de novembre, podran enviar els reptes i les preguntes als cient\u00edfics per a qu\u00e8 les comentin en directe abans del:<\/p>\n<p dir=\"ltr\"><strong>Data l\u00edmit per enviar els reptes i les preguntes: 7 de novembre<\/strong><\/p>\n<h5 dir=\"ltr\"><strong><a href=\"https:\/\/docs.google.com\/forms\/d\/e\/1FAIpQLScYfnM3iR5VPoo-YiIh5Wzp7feY3tU1fqd6ornj6RwZWm-URw\/viewform?usp=sf_link\" target=\"_blank\" rel=\"noopener\" data-saferedirecturl=\"https:\/\/www.google.com\/url?q=https:\/\/docs.google.com\/forms\/d\/e\/1FAIpQLScYfnM3iR5VPoo-YiIh5Wzp7feY3tU1fqd6ornj6RwZWm-URw\/viewform?usp%3Dsf_link&amp;source=gmail&amp;ust=1696491588884000&amp;usg=AOvVaw2DYkQ7Bm6K4AUB8O2KZBZF\">Formulari d\u2019enviament dels reptes i preguntes als cient\u00edfics<\/a><\/strong><\/h5>\n<p><iframe loading=\"lazy\" src=\"https:\/\/drive.google.com\/file\/d\/1yBH0zAqX4qdCDOeFGadzZbtPd_kTjX0-\/preview\" width=\"640\" height=\"480\" data-mce-fragment=\"1\"><\/iframe><\/p>\n<h3 dir=\"ltr\">M\u00e9s informaci\u00f3 detallada a<a href=\"http:\/\/www.setmanaciencia.cat\/\" target=\"_blank\" rel=\"noopener\" data-saferedirecturl=\"https:\/\/www.google.com\/url?q=http:\/\/www.setmanaciencia.cat\/&amp;source=gmail&amp;ust=1696491588884000&amp;usg=AOvVaw3hP98F059V13k3El0YxYwi\">\u00a0www.setmanaciencia.cat<\/a><\/h3>\n<\/td>\n<\/tr>\n<\/thead>\n<\/table>\n<\/div>\n<\/div>\n","protected":false},"excerpt":{"rendered":"<p>DIA DE LA CI\u00c8NCIA &nbsp; XX Edici\u00f3 Dia de la Ci\u00e8ncia \u00a0Amb l\u2019objectiu fonamental de despertar i potenciar l\u2019inter\u00e8s dels m\u00e9s joves vers la ci\u00e8ncia i la tecnologia, el Departament d\u2019Ensenyament conjuntament amb la Fundaci\u00f3 Catalana per a la Recerca i la innovaci\u00f3 (FCRI), promou en el marc de la Setmana de la Ci\u00e8ncia, diferents [&hellip;]<\/p>\n","protected":false},"author":1,"featured_media":0,"parent":3526,"menu_order":0,"comment_status":"closed","ping_status":"closed","template":"","meta":{"_bbp_topic_count":0,"_bbp_reply_count":0,"_bbp_total_topic_count":0,"_bbp_total_reply_count":0,"_bbp_voice_count":0,"_bbp_anonymous_reply_count":0,"_bbp_topic_count_hidden":0,"_bbp_reply_count_hidden":0,"_bbp_forum_subforum_count":0,"site-sidebar-layout":"default","site-content-layout":"","ast-site-content-layout":"","site-content-style":"default","site-sidebar-style":"default","ast-global-header-display":"","ast-banner-title-visibility":"","ast-main-header-display":"","ast-hfb-above-header-display":"","ast-hfb-below-header-display":"","ast-hfb-mobile-header-display":"","site-post-title":"","ast-breadcrumbs-content":"","ast-featured-img":"","footer-sml-layout":"","theme-transparent-header-meta":"","adv-header-id-meta":"","stick-header-meta":"","header-above-stick-meta":"","header-main-stick-meta":"","header-below-stick-meta":"","astra-migrate-meta-layouts":"default","ast-page-background-enabled":"default","ast-page-background-meta":{"desktop":{"background-color":"var(--ast-global-color-4)","background-image":"","background-repeat":"repeat","background-position":"center center","background-size":"auto","background-attachment":"scroll","background-type":"","background-media":"","overlay-type":"","overlay-color":"","overlay-opacity":"","overlay-gradient":""},"tablet":{"background-color":"","background-image":"","background-repeat":"repeat","background-position":"center center","background-size":"auto","background-attachment":"scroll","background-type":"","background-media":"","overlay-type":"","overlay-color":"","overlay-opacity":"","overlay-gradient":""},"mobile":{"background-color":"","background-image":"","background-repeat":"repeat","background-position":"center center","background-size":"auto","background-attachment":"scroll","background-type":"","background-media":"","overlay-type":"","overlay-color":"","overlay-opacity":"","overlay-gradient":""}},"ast-content-background-meta":{"desktop":{"background-color":"var(--ast-global-color-5)","background-image":"","background-repeat":"repeat","background-position":"center center","background-size":"auto","background-attachment":"scroll","background-type":"","background-media":"","overlay-type":"","overlay-color":"","overlay-opacity":"","overlay-gradient":""},"tablet":{"background-color":"var(--ast-global-color-5)","background-image":"","background-repeat":"repeat","background-position":"center center","background-size":"auto","background-attachment":"scroll","background-type":"","background-media":"","overlay-type":"","overlay-color":"","overlay-opacity":"","overlay-gradient":""},"mobile":{"background-color":"var(--ast-global-color-5)","background-image":"","background-repeat":"repeat","background-position":"center center","background-size":"auto","background-attachment":"scroll","background-type":"","background-media":"","overlay-type":"","overlay-color":"","overlay-opacity":"","overlay-gradient":""}},"footnotes":""},"class_list":["post-9633","page","type-page","status-publish","hentry"],"post_mailing_queue_ids":[],"_links":{"self":[{"href":"https:\/\/serveiseducatius.xtec.cat\/selva1\/wp-json\/wp\/v2\/pages\/9633","targetHints":{"allow":["GET"]}}],"collection":[{"href":"https:\/\/serveiseducatius.xtec.cat\/selva1\/wp-json\/wp\/v2\/pages"}],"about":[{"href":"https:\/\/serveiseducatius.xtec.cat\/selva1\/wp-json\/wp\/v2\/types\/page"}],"author":[{"embeddable":true,"href":"https:\/\/serveiseducatius.xtec.cat\/selva1\/wp-json\/wp\/v2\/users\/1"}],"replies":[{"embeddable":true,"href":"https:\/\/serveiseducatius.xtec.cat\/selva1\/wp-json\/wp\/v2\/comments?post=9633"}],"version-history":[{"count":1,"href":"https:\/\/serveiseducatius.xtec.cat\/selva1\/wp-json\/wp\/v2\/pages\/9633\/revisions"}],"predecessor-version":[{"id":9634,"href":"https:\/\/serveiseducatius.xtec.cat\/selva1\/wp-json\/wp\/v2\/pages\/9633\/revisions\/9634"}],"up":[{"embeddable":true,"href":"https:\/\/serveiseducatius.xtec.cat\/selva1\/wp-json\/wp\/v2\/pages\/3526"}],"wp:attachment":[{"href":"https:\/\/serveiseducatius.xtec.cat\/selva1\/wp-json\/wp\/v2\/media?parent=9633"}],"curies":[{"name":"wp","href":"https:\/\/api.w.org\/{rel}","templated":true}]}}