{"id":9409,"date":"2024-09-11T07:41:04","date_gmt":"2024-09-11T05:41:04","guid":{"rendered":"https:\/\/serveiseducatius.xtec.cat\/selva1\/?page_id=9409"},"modified":"2024-09-11T07:41:04","modified_gmt":"2024-09-11T05:41:04","slug":"seminari-coordinadors-pedagogics-23-24","status":"publish","type":"page","link":"https:\/\/serveiseducatius.xtec.cat\/selva1\/seminari-coordinadors-pedagogics\/seminari-coordinadors-pedagogics-23-24\/","title":{"rendered":"SEMINARI COORDINADORS PEDAG\u00d2GICS 23-24"},"content":{"rendered":"<header class=\"entry-header\">\n<h1 class=\"entry-title\">SEMINARI COORDINADORS PEDAG\u00d2GICS<\/h1>\n<\/header>\n<div class=\"entry-content\">\n<div><\/div>\n<div>\n<table>\n<thead>\n<tr>\n<td colspan=\"2\">\n<h1 data-wp-editing=\"1\"><a href=\"https:\/\/sites.google.com\/view\/coordinadorspedagricssecundria\/p%C3%A0gina-principal\" target=\"_blank\" rel=\"noopener\"><img loading=\"lazy\" decoding=\"async\" class=\"size-full wp-image-3816 alignleft\" src=\"https:\/\/serveiseducatius.xtec.cat\/selva1\/wp-content\/uploads\/usu773\/2021\/10\/punt-trobda-1.png\" alt=\"\" width=\"133\" height=\"110\" \/><\/a><a href=\"https:\/\/sites.google.com\/view\/coordinadorspedagricssecundria\/p%C3%A0gina-principal-curs-23-24\" target=\"_blank\" rel=\"noopener\">VIII EDICI\u00d3 SEMINARI COORDINADORS PEDAG\u00d2GICS<\/a><\/h1>\n<h5>Seminari de coordinaci\u00f3. Adre\u00e7at a coordinadors\/es pedag\u00f2gics\/es dels centres d\u2019Educaci\u00f3 Secund\u00e0ria de la nostra zona. S\u2019hi tracten temes d\u2019inter\u00e8s general i\/o de projectes destinats als centres.<\/h5>\n<h5><\/h5>\n<\/td>\n<\/tr>\n<tr>\n<td colspan=\"2\">\n<h1>\u00a0<a href=\"https:\/\/serveiseducatius.xtec.cat\/selva1\/wp-content\/uploads\/usu773\/2021\/09\/aula-virtual.png\"><img loading=\"lazy\" decoding=\"async\" class=\"wp-image-3420 alignleft\" src=\"https:\/\/serveiseducatius.xtec.cat\/selva1\/wp-content\/uploads\/usu773\/2021\/09\/aula-virtual-300x246.png\" sizes=\"auto, (max-width: 112px) 100vw, 112px\" srcset=\"https:\/\/serveiseducatius.xtec.cat\/selva1\/wp-content\/uploads\/usu773\/2021\/09\/aula-virtual-300x250.png 300w, https:\/\/serveiseducatius.xtec.cat\/selva1\/wp-content\/uploads\/usu773\/2021\/09\/aula-virtual-1024x838.png 1024w, https:\/\/serveiseducatius.xtec.cat\/selva1\/wp-content\/uploads\/usu773\/2021\/09\/aula-virtual-768x629.png 768w, https:\/\/serveiseducatius.xtec.cat\/selva1\/wp-content\/uploads\/usu773\/2021\/09\/aula-virtual.png 1245w\" alt=\"\" width=\"112\" height=\"92\" \/><\/a><a href=\"https:\/\/sites.google.com\/view\/coordinadorspedagricssecundria\/p%C3%A0gina-principal-curs-23-24\" target=\"_blank\" rel=\"noopener\">\u00a0\u00a0 \u00a0\u00a0\u00a0 Seminari Coordinadors Pedag\u00f2gics<\/a><\/h1>\n<h1>\u00a0VIII Edici\u00f3<\/h1>\n<p>&nbsp;<\/p>\n<h2><strong>\u00a0 \u00a0 \u00a0 \u00a0\u00a0\u00a0 \u00a0 \u00a0 \u00a0 \u00a0 \u00a0 \u00a0 \u00a0 \u00a0 \u00a0 \u00a0 \u00a0CALENDARI COORDINACIONS\u00a0 \u00a0\u00a0\u00a0 \u00a0 \u00a0 \u00a0 \u00a0<\/strong><\/h2>\n<\/td>\n<\/tr>\n<\/thead>\n<tbody>\n<tr>\n<td colspan=\"2\">\n<h4>Horari de 9.10 a 11.45h<\/h4>\n<\/td>\n<\/tr>\n<tr>\n<td>\n<h4>1\u00aa coordinaci\u00f3:<\/h4>\n<\/td>\n<td>\n<h4>0.10.2023 Nou curr\u00edculum<\/h4>\n<\/td>\n<\/tr>\n<tr>\n<td>\n<h4>2\u00aa\u00a0coordinaci\u00f3:<\/h4>\n<\/td>\n<td>\n<h4>09.11.2023<\/h4>\n<\/td>\n<\/tr>\n<tr>\n<td>\n<h4>3\u00aa\u00a0coordinaci\u00f3:<\/h4>\n<\/td>\n<td>\n<h4>25.01.2024<\/h4>\n<\/td>\n<\/tr>\n<tr>\n<td>\n<h4>4\u00aa\u00a0coordinaci\u00f3:<\/h4>\n<\/td>\n<td>\n<h4>16.05.2024<\/h4>\n<\/td>\n<\/tr>\n<tr>\n<td>\n<h4>Pr\u00e8via reuni\u00f3 equips directius i inicial, i 5\u00aa coordinaci\u00f3:<\/h4>\n<\/td>\n<td>\n<h4>14 de setembre reuni\u00f3 inicial, i 1\u00aa setmana de juliol a determinar. Reuni\u00f3 final amb equips directius<\/h4>\n<\/td>\n<\/tr>\n<\/tbody>\n<\/table>\n<\/div>\n<\/div>\n","protected":false},"excerpt":{"rendered":"<p>SEMINARI COORDINADORS PEDAG\u00d2GICS VIII EDICI\u00d3 SEMINARI COORDINADORS PEDAG\u00d2GICS Seminari de coordinaci\u00f3. Adre\u00e7at a coordinadors\/es pedag\u00f2gics\/es dels centres d\u2019Educaci\u00f3 Secund\u00e0ria de la nostra zona. S\u2019hi tracten temes d\u2019inter\u00e8s general i\/o de projectes destinats als centres. \u00a0\u00a0\u00a0 \u00a0\u00a0\u00a0 Seminari Coordinadors Pedag\u00f2gics \u00a0VIII Edici\u00f3 &nbsp; \u00a0 \u00a0 \u00a0 \u00a0\u00a0\u00a0 \u00a0 \u00a0 \u00a0 \u00a0 \u00a0 \u00a0 \u00a0 \u00a0 \u00a0 [&hellip;]<\/p>\n","protected":false},"author":1,"featured_media":0,"parent":3815,"menu_order":0,"comment_status":"closed","ping_status":"closed","template":"","meta":{"_bbp_topic_count":0,"_bbp_reply_count":0,"_bbp_total_topic_count":0,"_bbp_total_reply_count":0,"_bbp_voice_count":0,"_bbp_anonymous_reply_count":0,"_bbp_topic_count_hidden":0,"_bbp_reply_count_hidden":0,"_bbp_forum_subforum_count":0,"site-sidebar-layout":"default","site-content-layout":"","ast-site-content-layout":"","site-content-style":"default","site-sidebar-style":"default","ast-global-header-display":"","ast-banner-title-visibility":"","ast-main-header-display":"","ast-hfb-above-header-display":"","ast-hfb-below-header-display":"","ast-hfb-mobile-header-display":"","site-post-title":"","ast-breadcrumbs-content":"","ast-featured-img":"","footer-sml-layout":"","theme-transparent-header-meta":"","adv-header-id-meta":"","stick-header-meta":"","header-above-stick-meta":"","header-main-stick-meta":"","header-below-stick-meta":"","astra-migrate-meta-layouts":"default","ast-page-background-enabled":"default","ast-page-background-meta":{"desktop":{"background-color":"var(--ast-global-color-4)","background-image":"","background-repeat":"repeat","background-position":"center center","background-size":"auto","background-attachment":"scroll","background-type":"","background-media":"","overlay-type":"","overlay-color":"","overlay-opacity":"","overlay-gradient":""},"tablet":{"background-color":"","background-image":"","background-repeat":"repeat","background-position":"center center","background-size":"auto","background-attachment":"scroll","background-type":"","background-media":"","overlay-type":"","overlay-color":"","overlay-opacity":"","overlay-gradient":""},"mobile":{"background-color":"","background-image":"","background-repeat":"repeat","background-position":"center center","background-size":"auto","background-attachment":"scroll","background-type":"","background-media":"","overlay-type":"","overlay-color":"","overlay-opacity":"","overlay-gradient":""}},"ast-content-background-meta":{"desktop":{"background-color":"var(--ast-global-color-5)","background-image":"","background-repeat":"repeat","background-position":"center center","background-size":"auto","background-attachment":"scroll","background-type":"","background-media":"","overlay-type":"","overlay-color":"","overlay-opacity":"","overlay-gradient":""},"tablet":{"background-color":"var(--ast-global-color-5)","background-image":"","background-repeat":"repeat","background-position":"center center","background-size":"auto","background-attachment":"scroll","background-type":"","background-media":"","overlay-type":"","overlay-color":"","overlay-opacity":"","overlay-gradient":""},"mobile":{"background-color":"var(--ast-global-color-5)","background-image":"","background-repeat":"repeat","background-position":"center center","background-size":"auto","background-attachment":"scroll","background-type":"","background-media":"","overlay-type":"","overlay-color":"","overlay-opacity":"","overlay-gradient":""}},"footnotes":""},"class_list":["post-9409","page","type-page","status-publish","hentry"],"post_mailing_queue_ids":[],"_links":{"self":[{"href":"https:\/\/serveiseducatius.xtec.cat\/selva1\/wp-json\/wp\/v2\/pages\/9409","targetHints":{"allow":["GET"]}}],"collection":[{"href":"https:\/\/serveiseducatius.xtec.cat\/selva1\/wp-json\/wp\/v2\/pages"}],"about":[{"href":"https:\/\/serveiseducatius.xtec.cat\/selva1\/wp-json\/wp\/v2\/types\/page"}],"author":[{"embeddable":true,"href":"https:\/\/serveiseducatius.xtec.cat\/selva1\/wp-json\/wp\/v2\/users\/1"}],"replies":[{"embeddable":true,"href":"https:\/\/serveiseducatius.xtec.cat\/selva1\/wp-json\/wp\/v2\/comments?post=9409"}],"version-history":[{"count":1,"href":"https:\/\/serveiseducatius.xtec.cat\/selva1\/wp-json\/wp\/v2\/pages\/9409\/revisions"}],"predecessor-version":[{"id":9410,"href":"https:\/\/serveiseducatius.xtec.cat\/selva1\/wp-json\/wp\/v2\/pages\/9409\/revisions\/9410"}],"up":[{"embeddable":true,"href":"https:\/\/serveiseducatius.xtec.cat\/selva1\/wp-json\/wp\/v2\/pages\/3815"}],"wp:attachment":[{"href":"https:\/\/serveiseducatius.xtec.cat\/selva1\/wp-json\/wp\/v2\/media?parent=9409"}],"curies":[{"name":"wp","href":"https:\/\/api.w.org\/{rel}","templated":true}]}}