{"id":7553,"date":"2023-09-28T15:57:38","date_gmt":"2023-09-28T13:57:38","guid":{"rendered":"https:\/\/serveiseducatius.xtec.cat\/selva1\/?page_id=7553"},"modified":"2023-09-28T15:59:23","modified_gmt":"2023-09-28T13:59:23","slug":"xvi-concurs-doratoria-22-23","status":"publish","type":"page","link":"https:\/\/serveiseducatius.xtec.cat\/selva1\/concurs-doratoria-2\/xvi-concurs-doratoria-22-23\/","title":{"rendered":"XVI Concurs d&#8217;Orat\u00f2ria 22-23"},"content":{"rendered":"<div>\n<table style=\"border-collapse: collapse; width: 96.5403%; height: 120px;\">\n<thead>\n<tr style=\"height: 279px;\">\n<td style=\"width: 97.6476%; height: 49px;\" colspan=\"2\">\n<h1 style=\"text-align: center;\" data-wp-editing=\"1\"><a href=\"https:\/\/serveiseducatius.xtec.cat\/selva1\/wp-content\/uploads\/usu773\/2020\/12\/Captura-9.png\"><img loading=\"lazy\" decoding=\"async\" class=\"size-full wp-image-2053 alignleft\" src=\"https:\/\/serveiseducatius.xtec.cat\/selva1\/wp-content\/uploads\/usu773\/2020\/12\/Captura-9.png\" alt=\"\" width=\"139\" height=\"123\" \/><\/a>XVI Edici\u00f3 del concurs d&#8217;Orat\u00f2ria en llengua anglesa de la comarca de la Selva (CRP Selva I i CRP Selva II)<\/h1>\n<h5 style=\"text-align: center;\">La Fundaci\u00f3 Privada Catalana per a l&#8217;Ensenyament de l&#8217;Idioma Angl\u00e8s i l&#8217;Educaci\u00f3 en Angl\u00e8s, i el Fons Joan Riera Gubau, convoquen el Concurs d&#8217;Orat\u00f2ria en llengua anglesa de la comarca de la Selva.<\/h5>\n<h5 style=\"text-align: center;\">\u00a0 \u00a0 \u00a0 \u00a0 \u00a0 \u00a0 \u00a0 \u00a0 \u00a0 \u00a0 \u00a0 \u00a0 \u00a0 \u00a0 \u00a0 \u00a0 \u00a0 \u00a0 \u00a0 \u00a0 \u00a0 \u00a0 \u00a0 \u00a0 \u00a0Premis interessants pels alumnes finalistes i guanyadors. Una bona excusa per fer un bon treball oral en angl\u00e8s.<\/h5>\n<h5 style=\"text-align: center;\">Adre\u00e7at a: alumnes de CS d&#8217;EP i 1r cicle d&#8217;ESO de centres de la comarca de la Selva.<\/h5>\n<\/td>\n<\/tr>\n<tr style=\"height: 144px;\">\n<td style=\"height: 71px;\" colspan=\"2\">\n<h2 style=\"text-align: center;\"><span style=\"color: #ff9900;\"><strong>Concurs d&#8217;Orat\u00f2ria en llengua anglesa 2022-23. XVI Edici\u00f3<\/strong><\/span><\/h2>\n<\/td>\n<\/tr>\n<\/thead>\n<\/table>\n<\/div>\n<div>\n<h1><b><u>FINAL DEL CONCURS D\u2019ORAT\u00d2RIA 13 DE MAIG DE 2023<\/u><\/b><\/h1>\n<p><b><a href=\"https:\/\/docs.google.com\/document\/d\/1w4hEGJIhkfeiPGA2AePoO22Zr3ZqKs55\/edit\" target=\"_blank\" rel=\"noopener noreferrer\">Vegeu les BASES del Concurs<\/a><\/b><\/p>\n<h3><strong>Tema<\/strong>: &#8220;Una persona que admiro&#8230;\u201d<\/h3>\n<p><a href=\"https:\/\/serveiseducatius.xtec.cat\/selva1\/guanyadors-i-finalistes-del-xvie-concurs-doratoria-de-la-selva\/\" target=\"_blank\" rel=\"noopener\">Guanyadors i finalistes de l&#8217;edici\u00f3 22-23<\/a><\/p>\n<p>\u00ab<strong><a href=\"https:\/\/sites.google.com\/site\/seselva1\/Home\/activitats-amb-alumnes\/concursdoratoriadelaselva-inici\">Acc\u00e9s a les edicions d\u2019altres anys<\/a><\/strong>\u00bb podeu visualitzar els reportatges gr\u00e0fics dels actes centrals d\u2019altres cursos, aix\u00ed com els v\u00eddeos amb les intervencions dels alumnes finalistes.<\/p>\n<h4 class=\"sites-embed-title\">Formulari d\u2019inscripci\u00f3 i de tramesa d\u2019enregistraments i de participaci\u00f3\/autoritzaci\u00f3:<\/h4>\n<p>&nbsp;<\/p>\n<div><b><u>ENTRE EL 20 DE NOVEMBREI EL 18 DE\u00a0 FEBRER\u00a0<\/u><\/b><\/div>\n<div><\/div>\n<ul>\n<li><a href=\"https:\/\/docs.google.com\/forms\/d\/e\/1FAIpQLSd_OteuQcS53YBxqA5-eDywkm68ALxtHpmS3WV1WiDwESajPg\/viewform\" target=\"_blank\" rel=\"noopener\">Feu la tramesa d\u2019un v\u00eddeo<\/a> (A partir del 20 de novembre)<\/li>\n<li><a href=\"https:\/\/docs.google.com\/spreadsheets\/d\/e\/2PACX-1vRGih6MbGw0jQ_naiIlxNbOV-Q52w-pU4_SKh06KuQ8288kcXKLX2S0tXeR6mMFYN5CGFV1tJRto41s\/pubhtml?gid=0&amp;single=true\" target=\"_blank\" rel=\"noopener\">Comproveu les trameses fetes<\/a>\u00a0(Pot ser que trigui uns minuts a actualitzar-se)<\/li>\n<li><a href=\"https:\/\/drive.google.com\/file\/d\/192iR2RDAwcICTwqGcbHR0z_FKt5qK4Qy\/view\" target=\"_blank\" rel=\"noopener\">Ompliu i imprimiu el formulari de participaci\u00f3<\/a> (A partir del 20 de novembre)<\/li>\n<li><a href=\"https:\/\/serveiseducatius.xtec.cat\/selva1\/guanyadors-i-finalistes-del-xvie-concurs-doratoria-de-la-selva\/\" target=\"_blank\" rel=\"noopener\">Finalistes del concurs<\/a><\/li>\n<\/ul>\n<\/div>\n","protected":false},"excerpt":{"rendered":"<p>XVI Edici\u00f3 del concurs d&#8217;Orat\u00f2ria en llengua anglesa de la comarca de la Selva (CRP Selva I i CRP Selva II) La Fundaci\u00f3 Privada Catalana per a l&#8217;Ensenyament de l&#8217;Idioma Angl\u00e8s i l&#8217;Educaci\u00f3 en Angl\u00e8s, i el Fons Joan Riera Gubau, convoquen el Concurs d&#8217;Orat\u00f2ria en llengua anglesa de la comarca de la Selva. \u00a0 [&hellip;]<\/p>\n","protected":false},"author":1,"featured_media":0,"parent":2891,"menu_order":0,"comment_status":"closed","ping_status":"closed","template":"","meta":{"_bbp_topic_count":0,"_bbp_reply_count":0,"_bbp_total_topic_count":0,"_bbp_total_reply_count":0,"_bbp_voice_count":0,"_bbp_anonymous_reply_count":0,"_bbp_topic_count_hidden":0,"_bbp_reply_count_hidden":0,"_bbp_forum_subforum_count":0,"site-sidebar-layout":"default","site-content-layout":"","ast-site-content-layout":"","site-content-style":"default","site-sidebar-style":"default","ast-global-header-display":"","ast-banner-title-visibility":"","ast-main-header-display":"","ast-hfb-above-header-display":"","ast-hfb-below-header-display":"","ast-hfb-mobile-header-display":"","site-post-title":"","ast-breadcrumbs-content":"","ast-featured-img":"","footer-sml-layout":"","theme-transparent-header-meta":"","adv-header-id-meta":"","stick-header-meta":"","header-above-stick-meta":"","header-main-stick-meta":"","header-below-stick-meta":"","astra-migrate-meta-layouts":"default","ast-page-background-enabled":"default","ast-page-background-meta":{"desktop":{"background-color":"var(--ast-global-color-4)","background-image":"","background-repeat":"repeat","background-position":"center center","background-size":"auto","background-attachment":"scroll","background-type":"","background-media":"","overlay-type":"","overlay-color":"","overlay-opacity":"","overlay-gradient":""},"tablet":{"background-color":"","background-image":"","background-repeat":"repeat","background-position":"center center","background-size":"auto","background-attachment":"scroll","background-type":"","background-media":"","overlay-type":"","overlay-color":"","overlay-opacity":"","overlay-gradient":""},"mobile":{"background-color":"","background-image":"","background-repeat":"repeat","background-position":"center center","background-size":"auto","background-attachment":"scroll","background-type":"","background-media":"","overlay-type":"","overlay-color":"","overlay-opacity":"","overlay-gradient":""}},"ast-content-background-meta":{"desktop":{"background-color":"var(--ast-global-color-5)","background-image":"","background-repeat":"repeat","background-position":"center center","background-size":"auto","background-attachment":"scroll","background-type":"","background-media":"","overlay-type":"","overlay-color":"","overlay-opacity":"","overlay-gradient":""},"tablet":{"background-color":"var(--ast-global-color-5)","background-image":"","background-repeat":"repeat","background-position":"center center","background-size":"auto","background-attachment":"scroll","background-type":"","background-media":"","overlay-type":"","overlay-color":"","overlay-opacity":"","overlay-gradient":""},"mobile":{"background-color":"var(--ast-global-color-5)","background-image":"","background-repeat":"repeat","background-position":"center center","background-size":"auto","background-attachment":"scroll","background-type":"","background-media":"","overlay-type":"","overlay-color":"","overlay-opacity":"","overlay-gradient":""}},"footnotes":""},"class_list":["post-7553","page","type-page","status-publish","hentry"],"post_mailing_queue_ids":[],"_links":{"self":[{"href":"https:\/\/serveiseducatius.xtec.cat\/selva1\/wp-json\/wp\/v2\/pages\/7553","targetHints":{"allow":["GET"]}}],"collection":[{"href":"https:\/\/serveiseducatius.xtec.cat\/selva1\/wp-json\/wp\/v2\/pages"}],"about":[{"href":"https:\/\/serveiseducatius.xtec.cat\/selva1\/wp-json\/wp\/v2\/types\/page"}],"author":[{"embeddable":true,"href":"https:\/\/serveiseducatius.xtec.cat\/selva1\/wp-json\/wp\/v2\/users\/1"}],"replies":[{"embeddable":true,"href":"https:\/\/serveiseducatius.xtec.cat\/selva1\/wp-json\/wp\/v2\/comments?post=7553"}],"version-history":[{"count":2,"href":"https:\/\/serveiseducatius.xtec.cat\/selva1\/wp-json\/wp\/v2\/pages\/7553\/revisions"}],"predecessor-version":[{"id":7555,"href":"https:\/\/serveiseducatius.xtec.cat\/selva1\/wp-json\/wp\/v2\/pages\/7553\/revisions\/7555"}],"up":[{"embeddable":true,"href":"https:\/\/serveiseducatius.xtec.cat\/selva1\/wp-json\/wp\/v2\/pages\/2891"}],"wp:attachment":[{"href":"https:\/\/serveiseducatius.xtec.cat\/selva1\/wp-json\/wp\/v2\/media?parent=7553"}],"curies":[{"name":"wp","href":"https:\/\/api.w.org\/{rel}","templated":true}]}}