{"id":414,"date":"2015-11-25T15:58:37","date_gmt":"2015-11-25T14:58:37","guid":{"rendered":"http:\/\/serveiseducatius.xtec.cat\/se-selva1\/?page_id=414"},"modified":"2025-04-28T09:46:44","modified_gmt":"2025-04-28T07:46:44","slug":"pla-de-formacio-de-zona-pfz","status":"publish","type":"page","link":"https:\/\/serveiseducatius.xtec.cat\/selva1\/formacio\/pla-de-formacio-de-zona-pfz\/","title":{"rendered":"Pla de formaci\u00f3 de zona (PFZ)"},"content":{"rendered":"<p><a href=\"http:\/\/serveiseducatius.xtec.cat\/se-selva1\/wp-content\/uploads\/usu773\/2015\/11\/pfz.jpg\"><img loading=\"lazy\" decoding=\"async\" class=\" aire wp-image-422 alignright\" src=\"http:\/\/serveiseducatius.xtec.cat\/se-selva1\/wp-content\/uploads\/usu773\/2015\/11\/pfz.jpg\" alt=\"pfz\" width=\"142\" height=\"108\" srcset=\"https:\/\/serveiseducatius.xtec.cat\/selva1\/wp-content\/uploads\/usu773\/2015\/11\/pfz.jpg 258w, https:\/\/serveiseducatius.xtec.cat\/selva1\/wp-content\/uploads\/usu773\/2015\/11\/pfz-200x150.jpg 200w\" sizes=\"auto, (max-width: 142px) 100vw, 142px\" \/><\/a>El Departament d&#8217;Educaci\u00f3 ha establert un conjunt de l\u00ednies de formaci\u00f3 permanent per donar resposta a les necessitats de formaci\u00f3 permanent dels centres educatius i dels docents de Catalunya. <strong>El Pla de Formaci\u00f3 de Zona (PFZ) de (lloc)<\/strong>\u00a0\u00e9s la planificaci\u00f3 a nivell comarcal de la formaci\u00f3 permanent del professorat, la qual incorpora les activitats de formaci\u00f3 en centre i altres activitats adre\u00e7ades a tot el professorat de la comarca. El professorat hi participa a trav\u00e9s del proc\u00e9s de detecci\u00f3 de necessitats (demandes formatives) i mitjan\u00e7ant la seva representaci\u00f3 en la comissi\u00f3 del PFZ de\u00a0(lloc).<\/p>\n<h5><strong>Pla de Formaci\u00f3 de Zona de la Selva I. Curs 2025\/2026<\/strong><\/h5>\n<ul>\n<li>Inscripci\u00f3 primer torn:<strong> setembre de 2025\u00a0<\/strong><\/li>\n<li>Inscripci\u00f3 segon torn: <strong>\u00a0gener de 2026<\/strong><\/li>\n<li><a href=\"https:\/\/serveiseducatius.xtec.cat\/selva1\/formacio\/activitats\/\" target=\"_blank\" rel=\"noopener\">Oferta formativa PFZ Selva I 24-25<\/a><\/li>\n<li><a href=\"http:\/\/xtec.gencat.cat\/ca\/formacio\/info-general\/oferta-formativa\/\">Informaci\u00f3 a l&#8217;xtec<\/a><\/li>\n<\/ul>\n<h5><strong>Recordeu<\/strong>:<\/h5>\n<ul>\n<li>Si sou\u00a0<strong>formadors<\/strong>\u00a0aneu a la\u00a0<a href=\"http:\/\/serveiseducatius.xtec.cat\/selva1\/formacio\/zona-formadors\/\">Zona de formadors<\/a>.<\/li>\n<li>Si sou\u00a0<strong>assistents<\/strong>, per a revisar sol\u00b7licituds, consultar assignacions i omplir q\u00fcestionaris aneu a:\u00a0<a href=\"http:\/\/xtec.gencat.cat\/ca\/formacio\/la-meva-formacio\/les-meves-activitats\/\" target=\"_blank\" rel=\"noopener noreferrer\">Les meves activitats<\/a><\/li>\n<\/ul>\n<h4>Calendari<\/h4>\n<div class=\"entry-content\">\n<h5><strong>Calendari 2025\/26<\/strong><\/h5>\n<\/div>\n<div><\/div>\n<div class=\"entry-content\">\n<table class=\"table\" style=\"width: 58.5992%; height: 423px;\" width=\"702\">\n<tbody>\n<tr style=\"height: 33px;\">\n<td style=\"width: 63.9653%; height: 33px;\"><b>Proc\u00e9s<\/b><\/td>\n<td style=\"width: 20.9841%; text-align: center; height: 33px;\"><b>Inici<\/b><\/td>\n<td style=\"width: 39.1838%; text-align: center; height: 33px;\"><b>Fi<\/b><\/td>\n<\/tr>\n<tr style=\"height: 33px;\">\n<td style=\"width: 63.9653%; height: 33px;\">Detecci\u00f3 de necessitats<\/td>\n<td style=\"width: 20.9841%; text-align: center; height: 33px;\">maig<\/td>\n<td style=\"width: 39.1838%; text-align: center; height: 33px;\">31 de maig<\/td>\n<\/tr>\n<tr style=\"height: 48px;\">\n<td style=\"width: 63.9653%; height: 48px;\">Comissi\u00f3 PFZ de la Selva I: Valoraci\u00f3 i aprovaci\u00f3 de les demandes rebudes.<\/td>\n<td style=\"width: 20.9841%; text-align: center; height: 48px;\">6 de juny<\/td>\n<td style=\"width: 39.1838%; text-align: center; height: 48px;\">juny<\/td>\n<\/tr>\n<tr style=\"height: 48px;\">\n<td style=\"width: 63.9653%; height: 48px;\">Aprovaci\u00f3\u00a0de la proposta global pel Comit\u00e8 de Formaci\u00f3 del Departament<\/td>\n<td style=\"width: 20.9841%; text-align: center; height: 48px;\">juliol<\/td>\n<td style=\"width: 39.1838%; text-align: center; height: 48px;\">juliol<\/td>\n<\/tr>\n<tr style=\"height: 33px;\">\n<td style=\"width: 63.9653%; height: 33px;\">Publicaci\u00f3\u00a0de les activitats aprovades<\/td>\n<td style=\"width: 20.9841%; text-align: center; height: 33px;\">juliol<\/td>\n<td style=\"width: 39.1838%; text-align: center; height: 33px;\">agost<\/td>\n<\/tr>\n<tr style=\"height: 33px;\">\n<td style=\"width: 63.9653%; height: 33px;\">Inscripci\u00f3\u00a0del professorat a les activitats (primer torn)<\/td>\n<td style=\"width: 20.9841%; text-align: center; height: 33px;\">\u00a0setembre<\/td>\n<td style=\"width: 39.1838%; text-align: center; height: 33px;\">setembre<\/td>\n<\/tr>\n<tr style=\"height: 33px;\">\n<td style=\"width: 63.9653%; height: 33px;\">Consulta d\u2019adjudicacions<\/td>\n<td style=\"width: 20.9841%; text-align: center; height: 33px;\">primera quinzena\u00a0 d&#8217;octubre<\/td>\n<td style=\"width: 39.1838%; text-align: center; height: 33px;\"><\/td>\n<\/tr>\n<tr style=\"height: 48px;\">\n<td style=\"width: 63.9653%; height: 48px;\">Inici de les activitats del 1r torn<\/td>\n<td style=\"width: 20.9841%; text-align: center; height: 48px;\">segona quinzena d&#8217;octubre<\/td>\n<td style=\"width: 39.1838%; text-align: center; height: 48px;\"><\/td>\n<\/tr>\n<tr style=\"height: 33px;\">\n<td style=\"width: 63.9653%; height: 33px;\">Inscripci\u00f3 del professorat a les activitats (segon torn)<\/td>\n<td style=\"width: 20.9841%; text-align: center; height: 33px;\">gener<\/td>\n<td style=\"width: 39.1838%; text-align: center; height: 33px;\">gener<\/td>\n<\/tr>\n<tr style=\"height: 33px;\">\n<td style=\"width: 63.9653%; height: 33px;\">Consulta d\u2019adjudicacions<\/td>\n<td style=\"width: 20.9841%; text-align: center; height: 33px;\">gener<\/td>\n<td style=\"width: 39.1838%; text-align: center; height: 33px;\"><\/td>\n<\/tr>\n<tr style=\"height: 48px;\">\n<td style=\"width: 63.9653%; height: 48px;\">Inici de les activitats del 2n torn<\/td>\n<td style=\"width: 20.9841%; text-align: center; height: 48px;\">a partir de febrer<\/td>\n<td style=\"width: 39.1838%; text-align: center; height: 48px;\"><\/td>\n<\/tr>\n<\/tbody>\n<\/table>\n<\/div>\n<p><strong>Inscripcions<\/strong><\/p>\n<div class=\"entry-content\">\n<h5><strong>Tancament i certificaci\u00f3<\/strong><\/h5>\n<\/div>\n<div><\/div>\n<div class=\"entry-content\">\n<p>El CRP, amb la documentaci\u00f3 recollida, tramita la certificaci\u00f3 de\u00a0 cada activitat. Els assistents i formadors d\u2019una activitat poden imprimir els seus\u00a0<a href=\"http:\/\/xtec.gencat.cat\/ca\/formacio\/la-meva-formacio\/els-meus-certificats\/\" target=\"_blank\" rel=\"noopener noreferrer\">certificats<\/a> a l\u2019XTEC, normalment, 15 dies despr\u00e9s del tancament de l\u2019activitat.<\/p>\n<\/div>\n","protected":false},"excerpt":{"rendered":"<p>El Departament d&#8217;Educaci\u00f3 ha establert un conjunt de l\u00ednies de formaci\u00f3 permanent per donar resposta a les necessitats de formaci\u00f3 permanent dels centres educatius i dels docents de Catalunya. El Pla de Formaci\u00f3 de Zona (PFZ) de (lloc)\u00a0\u00e9s la planificaci\u00f3 a nivell comarcal de la formaci\u00f3 permanent del professorat, la qual incorpora les activitats de [&hellip;]<\/p>\n","protected":false},"author":1,"featured_media":0,"parent":416,"menu_order":10,"comment_status":"closed","ping_status":"closed","template":"page-templates\/side-menu.php","meta":{"_bbp_topic_count":0,"_bbp_reply_count":0,"_bbp_total_topic_count":0,"_bbp_total_reply_count":0,"_bbp_voice_count":0,"_bbp_anonymous_reply_count":0,"_bbp_topic_count_hidden":0,"_bbp_reply_count_hidden":0,"_bbp_forum_subforum_count":0,"site-sidebar-layout":"default","site-content-layout":"","ast-site-content-layout":"","site-content-style":"default","site-sidebar-style":"default","ast-global-header-display":"","ast-banner-title-visibility":"","ast-main-header-display":"","ast-hfb-above-header-display":"","ast-hfb-below-header-display":"","ast-hfb-mobile-header-display":"","site-post-title":"","ast-breadcrumbs-content":"","ast-featured-img":"","footer-sml-layout":"","theme-transparent-header-meta":"","adv-header-id-meta":"","stick-header-meta":"","header-above-stick-meta":"","header-main-stick-meta":"","header-below-stick-meta":"","astra-migrate-meta-layouts":"default","ast-page-background-enabled":"default","ast-page-background-meta":{"desktop":{"background-color":"var(--ast-global-color-4)","background-image":"","background-repeat":"repeat","background-position":"center center","background-size":"auto","background-attachment":"scroll","background-type":"","background-media":"","overlay-type":"","overlay-color":"","overlay-opacity":"","overlay-gradient":""},"tablet":{"background-color":"","background-image":"","background-repeat":"repeat","background-position":"center center","background-size":"auto","background-attachment":"scroll","background-type":"","background-media":"","overlay-type":"","overlay-color":"","overlay-opacity":"","overlay-gradient":""},"mobile":{"background-color":"","background-image":"","background-repeat":"repeat","background-position":"center center","background-size":"auto","background-attachment":"scroll","background-type":"","background-media":"","overlay-type":"","overlay-color":"","overlay-opacity":"","overlay-gradient":""}},"ast-content-background-meta":{"desktop":{"background-color":"var(--ast-global-color-5)","background-image":"","background-repeat":"repeat","background-position":"center center","background-size":"auto","background-attachment":"scroll","background-type":"","background-media":"","overlay-type":"","overlay-color":"","overlay-opacity":"","overlay-gradient":""},"tablet":{"background-color":"var(--ast-global-color-5)","background-image":"","background-repeat":"repeat","background-position":"center center","background-size":"auto","background-attachment":"scroll","background-type":"","background-media":"","overlay-type":"","overlay-color":"","overlay-opacity":"","overlay-gradient":""},"mobile":{"background-color":"var(--ast-global-color-5)","background-image":"","background-repeat":"repeat","background-position":"center center","background-size":"auto","background-attachment":"scroll","background-type":"","background-media":"","overlay-type":"","overlay-color":"","overlay-opacity":"","overlay-gradient":""}},"footnotes":""},"class_list":["post-414","page","type-page","status-publish","hentry"],"post_mailing_queue_ids":[],"_links":{"self":[{"href":"https:\/\/serveiseducatius.xtec.cat\/selva1\/wp-json\/wp\/v2\/pages\/414","targetHints":{"allow":["GET"]}}],"collection":[{"href":"https:\/\/serveiseducatius.xtec.cat\/selva1\/wp-json\/wp\/v2\/pages"}],"about":[{"href":"https:\/\/serveiseducatius.xtec.cat\/selva1\/wp-json\/wp\/v2\/types\/page"}],"author":[{"embeddable":true,"href":"https:\/\/serveiseducatius.xtec.cat\/selva1\/wp-json\/wp\/v2\/users\/1"}],"replies":[{"embeddable":true,"href":"https:\/\/serveiseducatius.xtec.cat\/selva1\/wp-json\/wp\/v2\/comments?post=414"}],"version-history":[{"count":7,"href":"https:\/\/serveiseducatius.xtec.cat\/selva1\/wp-json\/wp\/v2\/pages\/414\/revisions"}],"predecessor-version":[{"id":10802,"href":"https:\/\/serveiseducatius.xtec.cat\/selva1\/wp-json\/wp\/v2\/pages\/414\/revisions\/10802"}],"up":[{"embeddable":true,"href":"https:\/\/serveiseducatius.xtec.cat\/selva1\/wp-json\/wp\/v2\/pages\/416"}],"wp:attachment":[{"href":"https:\/\/serveiseducatius.xtec.cat\/selva1\/wp-json\/wp\/v2\/media?parent=414"}],"curies":[{"name":"wp","href":"https:\/\/api.w.org\/{rel}","templated":true}]}}